{"id":16900,"date":"2025-07-15T23:34:20","date_gmt":"2025-07-15T21:34:20","guid":{"rendered":"https:\/\/uj.adatbank.ro\/lexikon\/termek\/nyerges-gyorgy\/"},"modified":"2025-07-15T23:34:20","modified_gmt":"2025-07-15T21:34:20","slug":"nyerges-gyorgy","status":"publish","type":"product","link":"https:\/\/uj.adatbank.ro\/lexikon\/termek\/nyerges-gyorgy\/","title":{"rendered":"NYERGES Gy\u00f6rgy"},"content":{"rendered":"<p>? \u2020 ? : nyerges, tan\u00e1csos, f\u0151b\u00edr\u00f3. \u2013 A nyerges c\u00e9h tagja (1657), Mv.-i tan\u00e1csos (1647), esk\u00fcdt (1651, 1653, 1655, 1662, 1665, 1668) Mv. f\u0151b\u00edr\u00e1j\u00e1v\u00e1 v\u00e1lasztotta a tan\u00e1cs, az el\u00e9gedetlenked\u0151 v\u00e1rosi polg\u00e1rok r\u00e1t\u00e1madtak mert Nyir\u0151 Szab\u00f3 Istv\u00e1nt akart\u00e1k helyette er\u0151szakkal r\u00e1k\u00e9nyszer\u00edteni a v\u00e1rosra sikertelen\u00fcl (1674) majd ism\u00e9t megv\u00e1lasztott\u00e1k f\u0151b\u00edr\u00f3nak (1676). <br \/><strong>Irod.:<\/strong> Fodor\u2013Bal\u00e1s; Id\u0151t\u00e1r 1, P\u00e1l-Antal 2006; Szentgy\u00f6rgyi<\/br><\/p>\n","protected":false},"excerpt":{"rendered":"<p>? \u2020 ? : nyerges, tan\u00e1csos, f\u0151b\u00edr\u00f3. \u2013 A nyerges c\u00e9h tagja (1657), Mv.-i tan\u00e1csos (1647), esk\u00fcdt (1651, 1653, 1655, 1662, 1665, 1668) Mv. f\u0151b\u00edr\u00e1j\u00e1v\u00e1 v\u00e1lasztotta a tan\u00e1cs, az el\u00e9gedetlenked\u0151 v\u00e1rosi polg\u00e1rok r\u00e1t\u00e1madtak mert Nyir\u0151 Szab\u00f3 Istv\u00e1nt akart\u00e1k helyette er\u0151szakkal r\u00e1k\u00e9nyszer\u00edteni a v\u00e1rosra sikertelen\u00fcl (1674) majd ism\u00e9t megv\u00e1lasztott\u00e1k f\u0151b\u00edr\u00f3nak (1676). Irod.: Fodor\u2013Bal\u00e1s; Id\u0151t\u00e1r 1, P\u00e1l-Antal [&hellip;]<\/p>\n","protected":false},"featured_media":0,"comment_status":"open","ping_status":"closed","template":"","meta":[],"product_brand":[],"product_cat":[137],"product_tag":[],"class_list":{"0":"post-16900","1":"product","2":"type-product","3":"status-publish","5":"product_cat-maros-megyei-eletrajzi-lexikon","7":"first","8":"instock","9":"shipping-taxable","10":"product-type-simple"},"_links":{"self":[{"href":"https:\/\/uj.adatbank.ro\/lexikon\/wp-json\/wp\/v2\/product\/16900","targetHints":{"allow":["GET"]}}],"collection":[{"href":"https:\/\/uj.adatbank.ro\/lexikon\/wp-json\/wp\/v2\/product"}],"about":[{"href":"https:\/\/uj.adatbank.ro\/lexikon\/wp-json\/wp\/v2\/types\/product"}],"replies":[{"embeddable":true,"href":"https:\/\/uj.adatbank.ro\/lexikon\/wp-json\/wp\/v2\/comments?post=16900"}],"wp:attachment":[{"href":"https:\/\/uj.adatbank.ro\/lexikon\/wp-json\/wp\/v2\/media?parent=16900"}],"wp:term":[{"taxonomy":"product_brand","embeddable":true,"href":"https:\/\/uj.adatbank.ro\/lexikon\/wp-json\/wp\/v2\/product_brand?post=16900"},{"taxonomy":"product_cat","embeddable":true,"href":"https:\/\/uj.adatbank.ro\/lexikon\/wp-json\/wp\/v2\/product_cat?post=16900"},{"taxonomy":"product_tag","embeddable":true,"href":"https:\/\/uj.adatbank.ro\/lexikon\/wp-json\/wp\/v2\/product_tag?post=16900"}],"curies":[{"name":"wp","href":"https:\/\/api.w.org\/{rel}","templated":true}]}}

NYERGES György

<p>? † ? : nyerges, tanácsos, főbíró. – A nyerges céh tagja (1657), Mv.-i tanácsos (1647), esküdt (1651, 1653, 1655, 1662, 1665, 1668) Mv. főbírájává választotta a tanács, az elégedetlenkedő városi polgárok rátámadtak mert Nyirő Szabó Istvánt akarták helyette erőszakkal rákényszeríteni a városra sikertelenül (1674) majd ismét megválasztották főbírónak (1676). <br /><strong>Irod.:</strong> Fodor–Balás; Időtár 1, Pál-Antal 2006; Szentgyörgyi</br></p>

<p>? † ? : nyerges, tanácsos, főbíró. – A nyerges céh tagja (1657), Mv.-i tanácsos (1647), esküdt (1651, 1653, 1655, 1662, 1665, 1668) Mv. főbírájává választotta a tanács, az elégedetlenkedő városi polgárok rátámadtak mert Nyirő Szabó Istvánt akarták helyette erőszakkal rákényszeríteni a városra sikertelenül (1674) majd ismét megválasztották főbírónak (1676). Irod.: Fodor–Balás; Időtár 1, Pál-Antal [&hellip;]</p>
