{"id":16905,"date":"2025-07-15T23:34:32","date_gmt":"2025-07-15T21:34:32","guid":{"rendered":"https:\/\/uj.adatbank.ro\/lexikon\/termek\/nyerges-sebestyen-akosfalvi\/"},"modified":"2025-07-15T23:34:32","modified_gmt":"2025-07-15T21:34:32","slug":"nyerges-sebestyen-akosfalvi","status":"publish","type":"product","link":"https:\/\/uj.adatbank.ro\/lexikon\/termek\/nyerges-sebestyen-akosfalvi\/","title":{"rendered":"NYERGES Sebesty\u00e9n, \u00e1kosfalvi"},"content":{"rendered":"<p>? \u2020 ? : birtokos, v\u00e1rosi polg\u00e1r, v\u00e1rosb\u00edr\u00f3. \u2013 Mv. f\u0151b\u00edr\u00e1ja (1540, 1554, 1557, 1562, 1563); A v\u00e1ros legr\u00e9gebbr\u0151l ismert pecs\u00e9tlenyomata Ny. S. f\u0151b\u00edr\u00f3nak a besztercei tan\u00e1cshoz int\u00e9zett level\u00e9n volt (1540. febr. 3), amely az\u00f3ta elveszett. Mv. v\u00e1ros erd\u0151t v\u00e1s\u00e1rolt t\u0151le (1553); II. J\u00e1nos kir\u00e1ly az \u0151 k\u00e9relm\u00e9re hitelesen \u00e1t\u00edrta \u00e9s Mv. r\u00e9sz\u00e9re kiadta a gyulafeh\u00e9rv\u00e1ri ogy.-nek (1559) a sz\u00e9kelys\u00e9gre vonatkoz\u00f3 rendelkez\u00e9seket (1562). <br \/><strong>Irod.:<\/strong> Fodor\u2013Bal\u00e1s; Id\u0151t\u00e1r 1; P\u00e1l-Antal; P\u00e1l-Antal 2009; Szentgy\u00f6rgyi; SzOkl, 2<\/br><\/p>\n","protected":false},"excerpt":{"rendered":"<p>? \u2020 ? : birtokos, v\u00e1rosi polg\u00e1r, v\u00e1rosb\u00edr\u00f3. \u2013 Mv. f\u0151b\u00edr\u00e1ja (1540, 1554, 1557, 1562, 1563); A v\u00e1ros legr\u00e9gebbr\u0151l ismert pecs\u00e9tlenyomata Ny. S. f\u0151b\u00edr\u00f3nak a besztercei tan\u00e1cshoz int\u00e9zett level\u00e9n volt (1540. febr. 3), amely az\u00f3ta elveszett. Mv. v\u00e1ros erd\u0151t v\u00e1s\u00e1rolt t\u0151le (1553); II. J\u00e1nos kir\u00e1ly az \u0151 k\u00e9relm\u00e9re hitelesen \u00e1t\u00edrta \u00e9s Mv. r\u00e9sz\u00e9re kiadta a [&hellip;]<\/p>\n","protected":false},"featured_media":0,"comment_status":"open","ping_status":"closed","template":"","meta":[],"product_brand":[],"product_cat":[137],"product_tag":[],"class_list":{"0":"post-16905","1":"product","2":"type-product","3":"status-publish","5":"product_cat-maros-megyei-eletrajzi-lexikon","7":"first","8":"instock","9":"shipping-taxable","10":"product-type-simple"},"_links":{"self":[{"href":"https:\/\/uj.adatbank.ro\/lexikon\/wp-json\/wp\/v2\/product\/16905","targetHints":{"allow":["GET"]}}],"collection":[{"href":"https:\/\/uj.adatbank.ro\/lexikon\/wp-json\/wp\/v2\/product"}],"about":[{"href":"https:\/\/uj.adatbank.ro\/lexikon\/wp-json\/wp\/v2\/types\/product"}],"replies":[{"embeddable":true,"href":"https:\/\/uj.adatbank.ro\/lexikon\/wp-json\/wp\/v2\/comments?post=16905"}],"wp:attachment":[{"href":"https:\/\/uj.adatbank.ro\/lexikon\/wp-json\/wp\/v2\/media?parent=16905"}],"wp:term":[{"taxonomy":"product_brand","embeddable":true,"href":"https:\/\/uj.adatbank.ro\/lexikon\/wp-json\/wp\/v2\/product_brand?post=16905"},{"taxonomy":"product_cat","embeddable":true,"href":"https:\/\/uj.adatbank.ro\/lexikon\/wp-json\/wp\/v2\/product_cat?post=16905"},{"taxonomy":"product_tag","embeddable":true,"href":"https:\/\/uj.adatbank.ro\/lexikon\/wp-json\/wp\/v2\/product_tag?post=16905"}],"curies":[{"name":"wp","href":"https:\/\/api.w.org\/{rel}","templated":true}]}}

NYERGES Sebestyén, ákosfalvi

<p>? † ? : birtokos, városi polgár, városbíró. – Mv. főbírája (1540, 1554, 1557, 1562, 1563); A város legrégebbről ismert pecsétlenyomata Ny. S. főbírónak a besztercei tanácshoz intézett levelén volt (1540. febr. 3), amely azóta elveszett. Mv. város erdőt vásárolt tőle (1553); II. János király az ő kérelmére hitelesen átírta és Mv. részére kiadta a gyulafehérvári ogy.-nek (1559) a székelységre vonatkozó rendelkezéseket (1562). <br /><strong>Irod.:</strong> Fodor–Balás; Időtár 1; Pál-Antal; Pál-Antal 2009; Szentgyörgyi; SzOkl, 2</br></p>

<p>? † ? : birtokos, városi polgár, városbíró. – Mv. főbírája (1540, 1554, 1557, 1562, 1563); A város legrégebbről ismert pecsétlenyomata Ny. S. főbírónak a besztercei tanácshoz intézett levelén volt (1540. febr. 3), amely azóta elveszett. Mv. város erdőt vásárolt tőle (1553); II. János király az ő kérelmére hitelesen átírta és Mv. részére kiadta a [&hellip;]</p>
