{"id":16907,"date":"2025-07-15T23:34:36","date_gmt":"2025-07-15T21:34:36","guid":{"rendered":"https:\/\/uj.adatbank.ro\/lexikon\/termek\/nyilka-robert-%c2%a7\/"},"modified":"2025-07-15T23:34:36","modified_gmt":"2025-07-15T21:34:36","slug":"nyilka-robert-%c2%a7","status":"publish","type":"product","link":"https:\/\/uj.adatbank.ro\/lexikon\/termek\/nyilka-robert-%c2%a7\/","title":{"rendered":"NYILKA R\u00f3bert, \u00a7"},"content":{"rendered":"<p>Nagyszeben, 1932. jan. 14., \u2020 Mv., 1972. \u00e1pr. 11. s\u00edrja a mv.-i Ref.temet\u0151ben: fest\u0151m\u0171v\u00e9sz. \u2013 Feles\u00e9ge: F\u00fcl\u00f6p Katalin Ilona orvos (1934\u20131984. \u00e1pr. 23.). \u2013 Mv.-en a r.k. gimn.-ban, majd a Ref. Koll.-ban tanult, a K\u00e9pz\u0151m\u0171v\u00e9szeti K\u00f6z\u00e9piskol\u00e1ban \u00e9retts\u00e9gizett (1951); Kv.-on a Ion Andrescu K\u00e9pz\u0151m\u0171v. F\u0151isk.-n tanult (1951\u201353); politikai okokb\u00f3l kiz\u00e1rt\u00e1k (1953). Rajzol\u00f3 volt a Marosmegyei Eg\u00e9szs\u00e9g\u00fcgyi Igazgat\u00f3s\u00e1gn\u00e1l (1953\u201372). \u2013 <strong>F. ki\u00e1ll.:<\/strong> egy\u00e9ni: Mv. (1968, 1972); Segesv\u00e1r (1972). <strong>Eml\u00e9kki\u00e1ll.:<\/strong> Mv.(1997, 2012); csoportos ki\u00e1ll.: Megyei Ki\u00e1ll\u00edt\u00e1sok (Mv. 1953, 54, 55, 56, 58, 60, 61, 63, 64, 65, 67, 68, 71, 72); Cs\u00edkszereda (1967); Pitesti (1971), Segesv\u00e1r. T\u00f6bb m\u0171v\u00e9t a mv.-i m\u00fazeumban \u00f6rzik. <br \/><strong>Irod.:<\/strong> Arck\u00e9pcsarnok (Igaz Sz\u00f3, 1972, 11. sz.); Csekne; Ecsetvon\u00e1sok az elt\u0171nt id\u0151 nyom\u00e1ban (N\u00fa., M\u00fazsa, 311. sz., 1997. szept. 12.); Katona Szab\u00f3 Istv\u00e1n: Az \u00daj \u00c9let lexikona, 114. (\u00daj \u00c9let, 7. sz, 1975); Ka\u00e1li Nagy Botond: Las\u00edtott visszan\u00e9z\u00e9s (N\u00fa., M\u00fazsa, 1049. sz., 2012. okt. 6.); Moln\u00e1r; Mv.-i ref. temet\u0151; Ny. R. (1932\u20131972) (Tg. M., 1997); Nagy L.; Nagy Mikl\u00f3s Kund: Nyilka \u201elegend\u00e1rium\u201d (N\u00fa., M\u00fazsa, 1049. sz., 2012. okt. 6.); RepM; Szab\u00f3 \u2013 K\u00e1llai; Sz\u0151cs K\u00e1lm\u00e1n: Ny. R. ki\u00e1ll\u00edt\u00e1sa (V.Z., 1972. m\u00e1rc. 19.); Todea 2013<\/br><\/p>\n","protected":false},"excerpt":{"rendered":"<p>Nagyszeben, 1932. jan. 14., \u2020 Mv., 1972. \u00e1pr. 11. s\u00edrja a mv.-i Ref.temet\u0151ben: fest\u0151m\u0171v\u00e9sz. \u2013 Feles\u00e9ge: F\u00fcl\u00f6p Katalin Ilona orvos (1934\u20131984. \u00e1pr. 23.). \u2013 Mv.-en a r.k. gimn.-ban, majd a Ref. Koll.-ban tanult, a K\u00e9pz\u0151m\u0171v\u00e9szeti K\u00f6z\u00e9piskol\u00e1ban \u00e9retts\u00e9gizett (1951); Kv.-on a Ion Andrescu K\u00e9pz\u0151m\u0171v. F\u0151isk.-n tanult (1951\u201353); politikai okokb\u00f3l kiz\u00e1rt\u00e1k (1953). Rajzol\u00f3 volt a Marosmegyei Eg\u00e9szs\u00e9g\u00fcgyi [&hellip;]<\/p>\n","protected":false},"featured_media":0,"comment_status":"open","ping_status":"closed","template":"","meta":[],"product_brand":[],"product_cat":[137],"product_tag":[],"class_list":{"0":"post-16907","1":"product","2":"type-product","3":"status-publish","5":"product_cat-maros-megyei-eletrajzi-lexikon","7":"first","8":"instock","9":"shipping-taxable","10":"product-type-simple"},"_links":{"self":[{"href":"https:\/\/uj.adatbank.ro\/lexikon\/wp-json\/wp\/v2\/product\/16907","targetHints":{"allow":["GET"]}}],"collection":[{"href":"https:\/\/uj.adatbank.ro\/lexikon\/wp-json\/wp\/v2\/product"}],"about":[{"href":"https:\/\/uj.adatbank.ro\/lexikon\/wp-json\/wp\/v2\/types\/product"}],"replies":[{"embeddable":true,"href":"https:\/\/uj.adatbank.ro\/lexikon\/wp-json\/wp\/v2\/comments?post=16907"}],"wp:attachment":[{"href":"https:\/\/uj.adatbank.ro\/lexikon\/wp-json\/wp\/v2\/media?parent=16907"}],"wp:term":[{"taxonomy":"product_brand","embeddable":true,"href":"https:\/\/uj.adatbank.ro\/lexikon\/wp-json\/wp\/v2\/product_brand?post=16907"},{"taxonomy":"product_cat","embeddable":true,"href":"https:\/\/uj.adatbank.ro\/lexikon\/wp-json\/wp\/v2\/product_cat?post=16907"},{"taxonomy":"product_tag","embeddable":true,"href":"https:\/\/uj.adatbank.ro\/lexikon\/wp-json\/wp\/v2\/product_tag?post=16907"}],"curies":[{"name":"wp","href":"https:\/\/api.w.org\/{rel}","templated":true}]}}

NYILKA Róbert, §

<p>Nagyszeben, 1932. jan. 14., † Mv., 1972. ápr. 11. sírja a mv.-i Ref.temetőben: festőművész. – Felesége: Fülöp Katalin Ilona orvos (1934–1984. ápr. 23.). – Mv.-en a r.k. gimn.-ban, majd a Ref. Koll.-ban tanult, a Képzőművészeti Középiskolában érettségizett (1951); Kv.-on a Ion Andrescu Képzőműv. Főisk.-n tanult (1951–53); politikai okokból kizárták (1953). Rajzoló volt a Marosmegyei Egészségügyi Igazgatóságnál (1953–72). – <strong>F. kiáll.:</strong> egyéni: Mv. (1968, 1972); Segesvár (1972). <strong>Emlékkiáll.:</strong> Mv.(1997, 2012); csoportos kiáll.: Megyei Kiállítások (Mv. 1953, 54, 55, 56, 58, 60, 61, 63, 64, 65, 67, 68, 71, 72); Csíkszereda (1967); Pitesti (1971), Segesvár. Több művét a mv.-i múzeumban örzik. <br /><strong>Irod.:</strong> Arcképcsarnok (Igaz Szó, 1972, 11. sz.); Csekne; Ecsetvonások az eltűnt idő nyomában (Nú., Múzsa, 311. sz., 1997. szept. 12.); Katona Szabó István: Az Új Élet lexikona, 114. (Új Élet, 7. sz, 1975); Kaáli Nagy Botond: Lasított visszanézés (Nú., Múzsa, 1049. sz., 2012. okt. 6.); Molnár; Mv.-i ref. temető; Ny. R. (1932–1972) (Tg. M., 1997); Nagy L.; Nagy Miklós Kund: Nyilka „legendárium” (Nú., Múzsa, 1049. sz., 2012. okt. 6.); RepM; Szabó – Kállai; Szőcs Kálmán: Ny. R. kiállítása (V.Z., 1972. márc. 19.); Todea 2013</br></p>

<p>Nagyszeben, 1932. jan. 14., † Mv., 1972. ápr. 11. sírja a mv.-i Ref.temetőben: festőművész. – Felesége: Fülöp Katalin Ilona orvos (1934–1984. ápr. 23.). – Mv.-en a r.k. gimn.-ban, majd a Ref. Koll.-ban tanult, a Képzőművészeti Középiskolában érettségizett (1951); Kv.-on a Ion Andrescu Képzőműv. Főisk.-n tanult (1951–53); politikai okokból kizárták (1953). Rajzoló volt a Marosmegyei Egészségügyi [&hellip;]</p>
