{"id":16915,"date":"2025-07-15T23:34:51","date_gmt":"2025-07-15T21:34:51","guid":{"rendered":"https:\/\/uj.adatbank.ro\/lexikon\/termek\/nyiro-jozsefne-bedo-ilona\/"},"modified":"2025-07-15T23:34:51","modified_gmt":"2025-07-15T21:34:51","slug":"nyiro-jozsefne-bedo-ilona","status":"publish","type":"product","link":"https:\/\/uj.adatbank.ro\/lexikon\/termek\/nyiro-jozsefne-bedo-ilona\/","title":{"rendered":"NY\u00cdR\u0150 J\u00f3zsefn\u00e9, Bed\u0151 Ilona"},"content":{"rendered":"<p>Als\u00f3r\u00e1kos, 1879., \u2020 Mv., 1984 s\u00edrja a mv.-i Ref.temet\u0151ben: tan\u00edt\u00f3n\u0151. \u2013 Ny. J\u00f3zsef (Sz\u00e9kelyzsombor, 1889. j\u00fal. 18.-Madrid, 1953. okt. 16.) \u00edr\u00f3 feles\u00e9ge. Gyermekeik: R\u00e9ka, Csaba, Ildik\u00f3. \u2013 F\u00e9rje hal\u00e1la ut\u00e1n Madridb\u00f3l egy hollandiai szeretetotthonba ker\u00fclt, miut\u00e1n k\u00e9relmezte a rom\u00e1n hat\u00f3s\u00e1gt\u00f3l a hazat\u00e9r\u00e9si enged\u00e9ly\u00e9t, Mv.-en jel\u00f6lt\u00e9k ki a lakhely\u00e9t, ahol nagyon kev\u00e9s nyugd\u00edjb\u00f3l, \u00edr\u00f3sz\u00f6vets\u00e9gi seg\u00e9lyb\u0151l \u00e9lt. Udvarhelyi h\u00e1zukat nem adt\u00e1k vissza. 2 Csekme; F\u00e9ja; Molter 3.; Mv.-i ref. temet\u0151; Szeg\u00e9ny, \u00f6reg, elhagyott donna Hel\u00e9na! =Adamovits S\u00e1ndor: Helikoni nagyasszonyok (Gyergy\u00f3szentmikl\u00f3s, 2006); Ny\u00edr\u0151 J\u00f3zsef.Nem csak sz\u00e9kely = Nagy P\u00e1l: Visszan\u00e9z\u0151; Ny\u00edr\u0151 J\u00f3zsef = F\u00e9ja; Akiket csak eltemettek s majdnem elfeledtek = Kuti M. 2021; Ny\u00edr\u0151 Mikl\u00f3s \u2013 Ny\u00edr\u0151 Szab\u00f3 Mikl\u00f3s<\/br><\/p>\n","protected":false},"excerpt":{"rendered":"<p>Als\u00f3r\u00e1kos, 1879., \u2020 Mv., 1984 s\u00edrja a mv.-i Ref.temet\u0151ben: tan\u00edt\u00f3n\u0151. \u2013 Ny. J\u00f3zsef (Sz\u00e9kelyzsombor, 1889. j\u00fal. 18.-Madrid, 1953. okt. 16.) \u00edr\u00f3 feles\u00e9ge. Gyermekeik: R\u00e9ka, Csaba, Ildik\u00f3. \u2013 F\u00e9rje hal\u00e1la ut\u00e1n Madridb\u00f3l egy hollandiai szeretetotthonba ker\u00fclt, miut\u00e1n k\u00e9relmezte a rom\u00e1n hat\u00f3s\u00e1gt\u00f3l a hazat\u00e9r\u00e9si enged\u00e9ly\u00e9t, Mv.-en jel\u00f6lt\u00e9k ki a lakhely\u00e9t, ahol nagyon kev\u00e9s nyugd\u00edjb\u00f3l, \u00edr\u00f3sz\u00f6vets\u00e9gi seg\u00e9lyb\u0151l \u00e9lt. [&hellip;]<\/p>\n","protected":false},"featured_media":0,"comment_status":"open","ping_status":"closed","template":"","meta":[],"product_brand":[],"product_cat":[137],"product_tag":[],"class_list":{"0":"post-16915","1":"product","2":"type-product","3":"status-publish","5":"product_cat-maros-megyei-eletrajzi-lexikon","7":"first","8":"instock","9":"shipping-taxable","10":"product-type-simple"},"_links":{"self":[{"href":"https:\/\/uj.adatbank.ro\/lexikon\/wp-json\/wp\/v2\/product\/16915","targetHints":{"allow":["GET"]}}],"collection":[{"href":"https:\/\/uj.adatbank.ro\/lexikon\/wp-json\/wp\/v2\/product"}],"about":[{"href":"https:\/\/uj.adatbank.ro\/lexikon\/wp-json\/wp\/v2\/types\/product"}],"replies":[{"embeddable":true,"href":"https:\/\/uj.adatbank.ro\/lexikon\/wp-json\/wp\/v2\/comments?post=16915"}],"wp:attachment":[{"href":"https:\/\/uj.adatbank.ro\/lexikon\/wp-json\/wp\/v2\/media?parent=16915"}],"wp:term":[{"taxonomy":"product_brand","embeddable":true,"href":"https:\/\/uj.adatbank.ro\/lexikon\/wp-json\/wp\/v2\/product_brand?post=16915"},{"taxonomy":"product_cat","embeddable":true,"href":"https:\/\/uj.adatbank.ro\/lexikon\/wp-json\/wp\/v2\/product_cat?post=16915"},{"taxonomy":"product_tag","embeddable":true,"href":"https:\/\/uj.adatbank.ro\/lexikon\/wp-json\/wp\/v2\/product_tag?post=16915"}],"curies":[{"name":"wp","href":"https:\/\/api.w.org\/{rel}","templated":true}]}}

NYÍRŐ Józsefné, Bedő Ilona

<p>Alsórákos, 1879., † Mv., 1984 sírja a mv.-i Ref.temetőben: tanítónő. – Ny. József (Székelyzsombor, 1889. júl. 18.-Madrid, 1953. okt. 16.) író felesége. Gyermekeik: Réka, Csaba, Ildikó. – Férje halála után Madridból egy hollandiai szeretetotthonba került, miután kérelmezte a román hatóságtól a hazatérési engedélyét, Mv.-en jelölték ki a lakhelyét, ahol nagyon kevés nyugdíjból, írószövetségi segélyből élt. Udvarhelyi házukat nem adták vissza. 2 Csekme; Féja; Molter 3.; Mv.-i ref. temető; Szegény, öreg, elhagyott donna Heléna! =Adamovits Sándor: Helikoni nagyasszonyok (Gyergyószentmiklós, 2006); Nyírő József.Nem csak székely = Nagy Pál: Visszanéző; Nyírő József = Féja; Akiket csak eltemettek s majdnem elfeledtek = Kuti M. 2021; Nyírő Miklós – Nyírő Szabó Miklós</br></p>

<p>Alsórákos, 1879., † Mv., 1984 sírja a mv.-i Ref.temetőben: tanítónő. – Ny. József (Székelyzsombor, 1889. júl. 18.-Madrid, 1953. okt. 16.) író felesége. Gyermekeik: Réka, Csaba, Ildikó. – Férje halála után Madridból egy hollandiai szeretetotthonba került, miután kérelmezte a román hatóságtól a hazatérési engedélyét, Mv.-en jelölték ki a lakhelyét, ahol nagyon kevés nyugdíjból, írószövetségi segélyből élt. [&hellip;]</p>
