{"id":16916,"date":"2025-07-15T23:34:56","date_gmt":"2025-07-15T21:34:56","guid":{"rendered":"https:\/\/uj.adatbank.ro\/lexikon\/termek\/nyiro-samuel-szekely-nyiro-samuel\/"},"modified":"2025-07-15T23:34:56","modified_gmt":"2025-07-15T21:34:56","slug":"nyiro-samuel-szekely-nyiro-samuel","status":"publish","type":"product","link":"https:\/\/uj.adatbank.ro\/lexikon\/termek\/nyiro-samuel-szekely-nyiro-samuel\/","title":{"rendered":"NY\u00cdR\u0150 S\u00e1muel, Sz\u00e9kely Ny\u00edr\u0151 S\u00e1muel"},"content":{"rendered":"<p>1700., \u2020 Mv., 1800. szept. 17.: v\u00e1rosi szenator, not\u00e1rius, f\u0151b\u00edr\u00f3. \u2013 Feles\u00e9ge: T\u00f3th Kl\u00e1ra ( \u2013 Mv., 1807. nov. 22.). Le\u00e1nyaik: Roz\u00e1lia (Mv., 1773. okt.-Mv., 1780. febr. 7.), \u00c1gnes (Mv., 1777. \u2013 Mv., 1788. okt. 15). \u2013 A mv.-i ref. temet\u0151ben l\u00e9v\u0151 kopors\u00f3idom\u00fa eml\u00e9k\u00f6v\u00e9r\u0151l tudhat\u00f3 meg: 1769-en innen 30 esztend\u0151k alatt viselt M. V\u00e1s\u00e1rhelyen a\u2019 bels\u0151 \u00e9s k\u00fcls\u0151 tan\u00e1tsbann minden f\u0151bb tiszts\u00e9geket\u201d, a v\u00e1ros f\u0151b\u00edr\u00f3ja volt (1783), tev\u00e9keny aggkort \u00e9rt (100 \u00e9v), tekint\u00e9lyes polg\u00e1ra a v\u00e1rosnak, a ref. koll.-nak p\u00e9nzt\u00e1rnoka volt (1760\u20131791). Ez id\u0151 alatt gy\u00f6keresen \u00e1trendezte a koll. sz\u00e1mad\u00e1sait. <br \/><strong>Irod.:<\/strong> Csekme; Fodor\u2013Bal\u00e1s; Kr\u00f3n. F\u00fcz (1939. 4\/8); P\u00e1lmay; Szentgy\u00f6rgyi; T\u00f3th Kl\u00e1ra Ny\u00edr\u0151 S\u00e1mueln\u00e9: Amaz \u00f6t eszes sz\u00fczekkel t\u00e1rsalkod\u00f3 k\u00e9t sz\u00fczek, mv.-i Ny\u00edr\u0151 Rosalia \u00e9s Ny\u00edr\u0151 \u00c1gnes&#8230; (Kv., 1792); Feles\u00e9ge s\u00edrirata a ref. temet\u0151ben: Sz\u00e9kely Nyir\u00f3 S\u00e1muel 1769-en innen 30 esztend\u0151k alatt viselt M. V\u00e1s\u00e1rhelyen a\u2019 bels\u0151 \u00e9s k\u00fcls\u0151 tan\u00e1tsbann minden f\u0151bb tiszts\u00e9geket hasznoson, b\u00f6ltsenn, igazs\u00e1goson, azok nagyobb diszt vettenek t\u0151le, mint \u0151 azokt\u00f3l. Nem k\u00f6vetett idegen, tsapod\u00e1r, k\u00e9nyes szok\u00e1sokat, ama r\u00e9gi tiszteletes, m\u00e9ltos\u00e1gos viselettel szerezte \u2019s oltalmazta \u00e9rdemet. Test\u00e9nek fen termett \u2019s nagyot mutat\u00f3 alkot\u00e1sa is seg\u00edtette ebbenn. A\u2019 j\u00f3k ott nem gy\u0171l\u00f6lhett\u00e9k, mert a kereszt\u00e9ny vall\u00e1snak \u2019s erk\u00f6ltsnek bar\u00e1tjok volt, ut\u00e1lta a\u2019 dologtalan, tunya \u00e9letet, az id\u0151nek tudta haszn\u00e1t venni. H\u00e1z\u00e1t k\u00fcnn, benn okoson, l\u00e1rma n\u00e9lk\u00fcl igazgata, j\u00f3 ink\u00e1bb szerette lenni, mint l\u00e1ttatni. Munk\u00e1s \u00e9lete v\u00e9gz\u0151d\u00f6tt 1800. september\u2019 17-\u00e9n. \u00c9lt 100 esztend\u0151t, 3 h\u00f3napot, mellyek k\u00f6z\u00fcl 37 esztend\u0151t h\u00e1zass\u00e1gi szovettsegben. Nyugoszik m\u00e1r e\u2019 sirban, a\u2019 hov\u00e1 gy\u0171jt\u00f6tte a\u2019 hal\u00e1l k\u00e9t kedves le\u00e1nyait, amaz ot eszes sz\u00fczekkel t\u00e1rsalkod\u00f3 k\u00e9t sz\u00fczeket, a\u2019 szerelmetes Ro\u2019s\u00e1li\u00e1t 1780. febr. 7-\u00e9n, ki \u00e9lt 17. \u00e9szt. 4. h\u00f3n. \u00e9s a\u2019 kedves \u00c1gnest 1788. oct. 15-\u00e9n, ki \u00e9lt 11 \u00e9szt. 8 hon. Repes\u0151 \u00f6r\u00f6mmel fog ide k\u00f6lt\u00f6zni hiv f\u00e9rj\u00e9hez \u2019s kedves gyermekeihez, kiknek most keserves sz\u00edvvel szerez eml\u00e9kezetet T\u00f3t Kl\u00e1ra 1806. Maga Thot Kl\u00e1ra is hordozv\u00e1n az \u00e9let terheit&#8230; a\u2019 nyavaly\u00e1k keresztjeit pedig 12 esztendeig szenvedv\u00e9n, minek ut\u00e1nna meg kis\u00e9rtetett, tisztitatott volna 1807. \u00e9szt. nov. 22-\u00e9n tavaszhoz ill\u0151 vid\u00e1m naponn meg holt, szerelmetes bar\u00e1tj\u00e1hoz ide t\u00e9tetett. Mindny\u00e1jan keljenek fel dits\u0151s\u00e9gre az uj \u00e9let hajnal\u00e1n, melynek napja le ne menjen, \u2019s holdja meg nem fogyatkozik. \u00c1men. \u00c1men.. <br \/><strong>Irod.:<\/strong> Csekme; Kr\u00f3n. F\u00fcz (1939. 4\/8); P\u00e1lmay<\/br><\/p>\n","protected":false},"excerpt":{"rendered":"<p>1700., \u2020 Mv., 1800. szept. 17.: v\u00e1rosi szenator, not\u00e1rius, f\u0151b\u00edr\u00f3. \u2013 Feles\u00e9ge: T\u00f3th Kl\u00e1ra ( \u2013 Mv., 1807. nov. 22.). Le\u00e1nyaik: Roz\u00e1lia (Mv., 1773. okt.-Mv., 1780. febr. 7.), \u00c1gnes (Mv., 1777. \u2013 Mv., 1788. okt. 15). \u2013 A mv.-i ref. temet\u0151ben l\u00e9v\u0151 kopors\u00f3idom\u00fa eml\u00e9k\u00f6v\u00e9r\u0151l tudhat\u00f3 meg: 1769-en innen 30 esztend\u0151k alatt viselt M. V\u00e1s\u00e1rhelyen a\u2019 [&hellip;]<\/p>\n","protected":false},"featured_media":0,"comment_status":"open","ping_status":"closed","template":"","meta":[],"product_brand":[],"product_cat":[137],"product_tag":[],"class_list":{"0":"post-16916","1":"product","2":"type-product","3":"status-publish","5":"product_cat-maros-megyei-eletrajzi-lexikon","7":"first","8":"instock","9":"shipping-taxable","10":"product-type-simple"},"_links":{"self":[{"href":"https:\/\/uj.adatbank.ro\/lexikon\/wp-json\/wp\/v2\/product\/16916","targetHints":{"allow":["GET"]}}],"collection":[{"href":"https:\/\/uj.adatbank.ro\/lexikon\/wp-json\/wp\/v2\/product"}],"about":[{"href":"https:\/\/uj.adatbank.ro\/lexikon\/wp-json\/wp\/v2\/types\/product"}],"replies":[{"embeddable":true,"href":"https:\/\/uj.adatbank.ro\/lexikon\/wp-json\/wp\/v2\/comments?post=16916"}],"wp:attachment":[{"href":"https:\/\/uj.adatbank.ro\/lexikon\/wp-json\/wp\/v2\/media?parent=16916"}],"wp:term":[{"taxonomy":"product_brand","embeddable":true,"href":"https:\/\/uj.adatbank.ro\/lexikon\/wp-json\/wp\/v2\/product_brand?post=16916"},{"taxonomy":"product_cat","embeddable":true,"href":"https:\/\/uj.adatbank.ro\/lexikon\/wp-json\/wp\/v2\/product_cat?post=16916"},{"taxonomy":"product_tag","embeddable":true,"href":"https:\/\/uj.adatbank.ro\/lexikon\/wp-json\/wp\/v2\/product_tag?post=16916"}],"curies":[{"name":"wp","href":"https:\/\/api.w.org\/{rel}","templated":true}]}}

NYÍRŐ Sámuel, Székely Nyírő Sámuel

<p>1700., † Mv., 1800. szept. 17.: városi szenator, notárius, főbíró. – Felesége: Tóth Klára ( – Mv., 1807. nov. 22.). Leányaik: Rozália (Mv., 1773. okt.-Mv., 1780. febr. 7.), Ágnes (Mv., 1777. – Mv., 1788. okt. 15). – A mv.-i ref. temetőben lévő koporsóidomú emlékövéről tudható meg: 1769-en innen 30 esztendők alatt viselt M. Vásárhelyen a’ belső és külső tanátsbann minden főbb tisztségeket”, a város főbírója volt (1783), tevékeny aggkort ért (100 év), tekintélyes polgára a városnak, a ref. koll.-nak pénztárnoka volt (1760–1791). Ez idő alatt gyökeresen átrendezte a koll. számadásait. <br /><strong>Irod.:</strong> Csekme; Fodor–Balás; Krón. Füz (1939. 4/8); Pálmay; Szentgyörgyi; Tóth Klára Nyírő Sámuelné: Amaz öt eszes szüzekkel társalkodó két szüzek, mv.-i Nyírő Rosalia és Nyírő Ágnes&#8230; (Kv., 1792); Felesége sírirata a ref. temetőben: Székely Nyiró Sámuel 1769-en innen 30 esztendők alatt viselt M. Vásárhelyen a’ belső és külső tanátsbann minden főbb tisztségeket hasznoson, böltsenn, igazságoson, azok nagyobb diszt vettenek tőle, mint ő azoktól. Nem követett idegen, tsapodár, kényes szokásokat, ama régi tiszteletes, méltoságos viselettel szerezte ’s oltalmazta érdemet. Testének fen termett ’s nagyot mutató alkotása is segítette ebbenn. A’ jók ott nem gyűlölhették, mert a keresztény vallásnak ’s erköltsnek barátjok volt, utálta a’ dologtalan, tunya életet, az időnek tudta hasznát venni. Házát künn, benn okoson, lárma nélkül igazgata, jó inkább szerette lenni, mint láttatni. Munkás élete végződött 1800. september’ 17-én. Élt 100 esztendőt, 3 hónapot, mellyek közül 37 esztendőt házassági szovettsegben. Nyugoszik már e’ sirban, a’ hová gyűjtötte a’ halál két kedves leányait, amaz ot eszes szüzekkel társalkodó két szüzeket, a’ szerelmetes Ro’sáliát 1780. febr. 7-én, ki élt 17. észt. 4. hón. és a’ kedves Ágnest 1788. oct. 15-én, ki élt 11 észt. 8 hon. Repeső örömmel fog ide költözni hiv férjéhez ’s kedves gyermekeihez, kiknek most keserves szívvel szerez emlékezetet Tót Klára 1806. Maga Thot Klára is hordozván az élet terheit&#8230; a’ nyavalyák keresztjeit pedig 12 esztendeig szenvedvén, minek utánna meg kisértetett, tisztitatott volna 1807. észt. nov. 22-én tavaszhoz illő vidám naponn meg holt, szerelmetes barátjához ide tétetett. Mindnyájan keljenek fel ditsőségre az uj élet hajnalán, melynek napja le ne menjen, ’s holdja meg nem fogyatkozik. Ámen. Ámen.. <br /><strong>Irod.:</strong> Csekme; Krón. Füz (1939. 4/8); Pálmay</br></p>

<p>1700., † Mv., 1800. szept. 17.: városi szenator, notárius, főbíró. – Felesége: Tóth Klára ( – Mv., 1807. nov. 22.). Leányaik: Rozália (Mv., 1773. okt.-Mv., 1780. febr. 7.), Ágnes (Mv., 1777. – Mv., 1788. okt. 15). – A mv.-i ref. temetőben lévő koporsóidomú emlékövéről tudható meg: 1769-en innen 30 esztendők alatt viselt M. Vásárhelyen a’ [&hellip;]</p>
