{"id":1692,"date":"2025-06-28T11:50:11","date_gmt":"2025-06-28T09:50:11","guid":{"rendered":"https:\/\/uj.adatbank.ro\/lexikon\/termek\/ajtay-mihaly-%c2%a7-ajtai-mihaly\/"},"modified":"2025-06-28T11:50:11","modified_gmt":"2025-06-28T09:50:11","slug":"ajtay-mihaly-%c2%a7-ajtai-mihaly","status":"publish","type":"product","link":"https:\/\/uj.adatbank.ro\/lexikon\/termek\/ajtay-mihaly-%c2%a7-ajtai-mihaly\/","title":{"rendered":"AJTAY Mih\u00e1ly; \u00a7 Ajtai Mih\u00e1ly"},"content":{"rendered":"<p>Zalatna, 1907. j\u00fal. 23., \u2020 Mv.,1992. j\u00fan. 3.: gy\u00f3gyszer\u00e9sz. \u2013 Feles\u00e9ge: Izmael Adrienne. Le\u00e1nyuk: M\u00e1ria Kincses El\u0151dn\u00e9 (1941.\u2013) gy\u00f3gyszer\u00e9sz, egyetemi tan\u00e1r. \u2013 Tanulm\u00e1nyait sz\u00fcl\u0151v\u00e1ros\u00e1ban kezdte \u00e9s Kv-on a Ref. Koll.-ban \u00e9retts\u00e9gizett (1925); Kv.-on gy\u00f3gyszer\u00e9szgyakornok az Apostol nev\u0171 gy\u00f3gyszert\u00e1rban (1925\u201327), majd Kv.\u2013on az I. Ferdin\u00e1nd TE Gy\u00f3gyszer\u00e9szeti Kar\u00e1n oklevelet szerzett (1931), doktor\u00e1lt Szegeden Issekutz B\u00e9la prof.-n\u00e1l, a t\u00e9zis\u00e9nek c\u00edme: Az anyarozs \u00e9rt\u00e9kmeghat\u00e1roz\u00e1sa, amit \u201esumma cum laude\u201d-val v\u00e9dett meg (1935. okt. 17.). Gy\u00f3gyszer\u00e9sz Kv.-on az Apostol Gy\u00f3gyszert\u00e1rban (1930\u201338) \u00e9s Zalatn\u00e1n (1938\u201339). Mv.-re k\u00f6lt\u00f6z\u00f6tt, Izmael M\u00e1rton Feh\u00e9r Kereszt gy\u00f3gyszert\u00e1ra munkat\u00e1rsa lett (1940. m\u00e1rc. 1. \u2013 1947. m\u00e1j. 15.), majd saj\u00e1t gy\u00f3gyszert\u00e1rt nyitott Gl\u00f3ria n\u00e9ven, alkalmazott volt a feles\u00e9ge. K\u00e9t \u00e9v m\u00falva \u00e1llamos\u00edtott\u00e1k a gy\u00f3gyszert\u00e1rat (1946. nov.\u201349. \u00e1pr.2.) \u00e9s minden vagyon\u00e1t, a szem\u00e9lyi t\u00e1rgyait is elkobozt\u00e1k. A megyei Gy\u00f3gyszerrakt\u00e1r els\u0151 f\u0151n\u00f6ke (1949. \u00e1pr.\u201352), az 1.sz. \u00c1llami Gy\u00f3gyszert\u00e1rban dolgozott nyugd\u00edjaz\u00e1s\u00e1ig (1952\u201380). F\u0151gy\u00f3gyszer\u00e9sz vizsg\u00e1t tett (1959. szept. 18.). Tan\u00edtott a Gy\u00f3gyszer\u00e9szeti Koll.-ban (1956\u201359) \u00e9s a Mez\u0151gazdas\u00e1gi L\u00edc.-ban (1956\u201359). Az EMP (1930\u201340), a mv.-i Havasi Gyop\u00e1r T\u00e1rsas\u00e1g (1941\u201344), az MNSZ (1945\u201348), az OTT (1949\u201350) tagja; kiv\u00e1l\u00f3 eg\u00e9szs\u00e9g\u00fcgyi dolgoz\u00f3 (1956); \u00faj\u00edt\u00f3 gy\u00f3gyszer\u00e9sz (1961). Kutat\u00e1si ter\u00fclete: gy\u00f3gyszer-technol\u00f3gia, gy\u00f3gyn\u00f6v\u00e9nyek. Cikkei : az \u00c9rtes\u00edt\u0151 \u2013 Gy\u00f3gyszer\u00e9szeti \u00c9rtes\u00edt\u0151, Farmacia, Gy\u00f3gyszer\u00e9szet, Orvosi Szemle c. lapokban. A Kiv\u00e1l\u00f3 dolgoz\u00f3 eml\u00e9k\u00e9rem birtokosa. \u2013 <strong>F. m.:<\/strong> <strong>t\u00e1rssz.:<\/strong> \u00cendrum\u0103tor pentru practice (Buk., 1965); Eviden\u0163a \u015fi legisla\u0163ia farmaceutic\u0103 (Csed\u0151 K\u00e1rollyal, Horv\u00e1th Tiborral; Tg. M., 1974, 1978); Gy\u00f3gyszert\u00e1ri \u00fcgyvitel \u00e9s jogszab\u00e1lyoz\u00e1s (Csed\u0151 K\u00e1rollyal, Horv\u00e1th Tiborral; Mv., 1965, 1975, 1978); Formulae magistralis (Farkas Imre J\u00e1nossal; Tg. M., 1978, 1979, 1982, 1986). <br \/><strong>Irod.:<\/strong> Bodolai Gy\u00f6ngyi: Tud\u00f3ssorsok (N\u00fa., 2007. nov. 21.); KKACS; Barab\u00e1s-P\u00e9ter M.-P\u00e9ter H.M.; P\u00e9ter H. M.; P\u00e9ter H. M. 2013; R\u00e9thy\u2013\u00dajv\u00e1ri\u2013V\u00e1czi; Todea\u2013F\u00fcl\u00f6p\u2013Avram<\/br><\/p>\n","protected":false},"excerpt":{"rendered":"<p>Zalatna, 1907. j\u00fal. 23., \u2020 Mv.,1992. j\u00fan. 3.: gy\u00f3gyszer\u00e9sz. \u2013 Feles\u00e9ge: Izmael Adrienne. Le\u00e1nyuk: M\u00e1ria Kincses El\u0151dn\u00e9 (1941.\u2013) gy\u00f3gyszer\u00e9sz, egyetemi tan\u00e1r. \u2013 Tanulm\u00e1nyait sz\u00fcl\u0151v\u00e1ros\u00e1ban kezdte \u00e9s Kv-on a Ref. Koll.-ban \u00e9retts\u00e9gizett (1925); Kv.-on gy\u00f3gyszer\u00e9szgyakornok az Apostol nev\u0171 gy\u00f3gyszert\u00e1rban (1925\u201327), majd Kv.\u2013on az I. Ferdin\u00e1nd TE Gy\u00f3gyszer\u00e9szeti Kar\u00e1n oklevelet szerzett (1931), doktor\u00e1lt Szegeden Issekutz B\u00e9la prof.-n\u00e1l, [&hellip;]<\/p>\n","protected":false},"featured_media":0,"comment_status":"open","ping_status":"closed","template":"","meta":[],"product_brand":[],"product_cat":[137],"product_tag":[],"class_list":{"0":"post-1692","1":"product","2":"type-product","3":"status-publish","5":"product_cat-maros-megyei-eletrajzi-lexikon","7":"first","8":"instock","9":"shipping-taxable","10":"product-type-simple"},"_links":{"self":[{"href":"https:\/\/uj.adatbank.ro\/lexikon\/wp-json\/wp\/v2\/product\/1692","targetHints":{"allow":["GET"]}}],"collection":[{"href":"https:\/\/uj.adatbank.ro\/lexikon\/wp-json\/wp\/v2\/product"}],"about":[{"href":"https:\/\/uj.adatbank.ro\/lexikon\/wp-json\/wp\/v2\/types\/product"}],"replies":[{"embeddable":true,"href":"https:\/\/uj.adatbank.ro\/lexikon\/wp-json\/wp\/v2\/comments?post=1692"}],"wp:attachment":[{"href":"https:\/\/uj.adatbank.ro\/lexikon\/wp-json\/wp\/v2\/media?parent=1692"}],"wp:term":[{"taxonomy":"product_brand","embeddable":true,"href":"https:\/\/uj.adatbank.ro\/lexikon\/wp-json\/wp\/v2\/product_brand?post=1692"},{"taxonomy":"product_cat","embeddable":true,"href":"https:\/\/uj.adatbank.ro\/lexikon\/wp-json\/wp\/v2\/product_cat?post=1692"},{"taxonomy":"product_tag","embeddable":true,"href":"https:\/\/uj.adatbank.ro\/lexikon\/wp-json\/wp\/v2\/product_tag?post=1692"}],"curies":[{"name":"wp","href":"https:\/\/api.w.org\/{rel}","templated":true}]}}

AJTAY Mihály; § Ajtai Mihály

<p>Zalatna, 1907. júl. 23., † Mv.,1992. jún. 3.: gyógyszerész. – Felesége: Izmael Adrienne. Leányuk: Mária Kincses Elődné (1941.–) gyógyszerész, egyetemi tanár. – Tanulmányait szülővárosában kezdte és Kv-on a Ref. Koll.-ban érettségizett (1925); Kv.-on gyógyszerészgyakornok az Apostol nevű gyógyszertárban (1925–27), majd Kv.–on az I. Ferdinánd TE Gyógyszerészeti Karán oklevelet szerzett (1931), doktorált Szegeden Issekutz Béla prof.-nál, a tézisének címe: Az anyarozs értékmeghatározása, amit „summa cum laude”-val védett meg (1935. okt. 17.). Gyógyszerész Kv.-on az Apostol Gyógyszertárban (1930–38) és Zalatnán (1938–39). Mv.-re költözött, Izmael Márton Fehér Kereszt gyógyszertára munkatársa lett (1940. márc. 1. – 1947. máj. 15.), majd saját gyógyszertárt nyitott Glória néven, alkalmazott volt a felesége. Két év múlva államosították a gyógyszertárat (1946. nov.–49. ápr.2.) és minden vagyonát, a személyi tárgyait is elkobozták. A megyei Gyógyszerraktár első főnöke (1949. ápr.–52), az 1.sz. Állami Gyógyszertárban dolgozott nyugdíjazásáig (1952–80). Főgyógyszerész vizsgát tett (1959. szept. 18.). Tanított a Gyógyszerészeti Koll.-ban (1956–59) és a Mezőgazdasági Líc.-ban (1956–59). Az EMP (1930–40), a mv.-i Havasi Gyopár Társaság (1941–44), az MNSZ (1945–48), az OTT (1949–50) tagja; kiváló egészségügyi dolgozó (1956); újító gyógyszerész (1961). Kutatási területe: gyógyszer-technológia, gyógynövények. Cikkei : az Értesítő – Gyógyszerészeti Értesítő, Farmacia, Gyógyszerészet, Orvosi Szemle c. lapokban. A Kiváló dolgozó emlékérem birtokosa. – <strong>F. m.:</strong> <strong>társsz.:</strong> Îndrumător pentru practice (Buk., 1965); Evidenţa şi legislaţia farmaceutică (Csedő Károllyal, Horváth Tiborral; Tg. M., 1974, 1978); Gyógyszertári ügyvitel és jogszabályozás (Csedő Károllyal, Horváth Tiborral; Mv., 1965, 1975, 1978); Formulae magistralis (Farkas Imre Jánossal; Tg. M., 1978, 1979, 1982, 1986). <br /><strong>Irod.:</strong> Bodolai Gyöngyi: Tudóssorsok (Nú., 2007. nov. 21.); KKACS; Barabás-Péter M.-Péter H.M.; Péter H. M.; Péter H. M. 2013; Réthy–Újvári–Váczi; Todea–Fülöp–Avram</br></p>

<p>Zalatna, 1907. júl. 23., † Mv.,1992. jún. 3.: gyógyszerész. – Felesége: Izmael Adrienne. Leányuk: Mária Kincses Elődné (1941.–) gyógyszerész, egyetemi tanár. – Tanulmányait szülővárosában kezdte és Kv-on a Ref. Koll.-ban érettségizett (1925); Kv.-on gyógyszerészgyakornok az Apostol nevű gyógyszertárban (1925–27), majd Kv.–on az I. Ferdinánd TE Gyógyszerészeti Karán oklevelet szerzett (1931), doktorált Szegeden Issekutz Béla prof.-nál, [&hellip;]</p>
