{"id":16922,"date":"2025-07-15T23:35:07","date_gmt":"2025-07-15T21:35:07","guid":{"rendered":"https:\/\/uj.adatbank.ro\/lexikon\/termek\/nyiro-szabo-miklos-alias-magotsi-nyiro-szabo-miklos\/"},"modified":"2025-07-15T23:35:07","modified_gmt":"2025-07-15T21:35:07","slug":"nyiro-szabo-miklos-alias-magotsi-nyiro-szabo-miklos","status":"publish","type":"product","link":"https:\/\/uj.adatbank.ro\/lexikon\/termek\/nyiro-szabo-miklos-alias-magotsi-nyiro-szabo-miklos\/","title":{"rendered":"NY\u00cdR\u0150 SZAB\u00d3 Mikl\u00f3s, alias M\u00e1gotsi Ny\u00edr\u0151 Szab\u00f3 Mikl\u00f3s"},"content":{"rendered":"<p>? \u2020 ?: szab\u00f3, v\u00e1lasztott v\u00e1rkapit\u00e1ny, f\u0151b\u00edr\u00f3. \u2013 Mv. esk\u00fcdt k\u00f6z\u00f6ns\u00e9g\u00e9nek tagja (1651). Mv. f\u0151b\u00edr\u00e1ja (1652, 1660). A v\u00e1r egyik kapit\u00e1nya (1658). <br \/><strong>Irod.:<\/strong> Fodor\u2013Bal\u00e1s; Id\u0151t\u00e1r 1; Marossz\u00e9ki kr\u00f3nik\u00e1k 1.; P\u00e1l-Antal 2006; Szentgy\u00f6rgyi<\/br><\/p>\n","protected":false},"excerpt":{"rendered":"<p>? \u2020 ?: szab\u00f3, v\u00e1lasztott v\u00e1rkapit\u00e1ny, f\u0151b\u00edr\u00f3. \u2013 Mv. esk\u00fcdt k\u00f6z\u00f6ns\u00e9g\u00e9nek tagja (1651). Mv. f\u0151b\u00edr\u00e1ja (1652, 1660). A v\u00e1r egyik kapit\u00e1nya (1658). Irod.: Fodor\u2013Bal\u00e1s; Id\u0151t\u00e1r 1; Marossz\u00e9ki kr\u00f3nik\u00e1k 1.; P\u00e1l-Antal 2006; Szentgy\u00f6rgyi<\/p>\n","protected":false},"featured_media":0,"comment_status":"open","ping_status":"closed","template":"","meta":[],"product_brand":[],"product_cat":[137],"product_tag":[],"class_list":{"0":"post-16922","1":"product","2":"type-product","3":"status-publish","5":"product_cat-maros-megyei-eletrajzi-lexikon","7":"first","8":"instock","9":"shipping-taxable","10":"product-type-simple"},"_links":{"self":[{"href":"https:\/\/uj.adatbank.ro\/lexikon\/wp-json\/wp\/v2\/product\/16922","targetHints":{"allow":["GET"]}}],"collection":[{"href":"https:\/\/uj.adatbank.ro\/lexikon\/wp-json\/wp\/v2\/product"}],"about":[{"href":"https:\/\/uj.adatbank.ro\/lexikon\/wp-json\/wp\/v2\/types\/product"}],"replies":[{"embeddable":true,"href":"https:\/\/uj.adatbank.ro\/lexikon\/wp-json\/wp\/v2\/comments?post=16922"}],"wp:attachment":[{"href":"https:\/\/uj.adatbank.ro\/lexikon\/wp-json\/wp\/v2\/media?parent=16922"}],"wp:term":[{"taxonomy":"product_brand","embeddable":true,"href":"https:\/\/uj.adatbank.ro\/lexikon\/wp-json\/wp\/v2\/product_brand?post=16922"},{"taxonomy":"product_cat","embeddable":true,"href":"https:\/\/uj.adatbank.ro\/lexikon\/wp-json\/wp\/v2\/product_cat?post=16922"},{"taxonomy":"product_tag","embeddable":true,"href":"https:\/\/uj.adatbank.ro\/lexikon\/wp-json\/wp\/v2\/product_tag?post=16922"}],"curies":[{"name":"wp","href":"https:\/\/api.w.org\/{rel}","templated":true}]}}