{"id":16928,"date":"2025-07-15T23:35:19","date_gmt":"2025-07-15T21:35:19","guid":{"rendered":"https:\/\/uj.adatbank.ro\/lexikon\/termek\/nyitrai-mozes\/"},"modified":"2025-07-15T23:35:19","modified_gmt":"2025-07-15T21:35:19","slug":"nyitrai-mozes","status":"publish","type":"product","link":"https:\/\/uj.adatbank.ro\/lexikon\/termek\/nyitrai-mozes\/","title":{"rendered":"NYITRAI M\u00f3zes"},"content":{"rendered":"<p>M\u00e9szk\u0151, 1913. okt. 24., \u2020 Mv. 2001. m\u00e1rc. 21. \u2013 Homor\u00f3dkar\u00e1csonyfalv\u00e1n temett\u00e9k: unit. lelk\u00e9sz. \u2013 Feles\u00e9ge: De\u00e1k Berta, \u00f6nk\u00e9ntes \u00e9nekvez\u00e9r. K\u00e9t fi\u00fak k\u00f6z\u00fcl Levente, teol\u00f3giai hallgat\u00f3 volt. \u2013 Bal\u00e1zs Ferenc lelki, szellemi t\u00e1mogat\u00e1s\u00e1ra a gimn. elv\u00e9gz\u00e9se ut\u00e1n az unit. teol\u00f3giai int\u00e9zetben folytatta tanulm\u00e1nyait, ahol a j\u00f6vend\u0151 feles\u00e9ge is tanult. Seg\u00e9dlelk\u00e9sz volt Vargyason, Maros\u00fajv\u00e1ron, a szatm\u00e1rmegyei Kocsordon m\u00e1r a feles\u00e9g\u00e9vel k\u00f6z\u00f6sen szolg\u00e1ltak, majd Lup\u00e9ny k\u00f6vetkezett, Petrozs\u00e9ny \u00e9s szolg\u00e1lati k\u00f6rzet\u00fckbe tartozott Vulk\u00e1ny, H\u00e1tszeg, D\u00e9va, Arad, Temesv\u00e1r, Pusztakal\u00e1n. A T\u00e2rgu-Jiu-i intern\u00e1l\u00f3t\u00e1borba t\u00faszk\u00e9nt (1944. aug. 24. \u2013 9 h\u00f3napig). K\u00e9nosba (1946\u201354). Letart\u00f3ztatt\u00e1k a nagyobbik fi\u00e1val, Levent\u00e9vel egy\u00fctt (1958. aug. 18.) \u00e9s a MAT Katonai \u00dcgy\u00e9szs\u00e9ge a t\u00e1rsadalmi rend elleni szervezked\u00e9s v\u00e1dj\u00e1val helyezte v\u00e1d al\u00e1. A kv.-i Katonai B\u00edr\u00f3s\u00e1g feljelent\u00e9si k\u00f6telezetts\u00e9g elmulaszt\u00e1s\u00e1\u00e9rt \u00edt\u00e9lte 10 \u00e9vi b\u00f6rt\u00f6nre, majd 6\u20136 \u00e9vi munkaszolg\u00e1latra. Feles\u00e9g\u00e9t is beb\u00f6rt\u00f6n\u00f6zt\u00e9k (25 \u00e9vre it\u00e9lt\u00e9k). Brass\u00f3ban, Mv.-en, Szamos\u00fajv\u00e1ron voltak b\u00f6rt\u00f6nben, majd a Br\u0103ilai Nagyszigeten \u00e9s a Duna-delt\u00e1ban k\u00e9nyszermunkat\u00e1borban sokadmag\u00e1val, Csiha K\u00e1lm\u00e1nnal is. Szabadul\u00e1sa (1964. aug. 1.) A vadadi gy\u00fclekezet papja (1964\u201381), megkezdt\u00e9k az \u00faj templom \u00e9p\u00edt\u00e9s\u00e9t (1971. m\u00e1j. 7), felszentelt\u00e9k (1972), de m\u00e9g sok munka k\u00f6vetkezett. Majd Homor\u00f3dkar\u00e1csonyfalv\u00e1n volt lelk\u00e9sz. Nyugd\u00edjask\u00e9nt Dics\u0151szentm\u00e1rtonban (\u20131998), Szab\u00e9don, ill. Mv.-en \u00e9lt. \u2013 <strong>F. m.:<\/strong> Pal\u00e1stban: Lelk\u00e9szek sz\u00f3rv\u00e1nyban (Nagy \u00d6d\u00f6n \u2013 Herm\u00e1n J\u00e1nossal; Mv., 2001). <br \/><strong>Irod.:<\/strong> 1956 Erd\u00e9lyben; Cs\u00edkfalva; Kelemen; MMK; P\u00e1l-Antal 2013<\/br><\/p>\n","protected":false},"excerpt":{"rendered":"<p>M\u00e9szk\u0151, 1913. okt. 24., \u2020 Mv. 2001. m\u00e1rc. 21. \u2013 Homor\u00f3dkar\u00e1csonyfalv\u00e1n temett\u00e9k: unit. lelk\u00e9sz. \u2013 Feles\u00e9ge: De\u00e1k Berta, \u00f6nk\u00e9ntes \u00e9nekvez\u00e9r. K\u00e9t fi\u00fak k\u00f6z\u00fcl Levente, teol\u00f3giai hallgat\u00f3 volt. \u2013 Bal\u00e1zs Ferenc lelki, szellemi t\u00e1mogat\u00e1s\u00e1ra a gimn. elv\u00e9gz\u00e9se ut\u00e1n az unit. teol\u00f3giai int\u00e9zetben folytatta tanulm\u00e1nyait, ahol a j\u00f6vend\u0151 feles\u00e9ge is tanult. Seg\u00e9dlelk\u00e9sz volt Vargyason, Maros\u00fajv\u00e1ron, a szatm\u00e1rmegyei [&hellip;]<\/p>\n","protected":false},"featured_media":0,"comment_status":"open","ping_status":"closed","template":"","meta":[],"product_brand":[],"product_cat":[137],"product_tag":[],"class_list":{"0":"post-16928","1":"product","2":"type-product","3":"status-publish","5":"product_cat-maros-megyei-eletrajzi-lexikon","7":"first","8":"instock","9":"shipping-taxable","10":"product-type-simple"},"_links":{"self":[{"href":"https:\/\/uj.adatbank.ro\/lexikon\/wp-json\/wp\/v2\/product\/16928","targetHints":{"allow":["GET"]}}],"collection":[{"href":"https:\/\/uj.adatbank.ro\/lexikon\/wp-json\/wp\/v2\/product"}],"about":[{"href":"https:\/\/uj.adatbank.ro\/lexikon\/wp-json\/wp\/v2\/types\/product"}],"replies":[{"embeddable":true,"href":"https:\/\/uj.adatbank.ro\/lexikon\/wp-json\/wp\/v2\/comments?post=16928"}],"wp:attachment":[{"href":"https:\/\/uj.adatbank.ro\/lexikon\/wp-json\/wp\/v2\/media?parent=16928"}],"wp:term":[{"taxonomy":"product_brand","embeddable":true,"href":"https:\/\/uj.adatbank.ro\/lexikon\/wp-json\/wp\/v2\/product_brand?post=16928"},{"taxonomy":"product_cat","embeddable":true,"href":"https:\/\/uj.adatbank.ro\/lexikon\/wp-json\/wp\/v2\/product_cat?post=16928"},{"taxonomy":"product_tag","embeddable":true,"href":"https:\/\/uj.adatbank.ro\/lexikon\/wp-json\/wp\/v2\/product_tag?post=16928"}],"curies":[{"name":"wp","href":"https:\/\/api.w.org\/{rel}","templated":true}]}}

NYITRAI Mózes

<p>Mészkő, 1913. okt. 24., † Mv. 2001. márc. 21. – Homoródkarácsonyfalván temették: unit. lelkész. – Felesége: Deák Berta, önkéntes énekvezér. Két fiúk közül Levente, teológiai hallgató volt. – Balázs Ferenc lelki, szellemi támogatására a gimn. elvégzése után az unit. teológiai intézetben folytatta tanulmányait, ahol a jövendő felesége is tanult. Segédlelkész volt Vargyason, Marosújváron, a szatmármegyei Kocsordon már a feleségével közösen szolgáltak, majd Lupény következett, Petrozsény és szolgálati körzetükbe tartozott Vulkány, Hátszeg, Déva, Arad, Temesvár, Pusztakalán. A Târgu-Jiu-i internálótáborba túszként (1944. aug. 24. – 9 hónapig). Kénosba (1946–54). Letartóztatták a nagyobbik fiával, Leventével együtt (1958. aug. 18.) és a MAT Katonai Ügyészsége a társadalmi rend elleni szervezkedés vádjával helyezte vád alá. A kv.-i Katonai Bíróság feljelentési kötelezettség elmulasztásáért ítélte 10 évi börtönre, majd 6–6 évi munkaszolgálatra. Feleségét is bebörtönözték (25 évre itélték). Brassóban, Mv.-en, Szamosújváron voltak börtönben, majd a Brăilai Nagyszigeten és a Duna-deltában kényszermunkatáborban sokadmagával, Csiha Kálmánnal is. Szabadulása (1964. aug. 1.) A vadadi gyülekezet papja (1964–81), megkezdték az új templom építését (1971. máj. 7), felszentelték (1972), de még sok munka következett. Majd Homoródkarácsonyfalván volt lelkész. Nyugdíjasként Dicsőszentmártonban (–1998), Szabédon, ill. Mv.-en élt. – <strong>F. m.:</strong> Palástban: Lelkészek szórványban (Nagy Ödön – Hermán Jánossal; Mv., 2001). <br /><strong>Irod.:</strong> 1956 Erdélyben; Csíkfalva; Kelemen; MMK; Pál-Antal 2013</br></p>

<p>Mészkő, 1913. okt. 24., † Mv. 2001. márc. 21. – Homoródkarácsonyfalván temették: unit. lelkész. – Felesége: Deák Berta, önkéntes énekvezér. Két fiúk közül Levente, teológiai hallgató volt. – Balázs Ferenc lelki, szellemi támogatására a gimn. elvégzése után az unit. teológiai intézetben folytatta tanulmányait, ahol a jövendő felesége is tanult. Segédlelkész volt Vargyason, Marosújváron, a szatmármegyei [&hellip;]</p>
