{"id":16929,"date":"2025-07-15T23:35:21","date_gmt":"2025-07-15T21:35:21","guid":{"rendered":"https:\/\/uj.adatbank.ro\/lexikon\/termek\/nyomtato-gyorgy-dr\/"},"modified":"2025-07-15T23:35:21","modified_gmt":"2025-07-15T21:35:21","slug":"nyomtato-gyorgy-dr","status":"publish","type":"product","link":"https:\/\/uj.adatbank.ro\/lexikon\/termek\/nyomtato-gyorgy-dr\/","title":{"rendered":"NYOMTAT\u00d3 Gy\u00f6rgy, dr."},"content":{"rendered":"<p>1958, \u2020 Mv., 1990: Az \u00e1llami k\u00f6ztemet\u0151ben Marosszentgy\u00f6rgy\u00f6n nyugszik.Sz\u00fclei: Nyomtat\u00f3 Gy\u00f6rgy (1933\u2013?) \u00e9s Gizella (1937-?). <br \/><strong>Irod.:<\/strong> Kiss Cs. M 4.<\/br><\/p>\n","protected":false},"excerpt":{"rendered":"<p>1958, \u2020 Mv., 1990: Az \u00e1llami k\u00f6ztemet\u0151ben Marosszentgy\u00f6rgy\u00f6n nyugszik.Sz\u00fclei: Nyomtat\u00f3 Gy\u00f6rgy (1933\u2013?) \u00e9s Gizella (1937-?). Irod.: Kiss Cs. M 4.<\/p>\n","protected":false},"featured_media":0,"comment_status":"open","ping_status":"closed","template":"","meta":[],"product_brand":[],"product_cat":[137],"product_tag":[],"class_list":{"0":"post-16929","1":"product","2":"type-product","3":"status-publish","5":"product_cat-maros-megyei-eletrajzi-lexikon","7":"first","8":"instock","9":"shipping-taxable","10":"product-type-simple"},"_links":{"self":[{"href":"https:\/\/uj.adatbank.ro\/lexikon\/wp-json\/wp\/v2\/product\/16929","targetHints":{"allow":["GET"]}}],"collection":[{"href":"https:\/\/uj.adatbank.ro\/lexikon\/wp-json\/wp\/v2\/product"}],"about":[{"href":"https:\/\/uj.adatbank.ro\/lexikon\/wp-json\/wp\/v2\/types\/product"}],"replies":[{"embeddable":true,"href":"https:\/\/uj.adatbank.ro\/lexikon\/wp-json\/wp\/v2\/comments?post=16929"}],"wp:attachment":[{"href":"https:\/\/uj.adatbank.ro\/lexikon\/wp-json\/wp\/v2\/media?parent=16929"}],"wp:term":[{"taxonomy":"product_brand","embeddable":true,"href":"https:\/\/uj.adatbank.ro\/lexikon\/wp-json\/wp\/v2\/product_brand?post=16929"},{"taxonomy":"product_cat","embeddable":true,"href":"https:\/\/uj.adatbank.ro\/lexikon\/wp-json\/wp\/v2\/product_cat?post=16929"},{"taxonomy":"product_tag","embeddable":true,"href":"https:\/\/uj.adatbank.ro\/lexikon\/wp-json\/wp\/v2\/product_tag?post=16929"}],"curies":[{"name":"wp","href":"https:\/\/api.w.org\/{rel}","templated":true}]}}