{"id":1693,"date":"2025-06-28T11:50:13","date_gmt":"2025-06-28T09:50:13","guid":{"rendered":"https:\/\/uj.adatbank.ro\/lexikon\/termek\/ajtay-miklos-vajasdi-iroi-alneve-randolph-robban\/"},"modified":"2025-06-28T11:50:13","modified_gmt":"2025-06-28T09:50:13","slug":"ajtay-miklos-vajasdi-iroi-alneve-randolph-robban","status":"publish","type":"product","link":"https:\/\/uj.adatbank.ro\/lexikon\/termek\/ajtay-miklos-vajasdi-iroi-alneve-randolph-robban\/","title":{"rendered":"AJTAY Mikl\u00f3s, vajasdi, \u00edr\u00f3i \u00e1lneve: Randolph Robban"},"content":{"rendered":"<p>Mez\u0151szengyel, 1899. jan. 26., \u2020 P\u00e1rizs, 1987. j\u00fan. 10.: \u00fajs\u00e1g\u00edr\u00f3, \u00edr\u00f3. \u2013 A Bp.-re menek\u00edtett kv.-i \u00e9s pozsonyi (1919\u201323), valamint a berlini \u00e9s a p\u00e1rizsi egy.-en tanult, a p\u00e1rizsi Sorbonne-on b\u00f6lcs\u00e9szdoktori okleve\u00adlet szerzett (1923), Bp.-en tornatan\u00e1ri tan\u00adfolyamot v\u00e9gzett (1924). Az olasz fronton harcolt (1917\u201318), Bp.-re menek\u00fclt (1919), f\u00e9l \u00e9vig M\u00fcnchenben munk\u00e1s volt (1922). R\u00f3m\u00e1ban, majd hal\u00e1l\u00e1ig P\u00e1rizsban \u00e9lt (1924\u20131987). Megalap\u00edt\u00f3ja \u00e9s \u00fcgyvezet\u0151 eln\u00f6ke a P\u00e1rizsi M. Akad.-nak (1926\u201344). A M.T\u00e1virati Iroda p\u00e1rizsi tud\u00f3s\u00edt\u00f3ja (1933\u2013). A m\u00fcncheni Szabad Eur\u00f3pa R\u00e1di\u00f3 bels\u0151 munka\u00adt\u00e1rsa, az irodalmi oszt. Vezet\u0151je (1951\u201357). Tanulm\u00e1nyait, verseit, kritik\u00e1it f\u0151k\u00e9nt az \u00daj Hung\u00e1ria (1953\u201371) \u00e9s a M. K\u00f6nyv\u00adbar\u00e1tok c. lapok k\u00f6z\u00f6lt\u00e9k. Az \u00e1ltala alap\u00edtott P\u00e1rizsi M. Akad. \u00fcgyvezet\u0151 eln\u00f6ke (1926\u201344), a Szabad M. \u00dajs\u00e1g\u00edr\u00f3k Egyes, aleln\u00f6ke; a M. Szabads\u00e1g Tan\u00e1csa (1958\u2013), a V\u00f6r\u00f6smarty Irod. K\u00f6r vezet\u0151s\u00e9gi tagja (1961\u2013). \u2013 <strong>F. m.:<\/strong> A tragikum a modern dr\u00e1m\u00e1ban (1923); Eszt\u00e9tikai imperializmus (P\u00e1rizs, 1926); L\u00edrai k\u00f6lt\u0151k antol\u00f3gi\u00e1ja. (Bev. \u00edrta A. M.; szerk. B\u00e1nyai Korn\u00e9l; Bp., 1927); Le chemin le plus court de la pens\u00e9e juridique (P\u00e1rizs, 1930); Si l\u2019Allemagne avait vaincu (Randolph Robban n\u00e9ven; P\u00e1rizs, 1950; <strong>n\u00e9met\u00fcl:<\/strong> Stuttgart, 1951; spanyolul: Barcelona, 1951; jap\u00e1nul: Toki\u00f3, 1952); A magyar d\u00e9miurgosz \u00edt\u00e9l\u0151sz\u00e9ke el\u0151tt (P\u00e1rizs, 1952); Le robot ger-manophile t\u00e9l\u00e9command\u00e9. (Randolph Robban n\u00e9ven; reg.; K\u00f6ln-P\u00e1rizs-New York, 1956); \u201eA s\u00edr hol nemzet s\u00fcllyed el&#8230;\u201d (K\u00f6ln-Detro\u00adit, 1960). <br \/><strong>Irod.:<\/strong> Borb\u00e1ndi; MNL; R\u00daL; \u00daM\u00c9L<\/br><\/p>\n","protected":false},"excerpt":{"rendered":"<p>Mez\u0151szengyel, 1899. jan. 26., \u2020 P\u00e1rizs, 1987. j\u00fan. 10.: \u00fajs\u00e1g\u00edr\u00f3, \u00edr\u00f3. \u2013 A Bp.-re menek\u00edtett kv.-i \u00e9s pozsonyi (1919\u201323), valamint a berlini \u00e9s a p\u00e1rizsi egy.-en tanult, a p\u00e1rizsi Sorbonne-on b\u00f6lcs\u00e9szdoktori okleve\u00adlet szerzett (1923), Bp.-en tornatan\u00e1ri tan\u00adfolyamot v\u00e9gzett (1924). Az olasz fronton harcolt (1917\u201318), Bp.-re menek\u00fclt (1919), f\u00e9l \u00e9vig M\u00fcnchenben munk\u00e1s volt (1922). R\u00f3m\u00e1ban, majd [&hellip;]<\/p>\n","protected":false},"featured_media":0,"comment_status":"open","ping_status":"closed","template":"","meta":[],"product_brand":[],"product_cat":[137],"product_tag":[],"class_list":{"0":"post-1693","1":"product","2":"type-product","3":"status-publish","5":"product_cat-maros-megyei-eletrajzi-lexikon","7":"first","8":"instock","9":"shipping-taxable","10":"product-type-simple"},"_links":{"self":[{"href":"https:\/\/uj.adatbank.ro\/lexikon\/wp-json\/wp\/v2\/product\/1693","targetHints":{"allow":["GET"]}}],"collection":[{"href":"https:\/\/uj.adatbank.ro\/lexikon\/wp-json\/wp\/v2\/product"}],"about":[{"href":"https:\/\/uj.adatbank.ro\/lexikon\/wp-json\/wp\/v2\/types\/product"}],"replies":[{"embeddable":true,"href":"https:\/\/uj.adatbank.ro\/lexikon\/wp-json\/wp\/v2\/comments?post=1693"}],"wp:attachment":[{"href":"https:\/\/uj.adatbank.ro\/lexikon\/wp-json\/wp\/v2\/media?parent=1693"}],"wp:term":[{"taxonomy":"product_brand","embeddable":true,"href":"https:\/\/uj.adatbank.ro\/lexikon\/wp-json\/wp\/v2\/product_brand?post=1693"},{"taxonomy":"product_cat","embeddable":true,"href":"https:\/\/uj.adatbank.ro\/lexikon\/wp-json\/wp\/v2\/product_cat?post=1693"},{"taxonomy":"product_tag","embeddable":true,"href":"https:\/\/uj.adatbank.ro\/lexikon\/wp-json\/wp\/v2\/product_tag?post=1693"}],"curies":[{"name":"wp","href":"https:\/\/api.w.org\/{rel}","templated":true}]}}

AJTAY Miklós, vajasdi, írói álneve: Randolph Robban

<p>Mezőszengyel, 1899. jan. 26., † Párizs, 1987. jún. 10.: újságíró, író. – A Bp.-re menekített kv.-i és pozsonyi (1919–23), valamint a berlini és a párizsi egy.-en tanult, a párizsi Sorbonne-on bölcsészdoktori okleve­let szerzett (1923), Bp.-en tornatanári tan­folyamot végzett (1924). Az olasz fronton harcolt (1917–18), Bp.-re menekült (1919), fél évig Münchenben munkás volt (1922). Rómában, majd haláláig Párizsban élt (1924–1987). Megalapítója és ügyvezető elnöke a Párizsi M. Akad.-nak (1926–44). A M.Távirati Iroda párizsi tudósítója (1933–). A müncheni Szabad Európa Rádió belső munka­társa, az irodalmi oszt. Vezetője (1951–57). Tanulmányait, verseit, kritikáit főként az Új Hungária (1953–71) és a M. Könyv­barátok c. lapok közölték. Az általa alapított Párizsi M. Akad. ügyvezető elnöke (1926–44), a Szabad M. Újságírók Egyes, alelnöke; a M. Szabadság Tanácsa (1958–), a Vörösmarty Irod. Kör vezetőségi tagja (1961–). – <strong>F. m.:</strong> A tragikum a modern drámában (1923); Esztétikai imperializmus (Párizs, 1926); Lírai költők antológiája. (Bev. írta A. M.; szerk. Bányai Kornél; Bp., 1927); Le chemin le plus court de la pensée juridique (Párizs, 1930); Si l’Allemagne avait vaincu (Randolph Robban néven; Párizs, 1950; <strong>németül:</strong> Stuttgart, 1951; spanyolul: Barcelona, 1951; japánul: Tokió, 1952); A magyar démiurgosz ítélőszéke előtt (Párizs, 1952); Le robot ger-manophile télécommandé. (Randolph Robban néven; reg.; Köln-Párizs-New York, 1956); „A sír hol nemzet süllyed el&#8230;” (Köln-Detro­it, 1960). <br /><strong>Irod.:</strong> Borbándi; MNL; RÚL; ÚMÉL</br></p>

<p>Mezőszengyel, 1899. jan. 26., † Párizs, 1987. jún. 10.: újságíró, író. – A Bp.-re menekített kv.-i és pozsonyi (1919–23), valamint a berlini és a párizsi egy.-en tanult, a párizsi Sorbonne-on bölcsészdoktori okleve­let szerzett (1923), Bp.-en tornatanári tan­folyamot végzett (1924). Az olasz fronton harcolt (1917–18), Bp.-re menekült (1919), fél évig Münchenben munkás volt (1922). Rómában, majd [&hellip;]</p>
