{"id":16931,"date":"2025-07-15T23:35:25","date_gmt":"2025-07-15T21:35:25","guid":{"rendered":"https:\/\/uj.adatbank.ro\/lexikon\/termek\/nyujtodi-gyorgy-rugonfalvi-nyujtodi-gyorgy\/"},"modified":"2025-07-15T23:35:25","modified_gmt":"2025-07-15T21:35:25","slug":"nyujtodi-gyorgy-rugonfalvi-nyujtodi-gyorgy","status":"publish","type":"product","link":"https:\/\/uj.adatbank.ro\/lexikon\/termek\/nyujtodi-gyorgy-rugonfalvi-nyujtodi-gyorgy\/","title":{"rendered":"NYUJT\u00d3DI Gy\u00f6rgy, rugonfalvi, Ny\u00fajt\u00f3di Gy\u00f6rgy"},"content":{"rendered":"<p>? \u2020 ?: A szentdemeteri kast\u00e9ly \u00e9p\u00edt\u00e9s\u00e9t tulajdon\u00edtj\u00e1k neki (1503 k.). Szerz\u0151d\u00e9st k\u00f6t\u00f6ttek t\u00f6bben (a gyalakuti L\u00e1z\u00e1r Gy\u00f6rgy nemes, sz\u00f6v\u00e9rdi G\u00e1sp\u00e1r J\u00e1nos, bordosi Dolgos Gy\u00f6rgy \u00e9s ravai Illy\u00e9s J\u00e1nos) Mihai Viteazul bej\u00f6vetelekor, az\u00e9rt, hogy Ny. Gy. magyarzs\u00e1kodi udvarh\u00e1z\u00e1t feld\u00falj\u00e1k, marh\u00e1it elrabolj\u00e1k. K\u00e1r\u00e1nak megt\u00e9r\u00edt\u00e9s\u00e9re Basta elrendelte, hogy szolg\u00e1ljanak igazs\u00e1got neki (1603. \u00e1pr. 13). <br \/><strong>Irod.:<\/strong> Basta; Keresztes Gyula: \u00d6r\u00f6ks\u00e9g\u00fcnk 41: A szentdemeteri kast\u00e9ly (N\u00fa., 1993. j\u00fal. 2.)<\/br><\/p>\n","protected":false},"excerpt":{"rendered":"<p>? \u2020 ?: A szentdemeteri kast\u00e9ly \u00e9p\u00edt\u00e9s\u00e9t tulajdon\u00edtj\u00e1k neki (1503 k.). Szerz\u0151d\u00e9st k\u00f6t\u00f6ttek t\u00f6bben (a gyalakuti L\u00e1z\u00e1r Gy\u00f6rgy nemes, sz\u00f6v\u00e9rdi G\u00e1sp\u00e1r J\u00e1nos, bordosi Dolgos Gy\u00f6rgy \u00e9s ravai Illy\u00e9s J\u00e1nos) Mihai Viteazul bej\u00f6vetelekor, az\u00e9rt, hogy Ny. Gy. magyarzs\u00e1kodi udvarh\u00e1z\u00e1t feld\u00falj\u00e1k, marh\u00e1it elrabolj\u00e1k. K\u00e1r\u00e1nak megt\u00e9r\u00edt\u00e9s\u00e9re Basta elrendelte, hogy szolg\u00e1ljanak igazs\u00e1got neki (1603. \u00e1pr. 13). Irod.: Basta; Keresztes [&hellip;]<\/p>\n","protected":false},"featured_media":0,"comment_status":"open","ping_status":"closed","template":"","meta":[],"product_brand":[],"product_cat":[137],"product_tag":[],"class_list":{"0":"post-16931","1":"product","2":"type-product","3":"status-publish","5":"product_cat-maros-megyei-eletrajzi-lexikon","7":"first","8":"instock","9":"shipping-taxable","10":"product-type-simple"},"_links":{"self":[{"href":"https:\/\/uj.adatbank.ro\/lexikon\/wp-json\/wp\/v2\/product\/16931","targetHints":{"allow":["GET"]}}],"collection":[{"href":"https:\/\/uj.adatbank.ro\/lexikon\/wp-json\/wp\/v2\/product"}],"about":[{"href":"https:\/\/uj.adatbank.ro\/lexikon\/wp-json\/wp\/v2\/types\/product"}],"replies":[{"embeddable":true,"href":"https:\/\/uj.adatbank.ro\/lexikon\/wp-json\/wp\/v2\/comments?post=16931"}],"wp:attachment":[{"href":"https:\/\/uj.adatbank.ro\/lexikon\/wp-json\/wp\/v2\/media?parent=16931"}],"wp:term":[{"taxonomy":"product_brand","embeddable":true,"href":"https:\/\/uj.adatbank.ro\/lexikon\/wp-json\/wp\/v2\/product_brand?post=16931"},{"taxonomy":"product_cat","embeddable":true,"href":"https:\/\/uj.adatbank.ro\/lexikon\/wp-json\/wp\/v2\/product_cat?post=16931"},{"taxonomy":"product_tag","embeddable":true,"href":"https:\/\/uj.adatbank.ro\/lexikon\/wp-json\/wp\/v2\/product_tag?post=16931"}],"curies":[{"name":"wp","href":"https:\/\/api.w.org\/{rel}","templated":true}]}}