{"id":16936,"date":"2025-07-15T23:35:35","date_gmt":"2025-07-15T21:35:35","guid":{"rendered":"https:\/\/uj.adatbank.ro\/lexikon\/termek\/nyulasi-iosif-h-nyulasi-jozsef-milas-iosif\/"},"modified":"2025-07-15T23:35:35","modified_gmt":"2025-07-15T21:35:35","slug":"nyulasi-iosif-h-nyulasi-jozsef-milas-iosif","status":"publish","type":"product","link":"https:\/\/uj.adatbank.ro\/lexikon\/termek\/nyulasi-iosif-h-nyulasi-jozsef-milas-iosif\/","title":{"rendered":"NYULASI Iosif H; Nyula\u015fi J\u00f3zsef, Mila\u015f Iosif"},"content":{"rendered":"<p>1799., \u2020 1882.: gr. kat. pap. \u2013 Teol\u00f3gi\u00e1t Bal\u00e1zsfalv\u00e1n v\u00e9gzett (1822). Tan\u00edtott Bal\u00e1zsfalv\u00e1n (1822\u201323); pl\u00e9b\u00e1nos volt Nagynyulason (1823\u201346), helyettes f\u0151esperes a fogarasi k\u00f6rzetben, Nagy\u00e1gon pl\u00e9b\u00e1nos \u00e9s esperes B\u00e1boln\u00e1n (1846\u201354), pl\u00e9b\u00e1nos \u00e9s helyettes f\u0151esperes, esperes Mv.-en (1854\u201366), ut\u00e1na fia Vasile Hosu vette \u00e1t az esperess\u00e9get. <br \/><strong>Irod.:<\/strong> Com\u015fa; Com\u015fa \u2013 Seiceanu; Id\u0151t\u00e1r 2; \u015eincan 2006; Todea 2013<\/br><\/p>\n","protected":false},"excerpt":{"rendered":"<p>1799., \u2020 1882.: gr. kat. pap. \u2013 Teol\u00f3gi\u00e1t Bal\u00e1zsfalv\u00e1n v\u00e9gzett (1822). Tan\u00edtott Bal\u00e1zsfalv\u00e1n (1822\u201323); pl\u00e9b\u00e1nos volt Nagynyulason (1823\u201346), helyettes f\u0151esperes a fogarasi k\u00f6rzetben, Nagy\u00e1gon pl\u00e9b\u00e1nos \u00e9s esperes B\u00e1boln\u00e1n (1846\u201354), pl\u00e9b\u00e1nos \u00e9s helyettes f\u0151esperes, esperes Mv.-en (1854\u201366), ut\u00e1na fia Vasile Hosu vette \u00e1t az esperess\u00e9get. Irod.: Com\u015fa; Com\u015fa \u2013 Seiceanu; Id\u0151t\u00e1r 2; \u015eincan 2006; Todea 2013<\/p>\n","protected":false},"featured_media":0,"comment_status":"open","ping_status":"closed","template":"","meta":[],"product_brand":[],"product_cat":[137],"product_tag":[],"class_list":{"0":"post-16936","1":"product","2":"type-product","3":"status-publish","5":"product_cat-maros-megyei-eletrajzi-lexikon","7":"first","8":"instock","9":"shipping-taxable","10":"product-type-simple"},"_links":{"self":[{"href":"https:\/\/uj.adatbank.ro\/lexikon\/wp-json\/wp\/v2\/product\/16936","targetHints":{"allow":["GET"]}}],"collection":[{"href":"https:\/\/uj.adatbank.ro\/lexikon\/wp-json\/wp\/v2\/product"}],"about":[{"href":"https:\/\/uj.adatbank.ro\/lexikon\/wp-json\/wp\/v2\/types\/product"}],"replies":[{"embeddable":true,"href":"https:\/\/uj.adatbank.ro\/lexikon\/wp-json\/wp\/v2\/comments?post=16936"}],"wp:attachment":[{"href":"https:\/\/uj.adatbank.ro\/lexikon\/wp-json\/wp\/v2\/media?parent=16936"}],"wp:term":[{"taxonomy":"product_brand","embeddable":true,"href":"https:\/\/uj.adatbank.ro\/lexikon\/wp-json\/wp\/v2\/product_brand?post=16936"},{"taxonomy":"product_cat","embeddable":true,"href":"https:\/\/uj.adatbank.ro\/lexikon\/wp-json\/wp\/v2\/product_cat?post=16936"},{"taxonomy":"product_tag","embeddable":true,"href":"https:\/\/uj.adatbank.ro\/lexikon\/wp-json\/wp\/v2\/product_tag?post=16936"}],"curies":[{"name":"wp","href":"https:\/\/api.w.org\/{rel}","templated":true}]}}

NYULASI Iosif H; Nyulaşi József, Milaş Iosif

<p>1799., † 1882.: gr. kat. pap. – Teológiát Balázsfalván végzett (1822). Tanított Balázsfalván (1822–23); plébános volt Nagynyulason (1823–46), helyettes főesperes a fogarasi körzetben, Nagyágon plébános és esperes Bábolnán (1846–54), plébános és helyettes főesperes, esperes Mv.-en (1854–66), utána fia Vasile Hosu vette át az esperességet. <br /><strong>Irod.:</strong> Comşa; Comşa – Seiceanu; Időtár 2; Şincan 2006; Todea 2013</br></p>

<p>1799., † 1882.: gr. kat. pap. – Teológiát Balázsfalván végzett (1822). Tanított Balázsfalván (1822–23); plébános volt Nagynyulason (1823–46), helyettes főesperes a fogarasi körzetben, Nagyágon plébános és esperes Bábolnán (1846–54), plébános és helyettes főesperes, esperes Mv.-en (1854–66), utána fia Vasile Hosu vette át az esperességet. Irod.: Comşa; Comşa – Seiceanu; Időtár 2; Şincan 2006; Todea 2013</p>
