{"id":16938,"date":"2025-07-15T23:35:40","date_gmt":"2025-07-15T21:35:40","guid":{"rendered":"https:\/\/uj.adatbank.ro\/lexikon\/termek\/obal-ferenc\/"},"modified":"2025-07-15T23:35:40","modified_gmt":"2025-07-15T21:35:40","slug":"obal-ferenc","status":"publish","type":"product","link":"https:\/\/uj.adatbank.ro\/lexikon\/termek\/obal-ferenc\/","title":{"rendered":"OB\u00c1L Ferenc"},"content":{"rendered":"<p>Bp., 1916. szept. 16., \u2020\u00a02012: ovos, prof. dr. \u2013 Lud\u00e1ny Gy\u00f6rgy \u00e9let \u2013k\u00f3r- \u00e9s gy\u00f3gyszertan tan\u00edtv\u00e1nya, a bp.-i P\u00e1zm\u00e1ny P\u00e9ter TE-en (1936\u20131940), egy tan\u00e9vet a Heidelbergi Egyetem orvosi kar\u00e1n is hallgatott. Bp.-en a Kor\u00e9lettani Int\u00e9zetben gyakornok (1936\u20131940), k\u00f6zben a Heidelbergi Egyetem \u00c9lettani int\u00e9zet\u00e9ben dolgozott (1937\u20131939). Kv.-on a Ferenc J\u00f3zsef TE \u00c9lettani Int\u00e9zet\u00e9ben tan\u00e1rseg\u00e9d, majd adjunktus.Mv.-re k\u00f6lt\u00f6ztett\u00e9k az egyetem orvosi kar\u00e1t, a MOGYI-t (1948). Tev\u00e9kenys\u00e9g\u00e9t Bp.-en az Orsz\u00e1gos idegseb\u00e9szeti Tudom\u00e1nyos Int\u00e9zet \u00e9lettani \u00e9s EEG oszt\u00e1lyvezet\u0151\u0151jek\u00e9nt folytatta (1948\u20131958). A Szegedi Orvostud. Egyetem \u00e9lettan professzora \u00e9s tansz\u00e9kvezet\u0151je nyugd\u00edjba vonul\u00e1s\u00e1ig (1958\u20131986) \u00e9s szaktan\u00e1csad\u00f3ja (1986\u2013). A Rom\u00e1n Orvosi Akad. tiszteletbeli tagja (1995), a MOGYE d\u00edszdoktora (1996). Tudom\u00e1nyos dolgozatait magyar, rom\u00e1n, n\u00e9met \u00e9s angol nyelven k\u00f6z\u00f6lte: a fert\u0151z\u0151 betegs\u00e9gek k\u00f3r\u00e9lettan\u00e1r\u00f3l, a b\u00e9l, a l\u00e9p \u00e9lettan\u00e1r\u00f3l, az agym\u0171k\u00f6d\u00e9sr\u0151l, nyirokkering\u00e9sr\u0151l, a h\u0151szab\u00e1lyoz\u00e1sr\u00f3l \u00e9s az alv\u00e1sr\u00f3l.K\u0151nyomatos jegyzetei.\u00c1ltal\u00e1nos K\u00f3rtan; Az idegrendszer k\u00f3rtana; K\u00f3r\u00e9lettani gyakorlati jegyzet; K\u00f3r\u00e9lettan 1\u20133.k\u00f6t.; Gy\u00f3gyszertan (Mv., 1950\u201355).a P\u00e1pai P\u00e1riz Ferenc Alap\u00edtv\u00e1ny d\u00edjazottja (2001). <br \/><strong>Irod.:<\/strong> Feszt Gy\u00f6rgy: Prof.Dr. Ob\u00e1l Ferenc = D\u00edjazottaink; RMIL 4; Ob\u00e1l Ferenc = Jak\u00f3 Kl\u00e1ra, Cseke P\u00e9ter, Bodor Andr\u00e1s, Ob\u00e1l Ferenc, Magyari Andr\u00e1s, K\u00f6t\u0151 J\u00f3zsef: 1000 \u00e9ves a magyar iskola. Az erd\u00e9lyi magyar fels\u0151oktat\u00e1s \u00e9vsz\u00e1zadai.Eml\u00e9kk\u00f6nyv. Bolyai Egyetem Bar\u00e1ti Egyes\u00fclete.Bolyai Egyetem\u00e9rt Alap\u00edtv\u00e1ny. \u2013 Bp., 1996=Korunk, 1997. \u00e1pr. <\/br><\/p>\n","protected":false},"excerpt":{"rendered":"<p>Bp., 1916. szept. 16., \u2020\u00a02012: ovos, prof. dr. \u2013 Lud\u00e1ny Gy\u00f6rgy \u00e9let \u2013k\u00f3r- \u00e9s gy\u00f3gyszertan tan\u00edtv\u00e1nya, a bp.-i P\u00e1zm\u00e1ny P\u00e9ter TE-en (1936\u20131940), egy tan\u00e9vet a Heidelbergi Egyetem orvosi kar\u00e1n is hallgatott. Bp.-en a Kor\u00e9lettani Int\u00e9zetben gyakornok (1936\u20131940), k\u00f6zben a Heidelbergi Egyetem \u00c9lettani int\u00e9zet\u00e9ben dolgozott (1937\u20131939). Kv.-on a Ferenc J\u00f3zsef TE \u00c9lettani Int\u00e9zet\u00e9ben tan\u00e1rseg\u00e9d, majd adjunktus.Mv.-re [&hellip;]<\/p>\n","protected":false},"featured_media":0,"comment_status":"open","ping_status":"closed","template":"","meta":[],"product_brand":[],"product_cat":[137],"product_tag":[],"class_list":{"0":"post-16938","1":"product","2":"type-product","3":"status-publish","5":"product_cat-maros-megyei-eletrajzi-lexikon","7":"first","8":"instock","9":"shipping-taxable","10":"product-type-simple"},"_links":{"self":[{"href":"https:\/\/uj.adatbank.ro\/lexikon\/wp-json\/wp\/v2\/product\/16938","targetHints":{"allow":["GET"]}}],"collection":[{"href":"https:\/\/uj.adatbank.ro\/lexikon\/wp-json\/wp\/v2\/product"}],"about":[{"href":"https:\/\/uj.adatbank.ro\/lexikon\/wp-json\/wp\/v2\/types\/product"}],"replies":[{"embeddable":true,"href":"https:\/\/uj.adatbank.ro\/lexikon\/wp-json\/wp\/v2\/comments?post=16938"}],"wp:attachment":[{"href":"https:\/\/uj.adatbank.ro\/lexikon\/wp-json\/wp\/v2\/media?parent=16938"}],"wp:term":[{"taxonomy":"product_brand","embeddable":true,"href":"https:\/\/uj.adatbank.ro\/lexikon\/wp-json\/wp\/v2\/product_brand?post=16938"},{"taxonomy":"product_cat","embeddable":true,"href":"https:\/\/uj.adatbank.ro\/lexikon\/wp-json\/wp\/v2\/product_cat?post=16938"},{"taxonomy":"product_tag","embeddable":true,"href":"https:\/\/uj.adatbank.ro\/lexikon\/wp-json\/wp\/v2\/product_tag?post=16938"}],"curies":[{"name":"wp","href":"https:\/\/api.w.org\/{rel}","templated":true}]}}

OBÁL Ferenc

<p>Bp., 1916. szept. 16., † 2012: ovos, prof. dr. – Ludány György élet –kór- és gyógyszertan tanítványa, a bp.-i Pázmány Péter TE-en (1936–1940), egy tanévet a Heidelbergi Egyetem orvosi karán is hallgatott. Bp.-en a Korélettani Intézetben gyakornok (1936–1940), közben a Heidelbergi Egyetem Élettani intézetében dolgozott (1937–1939). Kv.-on a Ferenc József TE Élettani Intézetében tanársegéd, majd adjunktus.Mv.-re költöztették az egyetem orvosi karát, a MOGYI-t (1948). Tevékenységét Bp.-en az Országos idegsebészeti Tudományos Intézet élettani és EEG osztályvezetőőjeként folytatta (1948–1958). A Szegedi Orvostud. Egyetem élettan professzora és tanszékvezetője nyugdíjba vonulásáig (1958–1986) és szaktanácsadója (1986–). A Román Orvosi Akad. tiszteletbeli tagja (1995), a MOGYE díszdoktora (1996). Tudományos dolgozatait magyar, román, német és angol nyelven közölte: a fertőző betegségek kórélettanáról, a bél, a lép élettanáról, az agyműködésről, nyirokkeringésről, a hőszabályozásról és az alvásról.Kőnyomatos jegyzetei.Általános Kórtan; Az idegrendszer kórtana; Kórélettani gyakorlati jegyzet; Kórélettan 1–3.köt.; Gyógyszertan (Mv., 1950–55).a Pápai Páriz Ferenc Alapítvány díjazottja (2001). <br /><strong>Irod.:</strong> Feszt György: Prof.Dr. Obál Ferenc = Díjazottaink; RMIL 4; Obál Ferenc = Jakó Klára, Cseke Péter, Bodor András, Obál Ferenc, Magyari András, Kötő József: 1000 éves a magyar iskola. Az erdélyi magyar felsőoktatás évszázadai.Emlékkönyv. Bolyai Egyetem Baráti Egyesülete.Bolyai Egyetemért Alapítvány. – Bp., 1996=Korunk, 1997. ápr. </br></p>

<p>Bp., 1916. szept. 16., † 2012: ovos, prof. dr. – Ludány György élet –kór- és gyógyszertan tanítványa, a bp.-i Pázmány Péter TE-en (1936–1940), egy tanévet a Heidelbergi Egyetem orvosi karán is hallgatott. Bp.-en a Korélettani Intézetben gyakornok (1936–1940), közben a Heidelbergi Egyetem Élettani intézetében dolgozott (1937–1939). Kv.-on a Ferenc József TE Élettani Intézetében tanársegéd, majd adjunktus.Mv.-re [&hellip;]</p>
