{"id":16939,"date":"2025-07-15T23:35:43","date_gmt":"2025-07-15T21:35:43","guid":{"rendered":"https:\/\/uj.adatbank.ro\/lexikon\/termek\/oberschall-adolf\/"},"modified":"2025-07-15T23:35:43","modified_gmt":"2025-07-15T21:35:43","slug":"oberschall-adolf","status":"publish","type":"product","link":"https:\/\/uj.adatbank.ro\/lexikon\/termek\/oberschall-adolf\/","title":{"rendered":"OBERSCHALL Adolf"},"content":{"rendered":"<p>R\u00f3zsahegy, 1839. \u00e1pr. 17., \u2020 R\u00f3zsahegy, 1908. szept. 9.: jog\u00e1sz, a kir. t\u00e1bla eln\u00f6ke. \u2013 A pozsonyi jogakad\u00e9mi\u00e1n tanult, Pesten \u00fcgyv\u00e9\u00addi oklevelet szerzett (1862). Vid\u00e9ken \u00fcgyv\u00e9\u00addi gyakorlatot folytatott (1862\u2013), a pesti \u00edt\u00e9l\u0151\u00adt\u00e1bla p\u00f3tb\u00edr\u00e1ja (1870\u2013), r. b\u00edr\u00e1ja (1872\u2013), t\u00f6bb \u00e9ven ke\u00adreszt\u00fcl a semm\u00edt\u0151sz\u00e9ken \u00edt\u00e9lkezett, k\u00fariai b\u00edr\u00f3 (1885\u201386). A mv.-i (1886\u201391), a kassai \u00edt\u00e9l\u0151t\u00e1bla eln\u00f6ke (1891\u201394). Bp.-en a K\u00faria m\u00e1sodeln\u00f6ke (1903\u2013), el\u00adn\u00f6ke (1906\u2013), nyugd\u00edjazt\u00e1k (1908). Pauler Tivadar \u00e9s Erd\u00e9ly S\u00e1ndor miniszters\u00e9ge idej\u00e9n r\u00e9szt vett a Ptk. el\u0151k\u00e9sz\u00edt\u0151 munk\u00e1lataiban. Mv.-en virilista (1888). Az MTE alap\u00edt\u00f3 tagja (1884). A mv.-i Kaszin\u00f3 aleln\u00f6ke (1886). Szakcikkei a Jog\u00e1llam c. lpban elentek meg. A f\u0151rendih\u00e1z tagja (1901\u2014 08). A kolozsv\u00e1ri egy. t. doktora (1896), val\u00f3s\u00e1gos bels\u0151 titkos tan\u00e1csos (1903). \u2013 <strong>F. m.:<\/strong> \u00c9szrev\u00e9telek a polg\u00e1ri perrendtart\u00e1sr\u00f3l k\u00e9sz\u00fclt t\u00f6rv\u00e9nyjavaslat el\u0151ad\u00f3i tervezet\u00e9re (Bp., 1897). <br \/><strong>Irod.:<\/strong> Bi\u00e1s Istv\u00e1n; Sikl\u00f3ssy; \u00daM\u00c9L<\/br><\/p>\n","protected":false},"excerpt":{"rendered":"<p>R\u00f3zsahegy, 1839. \u00e1pr. 17., \u2020 R\u00f3zsahegy, 1908. szept. 9.: jog\u00e1sz, a kir. t\u00e1bla eln\u00f6ke. \u2013 A pozsonyi jogakad\u00e9mi\u00e1n tanult, Pesten \u00fcgyv\u00e9\u00addi oklevelet szerzett (1862). Vid\u00e9ken \u00fcgyv\u00e9\u00addi gyakorlatot folytatott (1862\u2013), a pesti \u00edt\u00e9l\u0151\u00adt\u00e1bla p\u00f3tb\u00edr\u00e1ja (1870\u2013), r. b\u00edr\u00e1ja (1872\u2013), t\u00f6bb \u00e9ven ke\u00adreszt\u00fcl a semm\u00edt\u0151sz\u00e9ken \u00edt\u00e9lkezett, k\u00fariai b\u00edr\u00f3 (1885\u201386). A mv.-i (1886\u201391), a kassai \u00edt\u00e9l\u0151t\u00e1bla eln\u00f6ke (1891\u201394). Bp.-en [&hellip;]<\/p>\n","protected":false},"featured_media":0,"comment_status":"open","ping_status":"closed","template":"","meta":[],"product_brand":[],"product_cat":[137],"product_tag":[],"class_list":{"0":"post-16939","1":"product","2":"type-product","3":"status-publish","5":"product_cat-maros-megyei-eletrajzi-lexikon","7":"first","8":"instock","9":"shipping-taxable","10":"product-type-simple"},"_links":{"self":[{"href":"https:\/\/uj.adatbank.ro\/lexikon\/wp-json\/wp\/v2\/product\/16939","targetHints":{"allow":["GET"]}}],"collection":[{"href":"https:\/\/uj.adatbank.ro\/lexikon\/wp-json\/wp\/v2\/product"}],"about":[{"href":"https:\/\/uj.adatbank.ro\/lexikon\/wp-json\/wp\/v2\/types\/product"}],"replies":[{"embeddable":true,"href":"https:\/\/uj.adatbank.ro\/lexikon\/wp-json\/wp\/v2\/comments?post=16939"}],"wp:attachment":[{"href":"https:\/\/uj.adatbank.ro\/lexikon\/wp-json\/wp\/v2\/media?parent=16939"}],"wp:term":[{"taxonomy":"product_brand","embeddable":true,"href":"https:\/\/uj.adatbank.ro\/lexikon\/wp-json\/wp\/v2\/product_brand?post=16939"},{"taxonomy":"product_cat","embeddable":true,"href":"https:\/\/uj.adatbank.ro\/lexikon\/wp-json\/wp\/v2\/product_cat?post=16939"},{"taxonomy":"product_tag","embeddable":true,"href":"https:\/\/uj.adatbank.ro\/lexikon\/wp-json\/wp\/v2\/product_tag?post=16939"}],"curies":[{"name":"wp","href":"https:\/\/api.w.org\/{rel}","templated":true}]}}

<p>Rózsahegy, 1839. ápr. 17., † Rózsahegy, 1908. szept. 9.: jogász, a kir. tábla elnöke. – A pozsonyi jogakadémián tanult, Pesten ügyvé­di oklevelet szerzett (1862). Vidéken ügyvé­di gyakorlatot folytatott (1862–), a pesti ítélő­tábla pótbírája (1870–), r. bírája (1872–), több éven ke­resztül a semmítőszéken ítélkezett, kúriai bíró (1885–86). A mv.-i (1886–91), a kassai ítélőtábla elnöke (1891–94). Bp.-en a Kúria másodelnöke (1903–), el­nöke (1906–), nyugdíjazták (1908). Pauler Tivadar és Erdély Sándor minisztersége idején részt vett a Ptk. előkészítő munkálataiban. Mv.-en virilista (1888). Az MTE alapító tagja (1884). A mv.-i Kaszinó alelnöke (1886). Szakcikkei a Jogállam c. lpban elentek meg. A főrendiház tagja (1901— 08). A kolozsvári egy. t. doktora (1896), valóságos belső titkos tanácsos (1903). – <strong>F. m.:</strong> Észrevételek a polgári perrendtartásról készült törvényjavaslat előadói tervezetére (Bp., 1897). <br /><strong>Irod.:</strong> Biás István; Siklóssy; ÚMÉL</br></p>

<p>Rózsahegy, 1839. ápr. 17., † Rózsahegy, 1908. szept. 9.: jogász, a kir. tábla elnöke. – A pozsonyi jogakadémián tanult, Pesten ügyvé­di oklevelet szerzett (1862). Vidéken ügyvé­di gyakorlatot folytatott (1862–), a pesti ítélő­tábla pótbírája (1870–), r. bírája (1872–), több éven ke­resztül a semmítőszéken ítélkezett, kúriai bíró (1885–86). A mv.-i (1886–91), a kassai ítélőtábla elnöke (1891–94). Bp.-en [&hellip;]</p>
