{"id":16941,"date":"2025-07-15T23:35:47","date_gmt":"2025-07-15T21:35:47","guid":{"rendered":"https:\/\/uj.adatbank.ro\/lexikon\/termek\/oberth-hermann-%c2%a7\/"},"modified":"2025-07-15T23:35:47","modified_gmt":"2025-07-15T21:35:47","slug":"oberth-hermann-%c2%a7","status":"publish","type":"product","link":"https:\/\/uj.adatbank.ro\/lexikon\/termek\/oberth-hermann-%c2%a7\/","title":{"rendered":"OBERTH, Hermann, \u00a7"},"content":{"rendered":"<p>Nagyszeben, 1894. j\u00fan. 25., \u2020 Feucht (N\u00e9meto.), 1898. dec. 28.: fizikus, matematikus, feltal\u00e1l\u00f3, az \u0171rhaj\u00f3z\u00e1s \u00fatt\u00f6r\u0151je. \u2013 Elemi iskol\u00e1it (1900\u201304) \u00e9s a Teutsch gimn\u00e1ziumot Segesv\u00e1ron v\u00e9gezte (1904\u201312). Orvosnak k\u00e9sz\u00fclt M\u00fcnchenben (1913\u2013), de jobban \u00e9rdekelte az aerodinamika \u00e9s a fizika. A keleti fronton megsebes\u00fclt (1915) \u00e9s visszat\u00e9rt Segesv\u00e1rra eg\u00e9szs\u00e9g\u00fcgyi \u00f6rmesterk\u00e9nt. H\u00e1zass\u00e1got k\u00f6t\u00f6tt a segesv\u00e1ri Mathilde Hummellel (1918. j\u00fal. 6.). Bp.-en folytatta orvosi tanulm\u00e1nyait. Fizik\u00e1t kezdett tanulni Kv.-on (1919\u201323). Tanulm\u00e1nyait M\u00fcnchenben, G\u00f6ttingenben, Heidelbergben folytatta. Haza t\u00e9rve matematikatan\u00e1r Segesv\u00e1ron, Medgyesre k\u00f6lt\u00f6z\u00f6tt matematik\u00e1t \u00e9s fizik\u00e1t tan\u00edtott a St. Ludwig Roth Gimn\u00e1ziumban (1925\u201328). K\u00fclf\u00f6ld\u00f6n \u00e9lt, Berlinben tudom\u00e1nyos tan\u00e1csad\u00f3ja \u201eA n\u0151 a Holdon\u201d c. filmn\u00e9l, amihez benzinnel \u00e9s foly\u00e9kony oxig\u00e9nnel meghajtott rak\u00e9t\u00e1t \u00e9p\u00edtett (1928\u2013). A N\u00e9met tal\u00e1lm\u00e1nyok hivatal\u00e1ban h\u00e1rom rak\u00e9t\u00e1ra vonatkoz\u00f3 felfedez\u00e9st \u00e9s megold\u00e1st szabadalmaztatott (1929), megkapta a tal\u00e1lm\u00e1nyi szabadalmat az els\u0151 kis\u00e9rleti rak\u00e9ta motorj\u00e1hoz (1930). A rom\u00e1n tal\u00e1lm\u00e1nyi hivatal is szabadalmazta egy tal\u00e1lm\u00e1ny\u00e1t (1931). II. K\u00e1roly kir\u00e1ly enged\u00e9ly\u00e9vel a medgyesi katonai rep\u00fcl\u0151 iskola m\u0171hely\u00e9ben v\u00e9gzett kis\u00e9rleteket (1932). Felfdezte, hogy az amm\u00f3niumnitr\u00e1t egy lehets\u00e9ges szil\u00e1rd \u00fczemanyag a rak\u00e9t\u00e1k r\u00e9sz\u00e9re (1934). Medgyesen el\u0151sz\u00f6r ind\u00edtott kis\u00e9rleti rak\u00e9t\u00e1t (1935). Megh\u00edvt\u00e1k professzornak B\u00e9csbe a Politechnikai Int\u00e9zetbe (1938\u201339), majd Drezd\u00e1ba a Politechnikai Int\u00e9zetbe (1940\u201341), a h\u00e1bor\u00fa idej\u00e9n a n\u00e9met had\u00fcgyet szolg\u00e1lta, Peenem\u00fcnd\u00e9ben dolgozott aV\u20132 rak\u00e9ta kifejleszt\u00e9s\u00e9n. Feuchtban telepedett le csal\u00e1dj\u00e1val (1945\u2013). Az olasz hadsereg megb\u00edz\u00e1s\u00e1b\u00f3l l\u00e9gv\u00e9delmi rak\u00e9t\u00e1kat tervezett (1950\u201353), majd az amerikai \u0171rprogramban vett r\u00e9szt Huntsville-ben (Ala.) W. von Braun munkat\u00e1rsak\u00e9nt (1955\u201358). A Rom\u00e1n Akad. tagja post mortem (1991. jan. 31.).S mellszobrot \u00e1ll\u00edtottak eml\u00e9k\u00e9re. \u2013 <strong>F. m.:<\/strong> Die Rakete zu den Planetenr\u00e4umen (1923); Wege zur Raumschiffahrt (1929); \u00dcber die beste Teilung von Stufenraketen (1941); Menschen im Weltraum (1956); Fleight Time and Accuracy of an Earth-to Moon Missile (1957); Das Mondauto (1959); Stoff und Leben (1959); A Proposed Electrical Spaceship Engine (1962); Wege zur Raumschiffahrt (Buk., 1974); Das Drachenwindkraftwerk (1977); Der Weltraumspiegel (Buk., 1978); Briefwehsel 1\u20132 (szer. Hans Barth; Buk., 1979, 1984); W\u00e4hlerfiebel f\u00fcr ein Weltparlament (1984); szerk: Barth, Hans: Das Raumzeitalter: Der Weg in die Enendlichkeit (el\u0151sz\u00f3; Cluj-N., 1981). <br \/><strong>Irod.:<\/strong> Barth, Hans: H. O.: Titan der Weltraumfahrt (Buk., 1974); Barth, Hans: H. O.: Titanul naviga\u0163iei spa\u0163iale (Buc., 1975, 1979); DS\u20132000; Von Honterus zu Oberth: Bedeutende siebenb\u00fcrgisch-deutsche Naturwissenschaftler, Techniker und Mediziner (Buk., 1980); De la Honterus la Obert: naturali\u015fti, tehniceni \u015fi medici de seam\u0103 germani din Transilvania (szerk. Hans Barth; Buc., 1985); EMP; LSS; MNL; Mure\u015f, jude\u0163; Sighi\u015foara perla Transilvaniei<\/br><\/p>\n","protected":false},"excerpt":{"rendered":"<p>Nagyszeben, 1894. j\u00fan. 25., \u2020 Feucht (N\u00e9meto.), 1898. dec. 28.: fizikus, matematikus, feltal\u00e1l\u00f3, az \u0171rhaj\u00f3z\u00e1s \u00fatt\u00f6r\u0151je. \u2013 Elemi iskol\u00e1it (1900\u201304) \u00e9s a Teutsch gimn\u00e1ziumot Segesv\u00e1ron v\u00e9gezte (1904\u201312). Orvosnak k\u00e9sz\u00fclt M\u00fcnchenben (1913\u2013), de jobban \u00e9rdekelte az aerodinamika \u00e9s a fizika. A keleti fronton megsebes\u00fclt (1915) \u00e9s visszat\u00e9rt Segesv\u00e1rra eg\u00e9szs\u00e9g\u00fcgyi \u00f6rmesterk\u00e9nt. H\u00e1zass\u00e1got k\u00f6t\u00f6tt a segesv\u00e1ri Mathilde Hummellel [&hellip;]<\/p>\n","protected":false},"featured_media":0,"comment_status":"open","ping_status":"closed","template":"","meta":[],"product_brand":[],"product_cat":[137],"product_tag":[],"class_list":{"0":"post-16941","1":"product","2":"type-product","3":"status-publish","5":"product_cat-maros-megyei-eletrajzi-lexikon","7":"first","8":"instock","9":"shipping-taxable","10":"product-type-simple"},"_links":{"self":[{"href":"https:\/\/uj.adatbank.ro\/lexikon\/wp-json\/wp\/v2\/product\/16941","targetHints":{"allow":["GET"]}}],"collection":[{"href":"https:\/\/uj.adatbank.ro\/lexikon\/wp-json\/wp\/v2\/product"}],"about":[{"href":"https:\/\/uj.adatbank.ro\/lexikon\/wp-json\/wp\/v2\/types\/product"}],"replies":[{"embeddable":true,"href":"https:\/\/uj.adatbank.ro\/lexikon\/wp-json\/wp\/v2\/comments?post=16941"}],"wp:attachment":[{"href":"https:\/\/uj.adatbank.ro\/lexikon\/wp-json\/wp\/v2\/media?parent=16941"}],"wp:term":[{"taxonomy":"product_brand","embeddable":true,"href":"https:\/\/uj.adatbank.ro\/lexikon\/wp-json\/wp\/v2\/product_brand?post=16941"},{"taxonomy":"product_cat","embeddable":true,"href":"https:\/\/uj.adatbank.ro\/lexikon\/wp-json\/wp\/v2\/product_cat?post=16941"},{"taxonomy":"product_tag","embeddable":true,"href":"https:\/\/uj.adatbank.ro\/lexikon\/wp-json\/wp\/v2\/product_tag?post=16941"}],"curies":[{"name":"wp","href":"https:\/\/api.w.org\/{rel}","templated":true}]}}

<p>Nagyszeben, 1894. jún. 25., † Feucht (Németo.), 1898. dec. 28.: fizikus, matematikus, feltaláló, az űrhajózás úttörője. – Elemi iskoláit (1900–04) és a Teutsch gimnáziumot Segesváron végezte (1904–12). Orvosnak készült Münchenben (1913–), de jobban érdekelte az aerodinamika és a fizika. A keleti fronton megsebesült (1915) és visszatért Segesvárra egészségügyi örmesterként. Házasságot kötött a segesvári Mathilde Hummellel (1918. júl. 6.). Bp.-en folytatta orvosi tanulmányait. Fizikát kezdett tanulni Kv.-on (1919–23). Tanulmányait Münchenben, Göttingenben, Heidelbergben folytatta. Haza térve matematikatanár Segesváron, Medgyesre költözött matematikát és fizikát tanított a St. Ludwig Roth Gimnáziumban (1925–28). Külföldön élt, Berlinben tudományos tanácsadója „A nő a Holdon” c. filmnél, amihez benzinnel és folyékony oxigénnel meghajtott rakétát épített (1928–). A Német találmányok hivatalában három rakétára vonatkozó felfedezést és megoldást szabadalmaztatott (1929), megkapta a találmányi szabadalmat az első kisérleti rakéta motorjához (1930). A román találmányi hivatal is szabadalmazta egy találmányát (1931). II. Károly király engedélyével a medgyesi katonai repülő iskola műhelyében végzett kisérleteket (1932). Felfdezte, hogy az ammóniumnitrát egy lehetséges szilárd üzemanyag a rakéták részére (1934). Medgyesen először indított kisérleti rakétát (1935). Meghívták professzornak Bécsbe a Politechnikai Intézetbe (1938–39), majd Drezdába a Politechnikai Intézetbe (1940–41), a háború idején a német hadügyet szolgálta, Peenemündében dolgozott aV–2 rakéta kifejlesztésén. Feuchtban telepedett le családjával (1945–). Az olasz hadsereg megbízásából légvédelmi rakétákat tervezett (1950–53), majd az amerikai űrprogramban vett részt Huntsville-ben (Ala.) W. von Braun munkatársaként (1955–58). A Román Akad. tagja post mortem (1991. jan. 31.).S mellszobrot állítottak emlékére. – <strong>F. m.:</strong> Die Rakete zu den Planetenräumen (1923); Wege zur Raumschiffahrt (1929); Über die beste Teilung von Stufenraketen (1941); Menschen im Weltraum (1956); Fleight Time and Accuracy of an Earth-to Moon Missile (1957); Das Mondauto (1959); Stoff und Leben (1959); A Proposed Electrical Spaceship Engine (1962); Wege zur Raumschiffahrt (Buk., 1974); Das Drachenwindkraftwerk (1977); Der Weltraumspiegel (Buk., 1978); Briefwehsel 1–2 (szer. Hans Barth; Buk., 1979, 1984); Wählerfiebel für ein Weltparlament (1984); szerk: Barth, Hans: Das Raumzeitalter: Der Weg in die Enendlichkeit (előszó; Cluj-N., 1981). <br /><strong>Irod.:</strong> Barth, Hans: H. O.: Titan der Weltraumfahrt (Buk., 1974); Barth, Hans: H. O.: Titanul navigaţiei spaţiale (Buc., 1975, 1979); DS–2000; Von Honterus zu Oberth: Bedeutende siebenbürgisch-deutsche Naturwissenschaftler, Techniker und Mediziner (Buk., 1980); De la Honterus la Obert: naturalişti, tehniceni şi medici de seamă germani din Transilvania (szerk. Hans Barth; Buc., 1985); EMP; LSS; MNL; Mureş, judeţ; Sighişoara perla Transilvaniei</br></p>

<p>Nagyszeben, 1894. jún. 25., † Feucht (Németo.), 1898. dec. 28.: fizikus, matematikus, feltaláló, az űrhajózás úttörője. – Elemi iskoláit (1900–04) és a Teutsch gimnáziumot Segesváron végezte (1904–12). Orvosnak készült Münchenben (1913–), de jobban érdekelte az aerodinamika és a fizika. A keleti fronton megsebesült (1915) és visszatért Segesvárra egészségügyi örmesterként. Házasságot kötött a segesvári Mathilde Hummellel [&hellip;]</p>
