{"id":16942,"date":"2025-07-15T23:35:48","date_gmt":"2025-07-15T21:35:48","guid":{"rendered":"https:\/\/uj.adatbank.ro\/lexikon\/termek\/oberth-julius\/"},"modified":"2025-07-15T23:35:48","modified_gmt":"2025-07-15T21:35:48","slug":"oberth-julius","status":"publish","type":"product","link":"https:\/\/uj.adatbank.ro\/lexikon\/termek\/oberth-julius\/","title":{"rendered":"OBERTH, Julius"},"content":{"rendered":"<p>Medgyes, 1862. febr, 27 \u2020 1946. j\u00fan. 14: orvos. \u2013 A brass\u00f3i ev. Gimn\u00e1ziumban\u00e9retts\u00e9gizett. Orvosi tanulm\u00e1nyokat B\u00e9csben folytatott (1881\u201387). K\u00fcl\u00f6nb\u00f6z\u0151 b\u00e9csi klinik\u00e1kon dolgozott (\u20131888), majd a Seb\u00e9szeti (1888\u201389), Sz\u00fcl\u00e9szeti \u00e9s N\u0151gy\u00f3gy\u00e1szati Klinik\u00e1n seb\u00e9szseg\u00e9d (1889\u20131890), azut\u00e1n n\u00e9h\u00e1ny h\u00f3napig a Gyermekgy\u00f3gy\u00e1szati \u00e9s Belgy\u00f3gy\u00e1szati Klinik\u00e1n \u00f6nk\u00e9ntes. A szebeni Ferenc J\u00f3zsef Polg\u00e1ri K\u00f3rh\u00e1z \u00f6nk\u00e9ntese (1891\u2013), seg\u00e9dorvosa (1893\u2013). Segesv\u00e1ron gyakorl\u00f3 orvos (1886), a v\u00e1rmegyei k\u00f3rh\u00e1z igazgat\u00f3ja (1896\u20131926), k\u00f6zben a segesv\u00e1ri elmegy\u00f3gyint\u00e9zet igazgat\u00f3ja (1898) szembetegs\u00e9geket is kezelt. A M\u00fcller szanat\u00f3riumban dolgozott uo. (1926\u2013), majd \u00dajverb\u00e1szon dr. Hegeln\u00e9l. V\u00e9g\u00fcl Segesv\u00e1ron a k\u00f3rh\u00e1zban tev\u00e9kenykedett (1930\u201346). \u00c9vente k\u00fclf\u00f6ldi tanulm\u00e1nyutakon vett r\u00e9szt, amelyek sor\u00e1n klinik\u00e1kat l\u00e1togatott. \u2013 Irod : Fodor Ferenc 2000, Szab\u00f3\u2013Simon\u2013Sz\u00f6gi<\/br><\/p>\n","protected":false},"excerpt":{"rendered":"<p>Medgyes, 1862. febr, 27 \u2020 1946. j\u00fan. 14: orvos. \u2013 A brass\u00f3i ev. Gimn\u00e1ziumban\u00e9retts\u00e9gizett. Orvosi tanulm\u00e1nyokat B\u00e9csben folytatott (1881\u201387). K\u00fcl\u00f6nb\u00f6z\u0151 b\u00e9csi klinik\u00e1kon dolgozott (\u20131888), majd a Seb\u00e9szeti (1888\u201389), Sz\u00fcl\u00e9szeti \u00e9s N\u0151gy\u00f3gy\u00e1szati Klinik\u00e1n seb\u00e9szseg\u00e9d (1889\u20131890), azut\u00e1n n\u00e9h\u00e1ny h\u00f3napig a Gyermekgy\u00f3gy\u00e1szati \u00e9s Belgy\u00f3gy\u00e1szati Klinik\u00e1n \u00f6nk\u00e9ntes. A szebeni Ferenc J\u00f3zsef Polg\u00e1ri K\u00f3rh\u00e1z \u00f6nk\u00e9ntese (1891\u2013), seg\u00e9dorvosa (1893\u2013). Segesv\u00e1ron gyakorl\u00f3 [&hellip;]<\/p>\n","protected":false},"featured_media":0,"comment_status":"open","ping_status":"closed","template":"","meta":[],"product_brand":[],"product_cat":[137],"product_tag":[],"class_list":{"0":"post-16942","1":"product","2":"type-product","3":"status-publish","5":"product_cat-maros-megyei-eletrajzi-lexikon","7":"first","8":"instock","9":"shipping-taxable","10":"product-type-simple"},"_links":{"self":[{"href":"https:\/\/uj.adatbank.ro\/lexikon\/wp-json\/wp\/v2\/product\/16942","targetHints":{"allow":["GET"]}}],"collection":[{"href":"https:\/\/uj.adatbank.ro\/lexikon\/wp-json\/wp\/v2\/product"}],"about":[{"href":"https:\/\/uj.adatbank.ro\/lexikon\/wp-json\/wp\/v2\/types\/product"}],"replies":[{"embeddable":true,"href":"https:\/\/uj.adatbank.ro\/lexikon\/wp-json\/wp\/v2\/comments?post=16942"}],"wp:attachment":[{"href":"https:\/\/uj.adatbank.ro\/lexikon\/wp-json\/wp\/v2\/media?parent=16942"}],"wp:term":[{"taxonomy":"product_brand","embeddable":true,"href":"https:\/\/uj.adatbank.ro\/lexikon\/wp-json\/wp\/v2\/product_brand?post=16942"},{"taxonomy":"product_cat","embeddable":true,"href":"https:\/\/uj.adatbank.ro\/lexikon\/wp-json\/wp\/v2\/product_cat?post=16942"},{"taxonomy":"product_tag","embeddable":true,"href":"https:\/\/uj.adatbank.ro\/lexikon\/wp-json\/wp\/v2\/product_tag?post=16942"}],"curies":[{"name":"wp","href":"https:\/\/api.w.org\/{rel}","templated":true}]}}

<p>Medgyes, 1862. febr, 27 † 1946. jún. 14: orvos. – A brassói ev. Gimnáziumbanérettségizett. Orvosi tanulmányokat Bécsben folytatott (1881–87). Különböző bécsi klinikákon dolgozott (–1888), majd a Sebészeti (1888–89), Szülészeti és Nőgyógyászati Klinikán sebészsegéd (1889–1890), azután néhány hónapig a Gyermekgyógyászati és Belgyógyászati Klinikán önkéntes. A szebeni Ferenc József Polgári Kórház önkéntese (1891–), segédorvosa (1893–). Segesváron gyakorló orvos (1886), a vármegyei kórház igazgatója (1896–1926), közben a segesvári elmegyógyintézet igazgatója (1898) szembetegségeket is kezelt. A Müller szanatóriumban dolgozott uo. (1926–), majd Újverbászon dr. Hegelnél. Végül Segesváron a kórházban tevékenykedett (1930–46). Évente külföldi tanulmányutakon vett részt, amelyek során klinikákat látogatott. – Irod : Fodor Ferenc 2000, Szabó–Simon–Szögi</br></p>

<p>Medgyes, 1862. febr, 27 † 1946. jún. 14: orvos. – A brassói ev. Gimnáziumbanérettségizett. Orvosi tanulmányokat Bécsben folytatott (1881–87). Különböző bécsi klinikákon dolgozott (–1888), majd a Sebészeti (1888–89), Szülészeti és Nőgyógyászati Klinikán sebészsegéd (1889–1890), azután néhány hónapig a Gyermekgyógyászati és Belgyógyászati Klinikán önkéntes. A szebeni Ferenc József Polgári Kórház önkéntese (1891–), segédorvosa (1893–). Segesváron gyakorló [&hellip;]</p>
