{"id":16945,"date":"2025-07-15T23:35:55","date_gmt":"2025-07-15T21:35:55","guid":{"rendered":"https:\/\/uj.adatbank.ro\/lexikon\/termek\/ocskai-istvan-ocskoi-es-felsodubovanyi\/"},"modified":"2025-07-15T23:35:55","modified_gmt":"2025-07-15T21:35:55","slug":"ocskai-istvan-ocskoi-es-felsodubovanyi","status":"publish","type":"product","link":"https:\/\/uj.adatbank.ro\/lexikon\/termek\/ocskai-istvan-ocskoi-es-felsodubovanyi\/","title":{"rendered":"OCSKAI Istv\u00e1n, ocsk\u00f3i \u00e9s fels\u0151dubov\u00e1nyi"},"content":{"rendered":"<p>1884., \u2020 Ny\u00e1r\u00e1dmagyar\u00f3s, 1955. aug. 13.: f\u00f6ldbirtokos. \u2013 Feles\u00e9ge M\u00e1ri\u00e1ssy Klementina (esk. 1913). Gyermekeik: Mih\u00e1ly, \u00c9va, L\u00e1szl\u00f3, Zsuzsanna. \u2013 Piskir\u0151l telep\u00edtett\u00e9k ki. <br \/><strong>Irod.:<\/strong> Lev\u00e9lt\u00e1ri gy\u00e1szj.; Maros-k\u00fck\u00fcll\u0151i f\u0151esp.<\/br><\/p>\n","protected":false},"excerpt":{"rendered":"<p>1884., \u2020 Ny\u00e1r\u00e1dmagyar\u00f3s, 1955. aug. 13.: f\u00f6ldbirtokos. \u2013 Feles\u00e9ge M\u00e1ri\u00e1ssy Klementina (esk. 1913). Gyermekeik: Mih\u00e1ly, \u00c9va, L\u00e1szl\u00f3, Zsuzsanna. \u2013 Piskir\u0151l telep\u00edtett\u00e9k ki. Irod.: Lev\u00e9lt\u00e1ri gy\u00e1szj.; Maros-k\u00fck\u00fcll\u0151i f\u0151esp.<\/p>\n","protected":false},"featured_media":0,"comment_status":"open","ping_status":"closed","template":"","meta":[],"product_brand":[],"product_cat":[137],"product_tag":[],"class_list":{"0":"post-16945","1":"product","2":"type-product","3":"status-publish","5":"product_cat-maros-megyei-eletrajzi-lexikon","7":"first","8":"instock","9":"shipping-taxable","10":"product-type-simple"},"_links":{"self":[{"href":"https:\/\/uj.adatbank.ro\/lexikon\/wp-json\/wp\/v2\/product\/16945","targetHints":{"allow":["GET"]}}],"collection":[{"href":"https:\/\/uj.adatbank.ro\/lexikon\/wp-json\/wp\/v2\/product"}],"about":[{"href":"https:\/\/uj.adatbank.ro\/lexikon\/wp-json\/wp\/v2\/types\/product"}],"replies":[{"embeddable":true,"href":"https:\/\/uj.adatbank.ro\/lexikon\/wp-json\/wp\/v2\/comments?post=16945"}],"wp:attachment":[{"href":"https:\/\/uj.adatbank.ro\/lexikon\/wp-json\/wp\/v2\/media?parent=16945"}],"wp:term":[{"taxonomy":"product_brand","embeddable":true,"href":"https:\/\/uj.adatbank.ro\/lexikon\/wp-json\/wp\/v2\/product_brand?post=16945"},{"taxonomy":"product_cat","embeddable":true,"href":"https:\/\/uj.adatbank.ro\/lexikon\/wp-json\/wp\/v2\/product_cat?post=16945"},{"taxonomy":"product_tag","embeddable":true,"href":"https:\/\/uj.adatbank.ro\/lexikon\/wp-json\/wp\/v2\/product_tag?post=16945"}],"curies":[{"name":"wp","href":"https:\/\/api.w.org\/{rel}","templated":true}]}}