{"id":1695,"date":"2025-06-28T11:50:16","date_gmt":"2025-06-28T09:50:16","guid":{"rendered":"https:\/\/uj.adatbank.ro\/lexikon\/termek\/ajvasz-ajtony-jeno\/"},"modified":"2025-06-28T11:50:16","modified_gmt":"2025-06-28T09:50:16","slug":"ajvasz-ajtony-jeno","status":"publish","type":"product","link":"https:\/\/uj.adatbank.ro\/lexikon\/termek\/ajvasz-ajtony-jeno\/","title":{"rendered":"\u00c1JV\u00c1SZ AJTONY Jen\u0151"},"content":{"rendered":"<p>Sz\u00e9kelykereszt\u00far, 1890.,\u2020\u00a0Mv.,1955: gy\u00f3gyszer\u00e9sz. \u2013 \u00c1jv\u00e1z Krist\u00f3f \u00e9s Szenkovits R\u00f3za fia. \u2013 K\u00f6z\u00e9piskol\u00e1s Erzs\u00e9betv\u00e1roson, az egyetemet Kv.-on v\u00e9gezte, diplom\u00e1zott (1911), majd B\u00e9csben \u00e9s Bp.-en folytatta tanulm\u00e1nyait. Gy\u00f3gyszer\u00e9sz Sz\u00e9kelykereszt\u00faron. Cs\u00edkszered\u00e1ban a Fekete Sas gy\u00f3gyszert\u00e1rat m\u0171k\u00f6dtette \u00c1rp\u00e1d tesv\u00e9r\u00e9vel (1923\u2013). A vil\u00e1g-h\u00e1bor\u00faban az erzs\u00e9betv\u00e1rosi hadik\u00f3rh\u00e1z vezet\u0151je, f\u0151hadnagy rangban. Balatonbogl\u00e1ron fogs\u00e1gba, hadifogolyk\u00e9nt oroszorsz\u00e1gba ker\u00fclt (1946-ban szabadult). Sz\u00e9kelykereszt\u00faron az \u00e1llami gy\u00f3gyszert\u00e1r alkalmazottja hal\u00e1l\u00e1ig. <br \/><strong>Irod.:<\/strong> Sz\u00e1va 2012<\/br><\/p>\n","protected":false},"excerpt":{"rendered":"<p>Sz\u00e9kelykereszt\u00far, 1890.,\u2020\u00a0Mv.,1955: gy\u00f3gyszer\u00e9sz. \u2013 \u00c1jv\u00e1z Krist\u00f3f \u00e9s Szenkovits R\u00f3za fia. \u2013 K\u00f6z\u00e9piskol\u00e1s Erzs\u00e9betv\u00e1roson, az egyetemet Kv.-on v\u00e9gezte, diplom\u00e1zott (1911), majd B\u00e9csben \u00e9s Bp.-en folytatta tanulm\u00e1nyait. Gy\u00f3gyszer\u00e9sz Sz\u00e9kelykereszt\u00faron. Cs\u00edkszered\u00e1ban a Fekete Sas gy\u00f3gyszert\u00e1rat m\u0171k\u00f6dtette \u00c1rp\u00e1d tesv\u00e9r\u00e9vel (1923\u2013). A vil\u00e1g-h\u00e1bor\u00faban az erzs\u00e9betv\u00e1rosi hadik\u00f3rh\u00e1z vezet\u0151je, f\u0151hadnagy rangban. Balatonbogl\u00e1ron fogs\u00e1gba, hadifogolyk\u00e9nt oroszorsz\u00e1gba ker\u00fclt (1946-ban szabadult). Sz\u00e9kelykereszt\u00faron az \u00e1llami gy\u00f3gyszert\u00e1r [&hellip;]<\/p>\n","protected":false},"featured_media":0,"comment_status":"open","ping_status":"closed","template":"","meta":[],"product_brand":[],"product_cat":[137],"product_tag":[],"class_list":{"0":"post-1695","1":"product","2":"type-product","3":"status-publish","5":"product_cat-maros-megyei-eletrajzi-lexikon","7":"first","8":"instock","9":"shipping-taxable","10":"product-type-simple"},"_links":{"self":[{"href":"https:\/\/uj.adatbank.ro\/lexikon\/wp-json\/wp\/v2\/product\/1695","targetHints":{"allow":["GET"]}}],"collection":[{"href":"https:\/\/uj.adatbank.ro\/lexikon\/wp-json\/wp\/v2\/product"}],"about":[{"href":"https:\/\/uj.adatbank.ro\/lexikon\/wp-json\/wp\/v2\/types\/product"}],"replies":[{"embeddable":true,"href":"https:\/\/uj.adatbank.ro\/lexikon\/wp-json\/wp\/v2\/comments?post=1695"}],"wp:attachment":[{"href":"https:\/\/uj.adatbank.ro\/lexikon\/wp-json\/wp\/v2\/media?parent=1695"}],"wp:term":[{"taxonomy":"product_brand","embeddable":true,"href":"https:\/\/uj.adatbank.ro\/lexikon\/wp-json\/wp\/v2\/product_brand?post=1695"},{"taxonomy":"product_cat","embeddable":true,"href":"https:\/\/uj.adatbank.ro\/lexikon\/wp-json\/wp\/v2\/product_cat?post=1695"},{"taxonomy":"product_tag","embeddable":true,"href":"https:\/\/uj.adatbank.ro\/lexikon\/wp-json\/wp\/v2\/product_tag?post=1695"}],"curies":[{"name":"wp","href":"https:\/\/api.w.org\/{rel}","templated":true}]}}

ÁJVÁSZ AJTONY Jenő

<p>Székelykeresztúr, 1890.,† Mv.,1955: gyógyszerész. – Ájváz Kristóf és Szenkovits Róza fia. – Középiskolás Erzsébetvároson, az egyetemet Kv.-on végezte, diplomázott (1911), majd Bécsben és Bp.-en folytatta tanulmányait. Gyógyszerész Székelykeresztúron. Csíkszeredában a Fekete Sas gyógyszertárat működtette Árpád tesvérével (1923–). A világ-háborúban az erzsébetvárosi hadikórház vezetője, főhadnagy rangban. Balatonbogláron fogságba, hadifogolyként oroszországba került (1946-ban szabadult). Székelykeresztúron az állami gyógyszertár alkalmazottja haláláig. <br /><strong>Irod.:</strong> Száva 2012</br></p>

<p>Székelykeresztúr, 1890.,† Mv.,1955: gyógyszerész. – Ájváz Kristóf és Szenkovits Róza fia. – Középiskolás Erzsébetvároson, az egyetemet Kv.-on végezte, diplomázott (1911), majd Bécsben és Bp.-en folytatta tanulmányait. Gyógyszerész Székelykeresztúron. Csíkszeredában a Fekete Sas gyógyszertárat működtette Árpád tesvérével (1923–). A világ-háborúban az erzsébetvárosi hadikórház vezetője, főhadnagy rangban. Balatonbogláron fogságba, hadifogolyként oroszországba került (1946-ban szabadult). Székelykeresztúron az állami gyógyszertár [&hellip;]</p>
