{"id":16954,"date":"2025-07-15T23:36:11","date_gmt":"2025-07-15T21:36:11","guid":{"rendered":"https:\/\/uj.adatbank.ro\/lexikon\/termek\/ohrlich-nandor\/"},"modified":"2025-07-15T23:36:11","modified_gmt":"2025-07-15T21:36:11","slug":"ohrlich-nandor","status":"publish","type":"product","link":"https:\/\/uj.adatbank.ro\/lexikon\/termek\/ohrlich-nandor\/","title":{"rendered":"OHRLICH N\u00e1ndor"},"content":{"rendered":"<p>? \u2020\u00a0?: m\u00e9rn\u00f6k, gy\u00e1rigazgat\u00f3. \u2013 A Foresta c\u00e9g mv.-i \u00fczem\u00e9nek, az egykori Farkas Mendel-f\u00e9le f\u0171r\u00e9sztelep igazgat\u00f3ja (1921). <br \/><strong>Irod.:<\/strong> Id\u0151t\u00e1r 3<\/br><\/p>\n","protected":false},"excerpt":{"rendered":"<p>? \u2020\u00a0?: m\u00e9rn\u00f6k, gy\u00e1rigazgat\u00f3. \u2013 A Foresta c\u00e9g mv.-i \u00fczem\u00e9nek, az egykori Farkas Mendel-f\u00e9le f\u0171r\u00e9sztelep igazgat\u00f3ja (1921). Irod.: Id\u0151t\u00e1r 3<\/p>\n","protected":false},"featured_media":0,"comment_status":"open","ping_status":"closed","template":"","meta":[],"product_brand":[],"product_cat":[137],"product_tag":[],"class_list":{"0":"post-16954","1":"product","2":"type-product","3":"status-publish","5":"product_cat-maros-megyei-eletrajzi-lexikon","7":"first","8":"instock","9":"shipping-taxable","10":"product-type-simple"},"_links":{"self":[{"href":"https:\/\/uj.adatbank.ro\/lexikon\/wp-json\/wp\/v2\/product\/16954","targetHints":{"allow":["GET"]}}],"collection":[{"href":"https:\/\/uj.adatbank.ro\/lexikon\/wp-json\/wp\/v2\/product"}],"about":[{"href":"https:\/\/uj.adatbank.ro\/lexikon\/wp-json\/wp\/v2\/types\/product"}],"replies":[{"embeddable":true,"href":"https:\/\/uj.adatbank.ro\/lexikon\/wp-json\/wp\/v2\/comments?post=16954"}],"wp:attachment":[{"href":"https:\/\/uj.adatbank.ro\/lexikon\/wp-json\/wp\/v2\/media?parent=16954"}],"wp:term":[{"taxonomy":"product_brand","embeddable":true,"href":"https:\/\/uj.adatbank.ro\/lexikon\/wp-json\/wp\/v2\/product_brand?post=16954"},{"taxonomy":"product_cat","embeddable":true,"href":"https:\/\/uj.adatbank.ro\/lexikon\/wp-json\/wp\/v2\/product_cat?post=16954"},{"taxonomy":"product_tag","embeddable":true,"href":"https:\/\/uj.adatbank.ro\/lexikon\/wp-json\/wp\/v2\/product_tag?post=16954"}],"curies":[{"name":"wp","href":"https:\/\/api.w.org\/{rel}","templated":true}]}}