{"id":16959,"date":"2025-07-15T23:36:22","date_gmt":"2025-07-15T21:36:22","guid":{"rendered":"https:\/\/uj.adatbank.ro\/lexikon\/termek\/olah-ferenc\/"},"modified":"2025-07-15T23:36:22","modified_gmt":"2025-07-15T21:36:22","slug":"olah-ferenc","status":"publish","type":"product","link":"https:\/\/uj.adatbank.ro\/lexikon\/termek\/olah-ferenc\/","title":{"rendered":"OL\u00c1H Ferenc"},"content":{"rendered":"<p>Sz\u00e9kelybere, 1914. nov. 25., \u2020\u00a0K\u0151r\u00f6smez\u0151, 1944. m\u00e1j. 1.: honv\u00e9d. \u2013 K\u00e9p\u00edr\u00f3 Zs\u00f3fia fia. \u2013 A 27. gyalogezred honv\u00e9dje. K\u0151r\u00f6smez\u0151 108. t\u00e1bori k\u00f3rh\u00e1z\u00e1ban sz\u00edvb\u00e9nul\u00e1sban halt meg. <br \/><strong>Irod.:<\/strong> Berekm\u00e9ri 2015<\/br><\/p>\n","protected":false},"excerpt":{"rendered":"<p>Sz\u00e9kelybere, 1914. nov. 25., \u2020\u00a0K\u0151r\u00f6smez\u0151, 1944. m\u00e1j. 1.: honv\u00e9d. \u2013 K\u00e9p\u00edr\u00f3 Zs\u00f3fia fia. \u2013 A 27. gyalogezred honv\u00e9dje. K\u0151r\u00f6smez\u0151 108. t\u00e1bori k\u00f3rh\u00e1z\u00e1ban sz\u00edvb\u00e9nul\u00e1sban halt meg. Irod.: Berekm\u00e9ri 2015<\/p>\n","protected":false},"featured_media":0,"comment_status":"open","ping_status":"closed","template":"","meta":[],"product_brand":[],"product_cat":[137],"product_tag":[],"class_list":{"0":"post-16959","1":"product","2":"type-product","3":"status-publish","5":"product_cat-maros-megyei-eletrajzi-lexikon","7":"first","8":"instock","9":"shipping-taxable","10":"product-type-simple"},"_links":{"self":[{"href":"https:\/\/uj.adatbank.ro\/lexikon\/wp-json\/wp\/v2\/product\/16959","targetHints":{"allow":["GET"]}}],"collection":[{"href":"https:\/\/uj.adatbank.ro\/lexikon\/wp-json\/wp\/v2\/product"}],"about":[{"href":"https:\/\/uj.adatbank.ro\/lexikon\/wp-json\/wp\/v2\/types\/product"}],"replies":[{"embeddable":true,"href":"https:\/\/uj.adatbank.ro\/lexikon\/wp-json\/wp\/v2\/comments?post=16959"}],"wp:attachment":[{"href":"https:\/\/uj.adatbank.ro\/lexikon\/wp-json\/wp\/v2\/media?parent=16959"}],"wp:term":[{"taxonomy":"product_brand","embeddable":true,"href":"https:\/\/uj.adatbank.ro\/lexikon\/wp-json\/wp\/v2\/product_brand?post=16959"},{"taxonomy":"product_cat","embeddable":true,"href":"https:\/\/uj.adatbank.ro\/lexikon\/wp-json\/wp\/v2\/product_cat?post=16959"},{"taxonomy":"product_tag","embeddable":true,"href":"https:\/\/uj.adatbank.ro\/lexikon\/wp-json\/wp\/v2\/product_tag?post=16959"}],"curies":[{"name":"wp","href":"https:\/\/api.w.org\/{rel}","templated":true}]}}