{"id":1696,"date":"2025-06-28T11:50:17","date_gmt":"2025-06-28T09:50:17","guid":{"rendered":"https:\/\/uj.adatbank.ro\/lexikon\/termek\/ajvaz-kristof\/"},"modified":"2025-06-28T11:50:17","modified_gmt":"2025-06-28T09:50:17","slug":"ajvaz-kristof","status":"publish","type":"product","link":"https:\/\/uj.adatbank.ro\/lexikon\/termek\/ajvaz-kristof\/","title":{"rendered":"\u00c1JV\u00c1Z Krist\u00f3f"},"content":{"rendered":"<p>Sz\u00e1szd\u00e1ja, 1860.,\u2020\u00a0Bp., 1920 : keresked\u0151. \u2013 Feles\u00e9ge. Szenkovits R\u00f3za (1868\u20131944). Gyermekeik: K\u00e1lm\u00e1n (1901\u20131924), Araka Fodor Boldizs\u00e1rn\u00e9 (1888\u20131941); Jen\u0151-J\u00e1nos (1890\u20131955); B\u00e9la (1895\u20131985); M\u00e1ria (1941\u2013), B\u00e9la-K\u00e1lm\u00e1n (1943\u2013), Aranka Fodor Boldizs\u00e1rn\u00e9 (1888\u20131941); Jen\u0151-J\u00e1nos (1890\u20131955); B\u00e9la (1895\u20131985); Margit (1897\u20131976), dr. Nagy Gyula (1896\u20131976) feles\u00e9ge; Lenke (1893\u20131981), dr. G\u00e1bos Istv\u00e1nn\u00e9, gyermekeik: Edit \u00e9s Zolt\u00e1n; Dezs\u0151 dr. (1902\u20131988), feles\u00e9ge Semsey Margit (\u20201974), a 2. feles\u00e9ge M\u00e1rt Gizella (1944\u2013). \u2013 Sz\u00e9kelykereszt\u00faron keresked\u0151. <br \/><strong>Irod.:<\/strong> Sz\u00e1va 2012<\/br><\/p>\n","protected":false},"excerpt":{"rendered":"<p>Sz\u00e1szd\u00e1ja, 1860.,\u2020\u00a0Bp., 1920 : keresked\u0151. \u2013 Feles\u00e9ge. Szenkovits R\u00f3za (1868\u20131944). Gyermekeik: K\u00e1lm\u00e1n (1901\u20131924), Araka Fodor Boldizs\u00e1rn\u00e9 (1888\u20131941); Jen\u0151-J\u00e1nos (1890\u20131955); B\u00e9la (1895\u20131985); M\u00e1ria (1941\u2013), B\u00e9la-K\u00e1lm\u00e1n (1943\u2013), Aranka Fodor Boldizs\u00e1rn\u00e9 (1888\u20131941); Jen\u0151-J\u00e1nos (1890\u20131955); B\u00e9la (1895\u20131985); Margit (1897\u20131976), dr. Nagy Gyula (1896\u20131976) feles\u00e9ge; Lenke (1893\u20131981), dr. G\u00e1bos Istv\u00e1nn\u00e9, gyermekeik: Edit \u00e9s Zolt\u00e1n; Dezs\u0151 dr. (1902\u20131988), feles\u00e9ge Semsey Margit [&hellip;]<\/p>\n","protected":false},"featured_media":0,"comment_status":"open","ping_status":"closed","template":"","meta":[],"product_brand":[],"product_cat":[137],"product_tag":[],"class_list":{"0":"post-1696","1":"product","2":"type-product","3":"status-publish","5":"product_cat-maros-megyei-eletrajzi-lexikon","7":"first","8":"instock","9":"shipping-taxable","10":"product-type-simple"},"_links":{"self":[{"href":"https:\/\/uj.adatbank.ro\/lexikon\/wp-json\/wp\/v2\/product\/1696","targetHints":{"allow":["GET"]}}],"collection":[{"href":"https:\/\/uj.adatbank.ro\/lexikon\/wp-json\/wp\/v2\/product"}],"about":[{"href":"https:\/\/uj.adatbank.ro\/lexikon\/wp-json\/wp\/v2\/types\/product"}],"replies":[{"embeddable":true,"href":"https:\/\/uj.adatbank.ro\/lexikon\/wp-json\/wp\/v2\/comments?post=1696"}],"wp:attachment":[{"href":"https:\/\/uj.adatbank.ro\/lexikon\/wp-json\/wp\/v2\/media?parent=1696"}],"wp:term":[{"taxonomy":"product_brand","embeddable":true,"href":"https:\/\/uj.adatbank.ro\/lexikon\/wp-json\/wp\/v2\/product_brand?post=1696"},{"taxonomy":"product_cat","embeddable":true,"href":"https:\/\/uj.adatbank.ro\/lexikon\/wp-json\/wp\/v2\/product_cat?post=1696"},{"taxonomy":"product_tag","embeddable":true,"href":"https:\/\/uj.adatbank.ro\/lexikon\/wp-json\/wp\/v2\/product_tag?post=1696"}],"curies":[{"name":"wp","href":"https:\/\/api.w.org\/{rel}","templated":true}]}}