{"id":1697,"date":"2025-06-28T11:50:19","date_gmt":"2025-06-28T09:50:19","guid":{"rendered":"https:\/\/uj.adatbank.ro\/lexikon\/termek\/aknai-istvan\/"},"modified":"2025-06-28T11:50:19","modified_gmt":"2025-06-28T09:50:19","slug":"aknai-istvan","status":"publish","type":"product","link":"https:\/\/uj.adatbank.ro\/lexikon\/termek\/aknai-istvan\/","title":{"rendered":"AKNAI Istv\u00e1n"},"content":{"rendered":"<p>? \u2020\u00a0? : ref. lelk\u00e9sz. \u2013 K\u00fck\u00fcll\u0151sz\u00e9plakon (1657\u201369), Balav\u00e1s\u00e1ron (1674), Cs\u00e1v\u00e1son (1677\u201381), Magyarherep\u00e9n (1682\u201386, 1687\u201396), B\u00faz\u00fasbeseny\u0151ben (1692\u201394) \u00e9s Magyars\u00fcly\u00e9n (1696\u20131703) szolg\u00e1lt. <br \/><strong>Irod.:<\/strong> K\u00fck\u00fcll\u0151i Ref. Egyh\u00e1zm.1., 3.<\/br><\/p>\n","protected":false},"excerpt":{"rendered":"<p>? \u2020\u00a0? : ref. lelk\u00e9sz. \u2013 K\u00fck\u00fcll\u0151sz\u00e9plakon (1657\u201369), Balav\u00e1s\u00e1ron (1674), Cs\u00e1v\u00e1son (1677\u201381), Magyarherep\u00e9n (1682\u201386, 1687\u201396), B\u00faz\u00fasbeseny\u0151ben (1692\u201394) \u00e9s Magyars\u00fcly\u00e9n (1696\u20131703) szolg\u00e1lt. Irod.: K\u00fck\u00fcll\u0151i Ref. Egyh\u00e1zm.1., 3.<\/p>\n","protected":false},"featured_media":0,"comment_status":"open","ping_status":"closed","template":"","meta":[],"product_brand":[],"product_cat":[137],"product_tag":[],"class_list":{"0":"post-1697","1":"product","2":"type-product","3":"status-publish","5":"product_cat-maros-megyei-eletrajzi-lexikon","7":"first","8":"instock","9":"shipping-taxable","10":"product-type-simple"},"_links":{"self":[{"href":"https:\/\/uj.adatbank.ro\/lexikon\/wp-json\/wp\/v2\/product\/1697","targetHints":{"allow":["GET"]}}],"collection":[{"href":"https:\/\/uj.adatbank.ro\/lexikon\/wp-json\/wp\/v2\/product"}],"about":[{"href":"https:\/\/uj.adatbank.ro\/lexikon\/wp-json\/wp\/v2\/types\/product"}],"replies":[{"embeddable":true,"href":"https:\/\/uj.adatbank.ro\/lexikon\/wp-json\/wp\/v2\/comments?post=1697"}],"wp:attachment":[{"href":"https:\/\/uj.adatbank.ro\/lexikon\/wp-json\/wp\/v2\/media?parent=1697"}],"wp:term":[{"taxonomy":"product_brand","embeddable":true,"href":"https:\/\/uj.adatbank.ro\/lexikon\/wp-json\/wp\/v2\/product_brand?post=1697"},{"taxonomy":"product_cat","embeddable":true,"href":"https:\/\/uj.adatbank.ro\/lexikon\/wp-json\/wp\/v2\/product_cat?post=1697"},{"taxonomy":"product_tag","embeddable":true,"href":"https:\/\/uj.adatbank.ro\/lexikon\/wp-json\/wp\/v2\/product_tag?post=1697"}],"curies":[{"name":"wp","href":"https:\/\/api.w.org\/{rel}","templated":true}]}}