{"id":16972,"date":"2025-07-15T23:36:48","date_gmt":"2025-07-15T21:36:48","guid":{"rendered":"https:\/\/uj.adatbank.ro\/lexikon\/termek\/olah-robert-%c2%a7\/"},"modified":"2025-07-15T23:36:48","modified_gmt":"2025-07-15T21:36:48","slug":"olah-robert-%c2%a7","status":"publish","type":"product","link":"https:\/\/uj.adatbank.ro\/lexikon\/termek\/olah-robert-%c2%a7\/","title":{"rendered":"OL\u00c1H R\u00f3bert, \u00a7"},"content":{"rendered":"<p>Cegl\u00e9d, 1897. jan. 15., \u2020 Mv., 1975. dec. 4.: g\u00e9p\u00e9szm\u00e9rn\u00f6k, v\u00e1llalkoz\u00f3. \u2013 Feles\u00e9ge Nagy Korn\u00e9lia. Fia R\u00f3bert, agr\u00e1rm\u00e9rn\u00f6k (1927\u20132010. m\u00e1rc. 29.). \u2013 Apj\u00e1t a M. \u00c1llamvasutak Kv.-ra helyezte \u00edgy a csal\u00e1d Kv.-ra ker\u00fclt. Iskol\u00e1it Kv.-on a piarist\u00e1kn\u00e1l v\u00e9gezte, majd a Szegedi \u00c1llami Fels\u0151 Ipariskol\u00e1ban tanult az I. vh. kit\u00f6r\u00e9s\u00e9ig. \u00d6nk\u00e9ntesk\u00e9nt r\u00e9szt vett az I. vh.-ban (1915\u201317), mint hadapr\u00f3d\u0151rmester. Olasz fogs\u00e1gba esett (1917. szept.\u20131919. dec.). A fogs\u00e1gb\u00f3l val\u00f3 szabadul\u00e1sa ut\u00e1n befejezte a tanulm\u00e1nyait \u00e9s g\u00e9p\u00e9szm\u00e9rn\u00f6ki oklevelet szerzett. Mv.-en volt m\u0171szaki v\u00e1llalkoz\u00f3. Bel\u00e9pett az ap\u00f3sa, Nagy K\u00e1roly, d\u00edszm\u0171-b\u00e1dogos, v\u00edzvezet\u00e9k-szerel\u0151 v\u00e1llalkoz\u00e1s\u00e1ba (1925). Az 1929-es v\u00e1ls\u00e1g idej\u00e9n Buk.-ben v\u00e1llalt munk\u00e1t, mert Mv.-en akkoriban nem volt megrendel\u00e9se. Ap\u00f3sa hal\u00e1la ut\u00e1n a v\u00e1llalkoz\u00e1st jogut\u00f3dk\u00e9nt ir\u00e1ny\u00edtotta (1934\u201348). Majd nyugd\u00edjaz\u00e1sig a Rad\u00f3 S\u00e1ndor \u00e1ltal vezetett Tervez\u0151 Int\u00e9zet m\u00e9rn\u00f6ke. A k\u00f6zponti f\u0171t\u00e9sek \u00e9s modern g\u00e1zszerel\u00e9si technik\u00e1k \u00fatt\u00f6r\u0151je volt Mv.-en. T\u00f6bb t\u0171zvesz\u00e9lyes \u00e9p\u00fcletbe \u0151 tervezte a k\u00f6zponti f\u0171t\u00e9st pl. a Teleki T\u00e9k\u00e1ba. Az Erd\u00e9lyi Helokon mv.-i tagjai k\u00f6zt szerepelt (1930). <br \/><strong>Irod.:<\/strong> csal\u00e1di inf. Ol\u00e1h-G\u00e1l R\u00f3bett\u0151l; Erd\u00e9lyi ezredek; Marosi-Helikon<\/br><\/p>\n","protected":false},"excerpt":{"rendered":"<p>Cegl\u00e9d, 1897. jan. 15., \u2020 Mv., 1975. dec. 4.: g\u00e9p\u00e9szm\u00e9rn\u00f6k, v\u00e1llalkoz\u00f3. \u2013 Feles\u00e9ge Nagy Korn\u00e9lia. Fia R\u00f3bert, agr\u00e1rm\u00e9rn\u00f6k (1927\u20132010. m\u00e1rc. 29.). \u2013 Apj\u00e1t a M. \u00c1llamvasutak Kv.-ra helyezte \u00edgy a csal\u00e1d Kv.-ra ker\u00fclt. Iskol\u00e1it Kv.-on a piarist\u00e1kn\u00e1l v\u00e9gezte, majd a Szegedi \u00c1llami Fels\u0151 Ipariskol\u00e1ban tanult az I. vh. kit\u00f6r\u00e9s\u00e9ig. \u00d6nk\u00e9ntesk\u00e9nt r\u00e9szt vett az I. vh.-ban [&hellip;]<\/p>\n","protected":false},"featured_media":0,"comment_status":"open","ping_status":"closed","template":"","meta":[],"product_brand":[],"product_cat":[137],"product_tag":[],"class_list":{"0":"post-16972","1":"product","2":"type-product","3":"status-publish","5":"product_cat-maros-megyei-eletrajzi-lexikon","7":"first","8":"instock","9":"shipping-taxable","10":"product-type-simple"},"_links":{"self":[{"href":"https:\/\/uj.adatbank.ro\/lexikon\/wp-json\/wp\/v2\/product\/16972","targetHints":{"allow":["GET"]}}],"collection":[{"href":"https:\/\/uj.adatbank.ro\/lexikon\/wp-json\/wp\/v2\/product"}],"about":[{"href":"https:\/\/uj.adatbank.ro\/lexikon\/wp-json\/wp\/v2\/types\/product"}],"replies":[{"embeddable":true,"href":"https:\/\/uj.adatbank.ro\/lexikon\/wp-json\/wp\/v2\/comments?post=16972"}],"wp:attachment":[{"href":"https:\/\/uj.adatbank.ro\/lexikon\/wp-json\/wp\/v2\/media?parent=16972"}],"wp:term":[{"taxonomy":"product_brand","embeddable":true,"href":"https:\/\/uj.adatbank.ro\/lexikon\/wp-json\/wp\/v2\/product_brand?post=16972"},{"taxonomy":"product_cat","embeddable":true,"href":"https:\/\/uj.adatbank.ro\/lexikon\/wp-json\/wp\/v2\/product_cat?post=16972"},{"taxonomy":"product_tag","embeddable":true,"href":"https:\/\/uj.adatbank.ro\/lexikon\/wp-json\/wp\/v2\/product_tag?post=16972"}],"curies":[{"name":"wp","href":"https:\/\/api.w.org\/{rel}","templated":true}]}}

OLÁH Róbert, §

<p>Cegléd, 1897. jan. 15., † Mv., 1975. dec. 4.: gépészmérnök, vállalkozó. – Felesége Nagy Kornélia. Fia Róbert, agrármérnök (1927–2010. márc. 29.). – Apját a M. Államvasutak Kv.-ra helyezte így a család Kv.-ra került. Iskoláit Kv.-on a piaristáknál végezte, majd a Szegedi Állami Felső Ipariskolában tanult az I. vh. kitöréséig. Önkéntesként részt vett az I. vh.-ban (1915–17), mint hadapródőrmester. Olasz fogságba esett (1917. szept.–1919. dec.). A fogságból való szabadulása után befejezte a tanulmányait és gépészmérnöki oklevelet szerzett. Mv.-en volt műszaki vállalkozó. Belépett az apósa, Nagy Károly, díszmű-bádogos, vízvezeték-szerelő vállalkozásába (1925). Az 1929-es válság idején Buk.-ben vállalt munkát, mert Mv.-en akkoriban nem volt megrendelése. Apósa halála után a vállalkozást jogutódként irányította (1934–48). Majd nyugdíjazásig a Radó Sándor által vezetett Tervező Intézet mérnöke. A központi fűtések és modern gázszerelési technikák úttörője volt Mv.-en. Több tűzveszélyes épületbe ő tervezte a központi fűtést pl. a Teleki Tékába. Az Erdélyi Helokon mv.-i tagjai közt szerepelt (1930). <br /><strong>Irod.:</strong> családi inf. Oláh-Gál Róbettől; Erdélyi ezredek; Marosi-Helikon</br></p>

<p>Cegléd, 1897. jan. 15., † Mv., 1975. dec. 4.: gépészmérnök, vállalkozó. – Felesége Nagy Kornélia. Fia Róbert, agrármérnök (1927–2010. márc. 29.). – Apját a M. Államvasutak Kv.-ra helyezte így a család Kv.-ra került. Iskoláit Kv.-on a piaristáknál végezte, majd a Szegedi Állami Felső Ipariskolában tanult az I. vh. kitöréséig. Önkéntesként részt vett az I. vh.-ban [&hellip;]</p>
