{"id":16976,"date":"2025-07-15T23:36:56","date_gmt":"2025-07-15T21:36:56","guid":{"rendered":"https:\/\/uj.adatbank.ro\/lexikon\/termek\/olajos-gabor\/"},"modified":"2025-07-15T23:36:56","modified_gmt":"2025-07-15T21:36:56","slug":"olajos-gabor","status":"publish","type":"product","link":"https:\/\/uj.adatbank.ro\/lexikon\/termek\/olajos-gabor\/","title":{"rendered":"OLAJOS G\u00e1bor"},"content":{"rendered":"<p>Mv., 1915. febr. 5., \u2020\u00a0Mv., 1996. febr. 9.\u00a0: k\u00e9pz\u0151m\u0171v\u00e9sz, nyomd\u00e1sz, munk\u00e1sfest\u0151. \u2013 Nappal dolgozott a nyomd\u00e1ban, este a mv.-i v\u00e1rosi fest\u0151iskol\u00e1ban tanult (1936\u201341). Az iskolai ki\u00e1ll\u00edt\u00e1sokon sikeresen szerepelt, a v\u00e1ros t\u00f6bb k\u00e9p\u00e9t megv\u00e1s\u00e1rolta. Mv.-en k\u00edv\u00fcl ki\u00e1ll\u00edtott Kv., Buk.-ben. Bedolgozott a mv.-i Fondul Plastic M\u0171v\u00e9szeti Alap \u00fczletbe. A K\u00e9pz\u0151m\u0171v\u00e9szek Sz\u00f6vets\u00e9ge mv.-i Fi\u00f3kj\u00e1nak tagja (1951\u2013). <br \/><strong>Irod.:<\/strong> Banner; [Er\u0151ss Attila]: L\u00e1togat\u00e1s O. G&#8230;.fest\u0151m\u0171v\u00e9sz m\u0171term\u00e9ben (N\u00e9p\u00fajs\u00e1g, 1948. nov. 8.); Moln\u00e1r; [Nekrol\u00f3g] (N\u00fa., 1996. febr. 14.)<\/br><\/p>\n","protected":false},"excerpt":{"rendered":"<p>Mv., 1915. febr. 5., \u2020\u00a0Mv., 1996. febr. 9.\u00a0: k\u00e9pz\u0151m\u0171v\u00e9sz, nyomd\u00e1sz, munk\u00e1sfest\u0151. \u2013 Nappal dolgozott a nyomd\u00e1ban, este a mv.-i v\u00e1rosi fest\u0151iskol\u00e1ban tanult (1936\u201341). Az iskolai ki\u00e1ll\u00edt\u00e1sokon sikeresen szerepelt, a v\u00e1ros t\u00f6bb k\u00e9p\u00e9t megv\u00e1s\u00e1rolta. Mv.-en k\u00edv\u00fcl ki\u00e1ll\u00edtott Kv., Buk.-ben. Bedolgozott a mv.-i Fondul Plastic M\u0171v\u00e9szeti Alap \u00fczletbe. A K\u00e9pz\u0151m\u0171v\u00e9szek Sz\u00f6vets\u00e9ge mv.-i Fi\u00f3kj\u00e1nak tagja (1951\u2013). Irod.: Banner; [&hellip;]<\/p>\n","protected":false},"featured_media":0,"comment_status":"open","ping_status":"closed","template":"","meta":[],"product_brand":[],"product_cat":[137],"product_tag":[],"class_list":{"0":"post-16976","1":"product","2":"type-product","3":"status-publish","5":"product_cat-maros-megyei-eletrajzi-lexikon","7":"first","8":"instock","9":"shipping-taxable","10":"product-type-simple"},"_links":{"self":[{"href":"https:\/\/uj.adatbank.ro\/lexikon\/wp-json\/wp\/v2\/product\/16976","targetHints":{"allow":["GET"]}}],"collection":[{"href":"https:\/\/uj.adatbank.ro\/lexikon\/wp-json\/wp\/v2\/product"}],"about":[{"href":"https:\/\/uj.adatbank.ro\/lexikon\/wp-json\/wp\/v2\/types\/product"}],"replies":[{"embeddable":true,"href":"https:\/\/uj.adatbank.ro\/lexikon\/wp-json\/wp\/v2\/comments?post=16976"}],"wp:attachment":[{"href":"https:\/\/uj.adatbank.ro\/lexikon\/wp-json\/wp\/v2\/media?parent=16976"}],"wp:term":[{"taxonomy":"product_brand","embeddable":true,"href":"https:\/\/uj.adatbank.ro\/lexikon\/wp-json\/wp\/v2\/product_brand?post=16976"},{"taxonomy":"product_cat","embeddable":true,"href":"https:\/\/uj.adatbank.ro\/lexikon\/wp-json\/wp\/v2\/product_cat?post=16976"},{"taxonomy":"product_tag","embeddable":true,"href":"https:\/\/uj.adatbank.ro\/lexikon\/wp-json\/wp\/v2\/product_tag?post=16976"}],"curies":[{"name":"wp","href":"https:\/\/api.w.org\/{rel}","templated":true}]}}

OLAJOS Gábor

<p>Mv., 1915. febr. 5., † Mv., 1996. febr. 9. : képzőművész, nyomdász, munkásfestő. – Nappal dolgozott a nyomdában, este a mv.-i városi festőiskolában tanult (1936–41). Az iskolai kiállításokon sikeresen szerepelt, a város több képét megvásárolta. Mv.-en kívül kiállított Kv., Buk.-ben. Bedolgozott a mv.-i Fondul Plastic Művészeti Alap üzletbe. A Képzőművészek Szövetsége mv.-i Fiókjának tagja (1951–). <br /><strong>Irod.:</strong> Banner; [Erőss Attila]: Látogatás O. G&#8230;.festőművész műtermében (Népújság, 1948. nov. 8.); Molnár; [Nekrológ] (Nú., 1996. febr. 14.)</br></p>

<p>Mv., 1915. febr. 5., † Mv., 1996. febr. 9. : képzőművész, nyomdász, munkásfestő. – Nappal dolgozott a nyomdában, este a mv.-i városi festőiskolában tanult (1936–41). Az iskolai kiállításokon sikeresen szerepelt, a város több képét megvásárolta. Mv.-en kívül kiállított Kv., Buk.-ben. Bedolgozott a mv.-i Fondul Plastic Művészeti Alap üzletbe. A Képzőművészek Szövetsége mv.-i Fiókjának tagja (1951–). Irod.: Banner; [&hellip;]</p>
