{"id":1698,"date":"2025-06-28T11:50:20","date_gmt":"2025-06-28T09:50:20","guid":{"rendered":"https:\/\/uj.adatbank.ro\/lexikon\/termek\/aknai-jozsef\/"},"modified":"2025-06-28T11:50:20","modified_gmt":"2025-06-28T09:50:20","slug":"aknai-jozsef","status":"publish","type":"product","link":"https:\/\/uj.adatbank.ro\/lexikon\/termek\/aknai-jozsef\/","title":{"rendered":"AKNAI J\u00f3zsef"},"content":{"rendered":"<p>? \u2020\u00a0?: ref. lelk\u00e9sz. \u2013 Mv.-en subscrib\u00e1lt (1693) \u00e9s Nagyenyeden (1696). Lelk\u00e9sz volt Magyars\u00fcly\u00e9n (1712\u201314, 1727\u201330), K\u00fck\u00fcll\u0151alm\u00e1son (1714\u201323), Magyarkir\u00e1lyfalv\u00e1n (1724), S\u00f6v\u00e9nyfalv\u00e1n (1724\u201326), D\u00e1ny\u00e1nban (1730\u201333) \u00e9s Magyarszentbenedeken (1735). <br \/><strong>Irod.:<\/strong> K\u00fck\u00fcll\u0151i Ref. Egyh\u00e1zm.1., 3., 4.<\/br><\/p>\n","protected":false},"excerpt":{"rendered":"<p>? \u2020\u00a0?: ref. lelk\u00e9sz. \u2013 Mv.-en subscrib\u00e1lt (1693) \u00e9s Nagyenyeden (1696). Lelk\u00e9sz volt Magyars\u00fcly\u00e9n (1712\u201314, 1727\u201330), K\u00fck\u00fcll\u0151alm\u00e1son (1714\u201323), Magyarkir\u00e1lyfalv\u00e1n (1724), S\u00f6v\u00e9nyfalv\u00e1n (1724\u201326), D\u00e1ny\u00e1nban (1730\u201333) \u00e9s Magyarszentbenedeken (1735). Irod.: K\u00fck\u00fcll\u0151i Ref. Egyh\u00e1zm.1., 3., 4.<\/p>\n","protected":false},"featured_media":0,"comment_status":"open","ping_status":"closed","template":"","meta":[],"product_brand":[],"product_cat":[137],"product_tag":[],"class_list":{"0":"post-1698","1":"product","2":"type-product","3":"status-publish","5":"product_cat-maros-megyei-eletrajzi-lexikon","7":"first","8":"instock","9":"shipping-taxable","10":"product-type-simple"},"_links":{"self":[{"href":"https:\/\/uj.adatbank.ro\/lexikon\/wp-json\/wp\/v2\/product\/1698","targetHints":{"allow":["GET"]}}],"collection":[{"href":"https:\/\/uj.adatbank.ro\/lexikon\/wp-json\/wp\/v2\/product"}],"about":[{"href":"https:\/\/uj.adatbank.ro\/lexikon\/wp-json\/wp\/v2\/types\/product"}],"replies":[{"embeddable":true,"href":"https:\/\/uj.adatbank.ro\/lexikon\/wp-json\/wp\/v2\/comments?post=1698"}],"wp:attachment":[{"href":"https:\/\/uj.adatbank.ro\/lexikon\/wp-json\/wp\/v2\/media?parent=1698"}],"wp:term":[{"taxonomy":"product_brand","embeddable":true,"href":"https:\/\/uj.adatbank.ro\/lexikon\/wp-json\/wp\/v2\/product_brand?post=1698"},{"taxonomy":"product_cat","embeddable":true,"href":"https:\/\/uj.adatbank.ro\/lexikon\/wp-json\/wp\/v2\/product_cat?post=1698"},{"taxonomy":"product_tag","embeddable":true,"href":"https:\/\/uj.adatbank.ro\/lexikon\/wp-json\/wp\/v2\/product_tag?post=1698"}],"curies":[{"name":"wp","href":"https:\/\/api.w.org\/{rel}","templated":true}]}}