{"id":16985,"date":"2025-07-15T23:37:12","date_gmt":"2025-07-15T21:37:12","guid":{"rendered":"https:\/\/uj.adatbank.ro\/lexikon\/termek\/olariu-gheorghe-%c2%a7\/"},"modified":"2025-07-15T23:37:12","modified_gmt":"2025-07-15T21:37:12","slug":"olariu-gheorghe-%c2%a7","status":"publish","type":"product","link":"https:\/\/uj.adatbank.ro\/lexikon\/termek\/olariu-gheorghe-%c2%a7\/","title":{"rendered":"OLARIU, Gheorghe, \u00a7"},"content":{"rendered":"<p>Mv., 1929. j\u00fal. 19., \u2020 Mv., 1984. m\u00e1rc. 5.\u00a0: fest\u0151m\u0171v\u00e9sz, grafikus, karikat\u00farista.. \u2013 Kor\u00e1n megmutatkozott tehets\u00e9ge, a Mv.i fest\u0151iskol\u00e1ban saj\u00e1t\u00edtotta el a rajzol\u00e1s, fest\u00e9s alapelemeit. Bordi Andr\u00e1s ir\u00e1ny\u00edt\u00e1s\u00e1va1947\u2013), majd Kv.-on a M\u0171v\u00e9szeti Int\u00e9zet Fest\u00e9szet Szak\u00e1n tanult Catul Bogdan, Aurel Ciupe, Petru Abrudant\u00f3l (1949\u201352), tanulm\u00e1nyait v\u00e9g\u00fcl Buk.-ben a Nicolae Grigorescu K\u00e9pz\u0151m\u0171v\u00e9szeti Int\u00e9zetben fejezte be(1953\u201354) A mv.-i N\u00e9pm\u0171v\u00e9szeti Iskola majd a M\u0171v\u00e9szeti L\u00edc. tan\u00e1ra (1954\u20131970), a M\u0171v\u00e9szeti M\u00fazeum igazgat\u00f3ja (1970\u201384). Sz\u00e1mtalan t\u00e1rlaton szerepelt Mv.-en, szerte az orsz\u00e1gban \u00e9s k\u00fclf\u00f6ld\u00f6n (1953\u201384). Emberi alakokat, kompozici\u00f3kat, csend\u00e9leteket \u00e9s t\u00e1jakat festett. A Rom\u00e1n K\u00e9pz\u0151m\u0171v\u00e9szeti Sz\u00f6vets\u00e9g mv.-i fi\u00f3kj\u00e1nak az eln\u00f6ke (1968\u201370). Tanulm\u00e1nyutat tett az Egyes\u00fclt \u00c1llamokban, Francia-, Olasz-, N\u00e9met -, G\u00f6r\u00f6gorsz\u00e1gban, a Szovjet\u00fanbi\u00f3ban. A RSZK \u00e9rdemrendje (1968) \u00e9s \u00e9rdem\u00e9rmeivel t\u00fcntett\u00e9k ki. \u2013 <strong>F. ki\u00e1ll.:<\/strong> egy\u00e9ni ki\u00e1ll.: Mv. (1958, 1967, 1970, 1973, 1975, 1979, 1981); Mv. eml\u00e9kki\u00e1ll. (1994); Kv. (1981).R\u00e9szt vett a hajd\u00fab\u00f6sz\u00f6rm\u00e9nyi Nemzetk\u00f6zi Fest\u0151t\u00e1bor ki\u00e1ll.-\u00e1n (1971). Csoportos ki\u00e1ll.: helyi \u00e9s megyei t\u00e1rlatokon (1954- vett r\u00e9szt); Tusn\u00e1d (1966); Borsz\u00e9k (1967); Sz\u00e1szr\u00e9gen (1969); Segesv\u00e1r (1969, 1970); Sz\u00e9kelykereszt\u00far (1970), Buk., Sz\u00e9kelyudvarhely. A mv.-i Osz\u00e1gos Lev\u00e9lt\u00e1r (1977\u201378, Temet\u0151 u. \/ Crizantem u. , 7. sz.) fal\u00e1n a rom\u00e1n n\u00e9p t\u00f6rt\u00e9nelm\u00e9nek jelent\u0151s mozzanatait \u00e1br\u00e1zol\u00f3 mozaik alkot\u00f3ja. Munk\u00e1it a mv.-i M\u0171v\u00e9szeti M\u00fazeum \u00e9s a hajd\u00fab\u00f6sz\u00f6rm\u00e9nyi M\u00fazeum \u0151rzi. <br \/><strong>Irod.:<\/strong> Bal\u00e1zs Imre: A Maros menti t\u00e1jak fest\u0151je (V. Z., 1973. \u00e1pr. 1.); Bal\u00e1zs Imre: Eml\u00e9kez\u00e9s egy fest\u0151re (\u00daj \u00c9let, 5. sz. 1984); Banner; D\u00e9zsi \u00d6d\u00f6n: Ecsettel a nagyvil\u00e1gban (V. Z., 1985. febr. 16.); Gheorghe Olariu (Gy\u00e1rf\u00e1s 2013); Gyergy\u00f3sz\u00e1rhegyi BME; Katona Szab\u00f3 Istv\u00e1n: Gh. O. Ki\u00e1ll\u00edt\u00e1sa a Vatra Gal\u00e9ri\u00e1ban (\u00daj \u00c9let, 10. sz., 1979); Katona Szab\u00f3 Istv\u00e1n: Az \u00daj \u00c9let lexikona, 115. (\u00daj \u00c9let, 8., 1975); Koch M\u00e1ria: Gh. O. alkot\u00f3 m\u0171hely\u00e9ben (V. Z., 1974. j\u00fan. 29.); Koch M\u00e1ria: Gh. O. fest\u0151m\u0171v\u00e9sz alkot\u00f3 m\u0171hely\u00e9ben (V. Z., 1981. j\u00fal. 11.); Maros megye; Moln\u00e1r; Fiatal fest\u0151m\u0171v\u00e9sz ki\u00e1ll\u00edt\u00e1sa (V. Z., 1958. j\u00fan. 8.); Nagy Zsuzsa: M\u0171tereml\u00e1togat\u00e1s O. Gh.-n\u00e1l (V. Z., 1962. dec. 9.); O. Gh. [Nekrol\u00f3g] (V. Z., 1984. m\u00e1rc. 6.); Polg\u00e1r Istv\u00e1n: Gh. O. Ki\u00e1ll\u00edt\u00e1sa (\u00daj \u00c9let, 15. sz., 1975.); RepM; Szab\u00f3 \u2013 K\u00e1llai; Sz\u0151cs K\u00e1lm\u00e1n: M\u0171tereml\u00e1togat\u00e1s O. Gh.-n\u00e1l (V. Z., 1967. szept. 6.); Sz\u0151cs K\u00e1lm\u00e1n: Alkot\u00f3 m\u0171hely O. Gh.-n\u00e1l (V. Z., 1972. m\u00e1rc. 26.); Sz\u0151cs K\u00e1lm\u00e1n: M\u0171tereml\u00e1togat\u00e1s O. Gh.-n\u00e1l (V. Z., 1972. dec. 24.); Todea 2013; Varga Imre: In memoriam Gh. O. (N\u00fa., M\u00fazsa, 156. sz., 1994. j\u00fal. 14.)<\/br><\/p>\n","protected":false},"excerpt":{"rendered":"<p>Mv., 1929. j\u00fal. 19., \u2020 Mv., 1984. m\u00e1rc. 5.\u00a0: fest\u0151m\u0171v\u00e9sz, grafikus, karikat\u00farista.. \u2013 Kor\u00e1n megmutatkozott tehets\u00e9ge, a Mv.i fest\u0151iskol\u00e1ban saj\u00e1t\u00edtotta el a rajzol\u00e1s, fest\u00e9s alapelemeit. Bordi Andr\u00e1s ir\u00e1ny\u00edt\u00e1s\u00e1va1947\u2013), majd Kv.-on a M\u0171v\u00e9szeti Int\u00e9zet Fest\u00e9szet Szak\u00e1n tanult Catul Bogdan, Aurel Ciupe, Petru Abrudant\u00f3l (1949\u201352), tanulm\u00e1nyait v\u00e9g\u00fcl Buk.-ben a Nicolae Grigorescu K\u00e9pz\u0151m\u0171v\u00e9szeti Int\u00e9zetben fejezte be(1953\u201354) A mv.-i [&hellip;]<\/p>\n","protected":false},"featured_media":0,"comment_status":"open","ping_status":"closed","template":"","meta":[],"product_brand":[],"product_cat":[137],"product_tag":[],"class_list":{"0":"post-16985","1":"product","2":"type-product","3":"status-publish","5":"product_cat-maros-megyei-eletrajzi-lexikon","7":"first","8":"instock","9":"shipping-taxable","10":"product-type-simple"},"_links":{"self":[{"href":"https:\/\/uj.adatbank.ro\/lexikon\/wp-json\/wp\/v2\/product\/16985","targetHints":{"allow":["GET"]}}],"collection":[{"href":"https:\/\/uj.adatbank.ro\/lexikon\/wp-json\/wp\/v2\/product"}],"about":[{"href":"https:\/\/uj.adatbank.ro\/lexikon\/wp-json\/wp\/v2\/types\/product"}],"replies":[{"embeddable":true,"href":"https:\/\/uj.adatbank.ro\/lexikon\/wp-json\/wp\/v2\/comments?post=16985"}],"wp:attachment":[{"href":"https:\/\/uj.adatbank.ro\/lexikon\/wp-json\/wp\/v2\/media?parent=16985"}],"wp:term":[{"taxonomy":"product_brand","embeddable":true,"href":"https:\/\/uj.adatbank.ro\/lexikon\/wp-json\/wp\/v2\/product_brand?post=16985"},{"taxonomy":"product_cat","embeddable":true,"href":"https:\/\/uj.adatbank.ro\/lexikon\/wp-json\/wp\/v2\/product_cat?post=16985"},{"taxonomy":"product_tag","embeddable":true,"href":"https:\/\/uj.adatbank.ro\/lexikon\/wp-json\/wp\/v2\/product_tag?post=16985"}],"curies":[{"name":"wp","href":"https:\/\/api.w.org\/{rel}","templated":true}]}}

<p>Mv., 1929. júl. 19., † Mv., 1984. márc. 5. : festőművész, grafikus, karikatúrista.. – Korán megmutatkozott tehetsége, a Mv.i festőiskolában sajátította el a rajzolás, festés alapelemeit. Bordi András irányításáva1947–), majd Kv.-on a Művészeti Intézet Festészet Szakán tanult Catul Bogdan, Aurel Ciupe, Petru Abrudantól (1949–52), tanulmányait végül Buk.-ben a Nicolae Grigorescu Képzőművészeti Intézetben fejezte be(1953–54) A mv.-i Népművészeti Iskola majd a Művészeti Líc. tanára (1954–1970), a Művészeti Múzeum igazgatója (1970–84). Számtalan tárlaton szerepelt Mv.-en, szerte az országban és külföldön (1953–84). Emberi alakokat, kompoziciókat, csendéleteket és tájakat festett. A Román Képzőművészeti Szövetség mv.-i fiókjának az elnöke (1968–70). Tanulmányutat tett az Egyesült Államokban, Francia-, Olasz-, Német -, Görögországban, a Szovjetúnbióban. A RSZK érdemrendje (1968) és érdemérmeivel tüntették ki. – <strong>F. kiáll.:</strong> egyéni kiáll.: Mv. (1958, 1967, 1970, 1973, 1975, 1979, 1981); Mv. emlékkiáll. (1994); Kv. (1981).Részt vett a hajdúböszörményi Nemzetközi Festőtábor kiáll.-án (1971). Csoportos kiáll.: helyi és megyei tárlatokon (1954- vett részt); Tusnád (1966); Borszék (1967); Szászrégen (1969); Segesvár (1969, 1970); Székelykeresztúr (1970), Buk., Székelyudvarhely. A mv.-i Oszágos Levéltár (1977–78, Temető u. / Crizantem u. , 7. sz.) falán a román nép történelmének jelentős mozzanatait ábrázoló mozaik alkotója. Munkáit a mv.-i Művészeti Múzeum és a hajdúböszörményi Múzeum őrzi. <br /><strong>Irod.:</strong> Balázs Imre: A Maros menti tájak festője (V. Z., 1973. ápr. 1.); Balázs Imre: Emlékezés egy festőre (Új Élet, 5. sz. 1984); Banner; Dézsi Ödön: Ecsettel a nagyvilágban (V. Z., 1985. febr. 16.); Gheorghe Olariu (Gyárfás 2013); Gyergyószárhegyi BME; Katona Szabó István: Gh. O. Kiállítása a Vatra Galériában (Új Élet, 10. sz., 1979); Katona Szabó István: Az Új Élet lexikona, 115. (Új Élet, 8., 1975); Koch Mária: Gh. O. alkotó műhelyében (V. Z., 1974. jún. 29.); Koch Mária: Gh. O. festőművész alkotó műhelyében (V. Z., 1981. júl. 11.); Maros megye; Molnár; Fiatal festőművész kiállítása (V. Z., 1958. jún. 8.); Nagy Zsuzsa: Műteremlátogatás O. Gh.-nál (V. Z., 1962. dec. 9.); O. Gh. [Nekrológ] (V. Z., 1984. márc. 6.); Polgár István: Gh. O. Kiállítása (Új Élet, 15. sz., 1975.); RepM; Szabó – Kállai; Szőcs Kálmán: Műteremlátogatás O. Gh.-nál (V. Z., 1967. szept. 6.); Szőcs Kálmán: Alkotó műhely O. Gh.-nál (V. Z., 1972. márc. 26.); Szőcs Kálmán: Műteremlátogatás O. Gh.-nál (V. Z., 1972. dec. 24.); Todea 2013; Varga Imre: In memoriam Gh. O. (Nú., Múzsa, 156. sz., 1994. júl. 14.)</br></p>

<p>Mv., 1929. júl. 19., † Mv., 1984. márc. 5. : festőművész, grafikus, karikatúrista.. – Korán megmutatkozott tehetsége, a Mv.i festőiskolában sajátította el a rajzolás, festés alapelemeit. Bordi András irányításáva1947–), majd Kv.-on a Művészeti Intézet Festészet Szakán tanult Catul Bogdan, Aurel Ciupe, Petru Abrudantól (1949–52), tanulmányait végül Buk.-ben a Nicolae Grigorescu Képzőművészeti Intézetben fejezte be(1953–54) A mv.-i [&hellip;]</p>
