{"id":16986,"date":"2025-07-15T23:37:14","date_gmt":"2025-07-15T21:37:14","guid":{"rendered":"https:\/\/uj.adatbank.ro\/lexikon\/termek\/olariu-silviu-petru-alneveiliviu-de-la-brad-1947-50-pulvo-silare-1968-73\/"},"modified":"2025-07-15T23:37:14","modified_gmt":"2025-07-15T21:37:14","slug":"olariu-silviu-petru-alneveiliviu-de-la-brad-1947-50-pulvo-silare-1968-73","status":"publish","type":"product","link":"https:\/\/uj.adatbank.ro\/lexikon\/termek\/olariu-silviu-petru-alneveiliviu-de-la-brad-1947-50-pulvo-silare-1968-73\/","title":{"rendered":"OLARIU, Silviu-Petru; \u00e1lnevei:Liviu de la Brad (1947\u201350), Pulvo-Silare (1968\u201373)"},"content":{"rendered":"<p>Szeben, 1930. m\u00e1j. 5., \u2020 Mv., 2000. febr. 5.\u00a0: \u00e9s egyetemitan\u00e1r (1992\u2013), klinikavezet\u0151- \u00e9s doktor\u00e1tustvezet\u0151 professzor. A g\u00e1nai Conakryban az orvosegyetemen tan\u00edtott (1970\u201372), Burundiban az OMS-Eg\u00e9szs\u00e9g\u00fcgyi Vil\u00e1gszervezet szak\u00e9rt\u0151je, bevezette a tr\u00f3pusi patol\u00f3gia tan\u00edt\u00e1s\u00e1t (1980. dec. \u201383. dec.). T\u00f6bb mint 250 tudom\u00e1nyos dolgozat szerz\u0151je volt. Minden v\u00e1rosban r\u00e9szt vett a kultur\u00e1lis \u00e9let szervez\u00e9s\u00e9ben, a mv.-i Liviu Rebreanu irodalmi k\u00f6r eln\u00f6ke volt, szerkesztette a Pagini mure\u015fene (1979\u201380) c. kiadv\u00e1nyt. A Vatra Rom\u00e2neasc\u0103 Sz\u00f6vets\u00e9g els\u0151 tiszteletbeli eln\u00f6ke volt (1990\u2013). Alap\u00edt\u00f3tagja \u00e9s vezet\u0151tan\u00e1csi tagja a K M M Sz.-nek (1977\u2013). Sok festm\u00e9ny\u00e9nek t\u00e1rgy\u00e1t az Afrik\u00e1ban tett utaz\u00e1sa ihletett. Gy\u0171jtem\u00e9nyes k\u00e9pz\u0151m\u0171v\u00e9szeti ki\u00e1ll\u00edt\u00e1sokon 49 alkalommal szerepelt akvarellekkel, grafik\u00e1kkal, karika\u00far\u00e1kkal (1963\u201380). \u2013 F. ki\u00e1ll. csoportos: Mv., Kv., Gyulafeh\u00e9rv\u00e1r, Szeben, Beszterce, Konsztanca, Buk. \u00e9s m\u00e1s v\u00e1rosokban; egy\u00e9ni: a Vatra foly\u00f3irat gal\u00e9ri\u00e1j\u00e1ban (1980), a marosszentgy\u00f6rgyi K\u00f6zs\u00e9gi K\u00f6nyvt\u00e1rban volt (1990). \u2013 <strong>F. m.:<\/strong> Obstetric\u0103 \u015fi ginecologie (Tg.M, 1995). <br \/><strong>Irod.:<\/strong> AAPM; Nekrol\u00f3g (C. L., 8. febr. 2000.), Soare; Soare, L.: Careul cu prieteni (1996); Todea\u2013F\u00fcl\u00f6p\u2013Avram<\/br><\/p>\n","protected":false},"excerpt":{"rendered":"<p>Szeben, 1930. m\u00e1j. 5., \u2020 Mv., 2000. febr. 5.\u00a0: \u00e9s egyetemitan\u00e1r (1992\u2013), klinikavezet\u0151- \u00e9s doktor\u00e1tustvezet\u0151 professzor. A g\u00e1nai Conakryban az orvosegyetemen tan\u00edtott (1970\u201372), Burundiban az OMS-Eg\u00e9szs\u00e9g\u00fcgyi Vil\u00e1gszervezet szak\u00e9rt\u0151je, bevezette a tr\u00f3pusi patol\u00f3gia tan\u00edt\u00e1s\u00e1t (1980. dec. \u201383. dec.). T\u00f6bb mint 250 tudom\u00e1nyos dolgozat szerz\u0151je volt. Minden v\u00e1rosban r\u00e9szt vett a kultur\u00e1lis \u00e9let szervez\u00e9s\u00e9ben, a mv.-i Liviu [&hellip;]<\/p>\n","protected":false},"featured_media":0,"comment_status":"open","ping_status":"closed","template":"","meta":[],"product_brand":[],"product_cat":[137],"product_tag":[],"class_list":{"0":"post-16986","1":"product","2":"type-product","3":"status-publish","5":"product_cat-maros-megyei-eletrajzi-lexikon","7":"first","8":"instock","9":"shipping-taxable","10":"product-type-simple"},"_links":{"self":[{"href":"https:\/\/uj.adatbank.ro\/lexikon\/wp-json\/wp\/v2\/product\/16986","targetHints":{"allow":["GET"]}}],"collection":[{"href":"https:\/\/uj.adatbank.ro\/lexikon\/wp-json\/wp\/v2\/product"}],"about":[{"href":"https:\/\/uj.adatbank.ro\/lexikon\/wp-json\/wp\/v2\/types\/product"}],"replies":[{"embeddable":true,"href":"https:\/\/uj.adatbank.ro\/lexikon\/wp-json\/wp\/v2\/comments?post=16986"}],"wp:attachment":[{"href":"https:\/\/uj.adatbank.ro\/lexikon\/wp-json\/wp\/v2\/media?parent=16986"}],"wp:term":[{"taxonomy":"product_brand","embeddable":true,"href":"https:\/\/uj.adatbank.ro\/lexikon\/wp-json\/wp\/v2\/product_brand?post=16986"},{"taxonomy":"product_cat","embeddable":true,"href":"https:\/\/uj.adatbank.ro\/lexikon\/wp-json\/wp\/v2\/product_cat?post=16986"},{"taxonomy":"product_tag","embeddable":true,"href":"https:\/\/uj.adatbank.ro\/lexikon\/wp-json\/wp\/v2\/product_tag?post=16986"}],"curies":[{"name":"wp","href":"https:\/\/api.w.org\/{rel}","templated":true}]}}

OLARIU, Silviu-Petru; álnevei:Liviu de la Brad (1947–50), Pulvo-Silare (1968–73)

<p>Szeben, 1930. máj. 5., † Mv., 2000. febr. 5. : és egyetemitanár (1992–), klinikavezető- és doktorátustvezető professzor. A gánai Conakryban az orvosegyetemen tanított (1970–72), Burundiban az OMS-Egészségügyi Világszervezet szakértője, bevezette a trópusi patológia tanítását (1980. dec. –83. dec.). Több mint 250 tudományos dolgozat szerzője volt. Minden városban részt vett a kulturális élet szervezésében, a mv.-i Liviu Rebreanu irodalmi kör elnöke volt, szerkesztette a Pagini mureşene (1979–80) c. kiadványt. A Vatra Românească Szövetség első tiszteletbeli elnöke volt (1990–). Alapítótagja és vezetőtanácsi tagja a K M M Sz.-nek (1977–). Sok festményének tárgyát az Afrikában tett utazása ihletett. Gyűjteményes képzőművészeti kiállításokon 49 alkalommal szerepelt akvarellekkel, grafikákkal, karikaúrákkal (1963–80). – F. kiáll. csoportos: Mv., Kv., Gyulafehérvár, Szeben, Beszterce, Konsztanca, Buk. és más városokban; egyéni: a Vatra folyóirat galériájában (1980), a marosszentgyörgyi Községi Könyvtárban volt (1990). – <strong>F. m.:</strong> Obstetrică şi ginecologie (Tg.M, 1995). <br /><strong>Irod.:</strong> AAPM; Nekrológ (C. L., 8. febr. 2000.), Soare; Soare, L.: Careul cu prieteni (1996); Todea–Fülöp–Avram</br></p>

<p>Szeben, 1930. máj. 5., † Mv., 2000. febr. 5. : és egyetemitanár (1992–), klinikavezető- és doktorátustvezető professzor. A gánai Conakryban az orvosegyetemen tanított (1970–72), Burundiban az OMS-Egészségügyi Világszervezet szakértője, bevezette a trópusi patológia tanítását (1980. dec. –83. dec.). Több mint 250 tudományos dolgozat szerzője volt. Minden városban részt vett a kulturális élet szervezésében, a mv.-i Liviu [&hellip;]</p>
