{"id":16991,"date":"2025-07-15T23:37:26","date_gmt":"2025-07-15T21:37:26","guid":{"rendered":"https:\/\/uj.adatbank.ro\/lexikon\/termek\/olasz-erzsebet\/"},"modified":"2025-07-15T23:37:26","modified_gmt":"2025-07-15T21:37:26","slug":"olasz-erzsebet","status":"publish","type":"product","link":"https:\/\/uj.adatbank.ro\/lexikon\/termek\/olasz-erzsebet\/","title":{"rendered":"OLASZ Erzs\u00e9bet"},"content":{"rendered":"<p>Mv., 1915. \u00e1pr. 3., \u2020 Eger, 1969. dec. 12.: sz\u00edn\u00e9szn\u0151. \u2013 Kv.\u00ad-ott j\u00e1rt sz\u00edniisk.-ba, p\u00e1ly\u00e1j\u00e1t Mv.-en kezdte (1937). Szatm\u00e1rn\u00e9metiben, Nagyv\u00e1radon \u00e9s Kass\u00e1n j\u00e1tszott (1937\u201349). A gy\u0151ri (1949\u201353), a szegedi (1953\u201354), a b\u00e9k\u00e9scsabai t\u00e1rsulat m\u0171v\u00e9szn\u0151je volt (1954\u201366), a Miskolci Nemzeti Sz\u00ednh\u00e1zban szerepelt (1966\u201369). P\u00e1ly\u00e1j\u00e1t naiva- \u00e9s primadonnaszerepekkel kezdte, k\u00e9s\u0151bb jel\u00adlemszerepeket alak\u00edtott. \u2013 <strong>F. sz.:<\/strong> Elmira (Moli\u00e9re: Tartuffe); Pepi n\u00e9ni (M\u00f3ricz Zsigmond: Nem \u00e9lhetek muzsikasz\u00f3 n\u00e9lk\u00fcl); Cec\u00edlia (K\u00e1lm\u00e1n Imre: A cs\u00e1rd\u00e1skir\u00e1lyn\u0151); Millern\u00e9 (Schiller: \u00c1rm\u00e1ny \u00e9s szerelem); Bencsikn\u00e9 (Karinthy Ferenc: Ezer \u00e9v); Frasquita (Garc\u00eda Lorca: Bernarda \u00c1lba h\u00e1za); Durandn\u00e9 (Baril-let-Gr\u00e9dy: A kaktusz vir\u00e1ga). <br \/><strong>Irod.:<\/strong> M\u00c9L; MSZL; \u00daM\u00c9L<\/br><\/p>\n","protected":false},"excerpt":{"rendered":"<p>Mv., 1915. \u00e1pr. 3., \u2020 Eger, 1969. dec. 12.: sz\u00edn\u00e9szn\u0151. \u2013 Kv.\u00ad-ott j\u00e1rt sz\u00edniisk.-ba, p\u00e1ly\u00e1j\u00e1t Mv.-en kezdte (1937). Szatm\u00e1rn\u00e9metiben, Nagyv\u00e1radon \u00e9s Kass\u00e1n j\u00e1tszott (1937\u201349). A gy\u0151ri (1949\u201353), a szegedi (1953\u201354), a b\u00e9k\u00e9scsabai t\u00e1rsulat m\u0171v\u00e9szn\u0151je volt (1954\u201366), a Miskolci Nemzeti Sz\u00ednh\u00e1zban szerepelt (1966\u201369). P\u00e1ly\u00e1j\u00e1t naiva- \u00e9s primadonnaszerepekkel kezdte, k\u00e9s\u0151bb jel\u00adlemszerepeket alak\u00edtott. \u2013 F. sz.: Elmira (Moli\u00e9re: [&hellip;]<\/p>\n","protected":false},"featured_media":0,"comment_status":"open","ping_status":"closed","template":"","meta":[],"product_brand":[],"product_cat":[137],"product_tag":[],"class_list":{"0":"post-16991","1":"product","2":"type-product","3":"status-publish","5":"product_cat-maros-megyei-eletrajzi-lexikon","7":"first","8":"instock","9":"shipping-taxable","10":"product-type-simple"},"_links":{"self":[{"href":"https:\/\/uj.adatbank.ro\/lexikon\/wp-json\/wp\/v2\/product\/16991","targetHints":{"allow":["GET"]}}],"collection":[{"href":"https:\/\/uj.adatbank.ro\/lexikon\/wp-json\/wp\/v2\/product"}],"about":[{"href":"https:\/\/uj.adatbank.ro\/lexikon\/wp-json\/wp\/v2\/types\/product"}],"replies":[{"embeddable":true,"href":"https:\/\/uj.adatbank.ro\/lexikon\/wp-json\/wp\/v2\/comments?post=16991"}],"wp:attachment":[{"href":"https:\/\/uj.adatbank.ro\/lexikon\/wp-json\/wp\/v2\/media?parent=16991"}],"wp:term":[{"taxonomy":"product_brand","embeddable":true,"href":"https:\/\/uj.adatbank.ro\/lexikon\/wp-json\/wp\/v2\/product_brand?post=16991"},{"taxonomy":"product_cat","embeddable":true,"href":"https:\/\/uj.adatbank.ro\/lexikon\/wp-json\/wp\/v2\/product_cat?post=16991"},{"taxonomy":"product_tag","embeddable":true,"href":"https:\/\/uj.adatbank.ro\/lexikon\/wp-json\/wp\/v2\/product_tag?post=16991"}],"curies":[{"name":"wp","href":"https:\/\/api.w.org\/{rel}","templated":true}]}}

OLASZ Erzsébet

<p>Mv., 1915. ápr. 3., † Eger, 1969. dec. 12.: színésznő. – Kv.­-ott járt színiisk.-ba, pályáját Mv.-en kezdte (1937). Szatmárnémetiben, Nagyváradon és Kassán játszott (1937–49). A győri (1949–53), a szegedi (1953–54), a békéscsabai társulat művésznője volt (1954–66), a Miskolci Nemzeti Színházban szerepelt (1966–69). Pályáját naiva- és primadonnaszerepekkel kezdte, később jel­lemszerepeket alakított. – <strong>F. sz.:</strong> Elmira (Moliére: Tartuffe); Pepi néni (Móricz Zsigmond: Nem élhetek muzsikaszó nélkül); Cecília (Kálmán Imre: A csárdáskirálynő); Millerné (Schiller: Ármány és szerelem); Bencsikné (Karinthy Ferenc: Ezer év); Frasquita (García Lorca: Bernarda Álba háza); Durandné (Baril-let-Grédy: A kaktusz virága). <br /><strong>Irod.:</strong> MÉL; MSZL; ÚMÉL</br></p>

<p>Mv., 1915. ápr. 3., † Eger, 1969. dec. 12.: színésznő. – Kv.­-ott járt színiisk.-ba, pályáját Mv.-en kezdte (1937). Szatmárnémetiben, Nagyváradon és Kassán játszott (1937–49). A győri (1949–53), a szegedi (1953–54), a békéscsabai társulat művésznője volt (1954–66), a Miskolci Nemzeti Színházban szerepelt (1966–69). Pályáját naiva- és primadonnaszerepekkel kezdte, később jel­lemszerepeket alakított. – F. sz.: Elmira (Moliére: [&hellip;]</p>
