{"id":16992,"date":"2025-07-15T23:37:28","date_gmt":"2025-07-15T21:37:28","guid":{"rendered":"https:\/\/uj.adatbank.ro\/lexikon\/termek\/olasz-lajos\/"},"modified":"2025-07-15T23:37:28","modified_gmt":"2025-07-15T21:37:28","slug":"olasz-lajos","status":"publish","type":"product","link":"https:\/\/uj.adatbank.ro\/lexikon\/termek\/olasz-lajos\/","title":{"rendered":"OLASZ Lajos"},"content":{"rendered":"<p>? \u2020\u00a0?: labdar\u00fag\u00f3, edz\u0151. \u2013 Mv.-en volt labdar\u00fag\u00f3, a sportiskol\u00e1n\u00e1l kezdett futballozni Sz\u00e1sz K\u00e1roly vezet\u00e9s\u00e9vel, k\u00f6vetkezett az egykori Metalotechnica, az Imatexn\u00e9l folytatta, Gernyeszegen is j\u00e1tszott \u00e9s hal\u00e1l\u00e1ig tagja volt az Apollo Old Boys \u00f6regfi\u00fak-egy\u00fcttesnek, egyik alap\u00edt\u00f3tagja volt a mv.-i kisp\u00e1ly\u00e1s Bastia csapat\u00e1nak. Kanyar\u00f3 Gy\u00f6rgy kezdem\u00e9nyezte az O.L.-r\u00f3l elnevezett torn\u00e1t, tisztelet\u00e9re eml\u00e9kversenyt rendeznek \u00e9vente. <br \/><strong>Irod.:<\/strong> Czimbalmos: II. O. L. eml\u00e9kverseny (N\u00fa., 2010. okt. 4.); III. Ol. L. \u2013eml\u00e9kverseny (V\u00e1s\u00e1rhelyi H\u00edrlap, 2011. okt. 12.)<\/br><\/p>\n","protected":false},"excerpt":{"rendered":"<p>? \u2020\u00a0?: labdar\u00fag\u00f3, edz\u0151. \u2013 Mv.-en volt labdar\u00fag\u00f3, a sportiskol\u00e1n\u00e1l kezdett futballozni Sz\u00e1sz K\u00e1roly vezet\u00e9s\u00e9vel, k\u00f6vetkezett az egykori Metalotechnica, az Imatexn\u00e9l folytatta, Gernyeszegen is j\u00e1tszott \u00e9s hal\u00e1l\u00e1ig tagja volt az Apollo Old Boys \u00f6regfi\u00fak-egy\u00fcttesnek, egyik alap\u00edt\u00f3tagja volt a mv.-i kisp\u00e1ly\u00e1s Bastia csapat\u00e1nak. Kanyar\u00f3 Gy\u00f6rgy kezdem\u00e9nyezte az O.L.-r\u00f3l elnevezett torn\u00e1t, tisztelet\u00e9re eml\u00e9kversenyt rendeznek \u00e9vente. Irod.: Czimbalmos: [&hellip;]<\/p>\n","protected":false},"featured_media":0,"comment_status":"open","ping_status":"closed","template":"","meta":[],"product_brand":[],"product_cat":[137],"product_tag":[],"class_list":{"0":"post-16992","1":"product","2":"type-product","3":"status-publish","5":"product_cat-maros-megyei-eletrajzi-lexikon","7":"first","8":"instock","9":"shipping-taxable","10":"product-type-simple"},"_links":{"self":[{"href":"https:\/\/uj.adatbank.ro\/lexikon\/wp-json\/wp\/v2\/product\/16992","targetHints":{"allow":["GET"]}}],"collection":[{"href":"https:\/\/uj.adatbank.ro\/lexikon\/wp-json\/wp\/v2\/product"}],"about":[{"href":"https:\/\/uj.adatbank.ro\/lexikon\/wp-json\/wp\/v2\/types\/product"}],"replies":[{"embeddable":true,"href":"https:\/\/uj.adatbank.ro\/lexikon\/wp-json\/wp\/v2\/comments?post=16992"}],"wp:attachment":[{"href":"https:\/\/uj.adatbank.ro\/lexikon\/wp-json\/wp\/v2\/media?parent=16992"}],"wp:term":[{"taxonomy":"product_brand","embeddable":true,"href":"https:\/\/uj.adatbank.ro\/lexikon\/wp-json\/wp\/v2\/product_brand?post=16992"},{"taxonomy":"product_cat","embeddable":true,"href":"https:\/\/uj.adatbank.ro\/lexikon\/wp-json\/wp\/v2\/product_cat?post=16992"},{"taxonomy":"product_tag","embeddable":true,"href":"https:\/\/uj.adatbank.ro\/lexikon\/wp-json\/wp\/v2\/product_tag?post=16992"}],"curies":[{"name":"wp","href":"https:\/\/api.w.org\/{rel}","templated":true}]}}

<p>? † ?: labdarúgó, edző. – Mv.-en volt labdarúgó, a sportiskolánál kezdett futballozni Szász Károly vezetésével, következett az egykori Metalotechnica, az Imatexnél folytatta, Gernyeszegen is játszott és haláláig tagja volt az Apollo Old Boys öregfiúk-együttesnek, egyik alapítótagja volt a mv.-i kispályás Bastia csapatának. Kanyaró György kezdeményezte az O.L.-ról elnevezett tornát, tiszteletére emlékversenyt rendeznek évente. <br /><strong>Irod.:</strong> Czimbalmos: II. O. L. emlékverseny (Nú., 2010. okt. 4.); III. Ol. L. –emlékverseny (Vásárhelyi Hírlap, 2011. okt. 12.)</br></p>

<p>? † ?: labdarúgó, edző. – Mv.-en volt labdarúgó, a sportiskolánál kezdett futballozni Szász Károly vezetésével, következett az egykori Metalotechnica, az Imatexnél folytatta, Gernyeszegen is játszott és haláláig tagja volt az Apollo Old Boys öregfiúk-együttesnek, egyik alapítótagja volt a mv.-i kispályás Bastia csapatának. Kanyaró György kezdeményezte az O.L.-ról elnevezett tornát, tiszteletére emlékversenyt rendeznek évente. Irod.: Czimbalmos: [&hellip;]</p>
