{"id":16994,"date":"2025-07-15T23:37:32","date_gmt":"2025-07-15T21:37:32","guid":{"rendered":"https:\/\/uj.adatbank.ro\/lexikon\/termek\/ollerer-erika-lazar-tiborne\/"},"modified":"2025-07-15T23:37:32","modified_gmt":"2025-07-15T21:37:32","slug":"ollerer-erika-lazar-tiborne","status":"publish","type":"product","link":"https:\/\/uj.adatbank.ro\/lexikon\/termek\/ollerer-erika-lazar-tiborne\/","title":{"rendered":"\u00d6LLERER Erika, L\u00e1z\u00e1r Tiborn\u00e9"},"content":{"rendered":"<p>Mv., 1938. szept.11. \u2020\u00a0? \u00e9l :gy\u00f3gyszer\u00e9sz. \u2013 Nagyszlont\u00e1n (1961\u201365), Szentp\u00e1lon (1965\u201368), f\u0151gy\u00f3gyszer\u00e9sz a mv.-i 8-as sz. Gy\u00f3gyszert\u00e1rban (1969\u201393). <br \/><strong>Irod.:<\/strong> B\u00e9rczes Judit<\/br><\/p>\n","protected":false},"excerpt":{"rendered":"<p>Mv., 1938. szept.11. \u2020\u00a0? \u00e9l :gy\u00f3gyszer\u00e9sz. \u2013 Nagyszlont\u00e1n (1961\u201365), Szentp\u00e1lon (1965\u201368), f\u0151gy\u00f3gyszer\u00e9sz a mv.-i 8-as sz. Gy\u00f3gyszert\u00e1rban (1969\u201393). Irod.: B\u00e9rczes Judit<\/p>\n","protected":false},"featured_media":0,"comment_status":"open","ping_status":"closed","template":"","meta":[],"product_brand":[],"product_cat":[137],"product_tag":[],"class_list":{"0":"post-16994","1":"product","2":"type-product","3":"status-publish","5":"product_cat-maros-megyei-eletrajzi-lexikon","7":"first","8":"instock","9":"shipping-taxable","10":"product-type-simple"},"_links":{"self":[{"href":"https:\/\/uj.adatbank.ro\/lexikon\/wp-json\/wp\/v2\/product\/16994","targetHints":{"allow":["GET"]}}],"collection":[{"href":"https:\/\/uj.adatbank.ro\/lexikon\/wp-json\/wp\/v2\/product"}],"about":[{"href":"https:\/\/uj.adatbank.ro\/lexikon\/wp-json\/wp\/v2\/types\/product"}],"replies":[{"embeddable":true,"href":"https:\/\/uj.adatbank.ro\/lexikon\/wp-json\/wp\/v2\/comments?post=16994"}],"wp:attachment":[{"href":"https:\/\/uj.adatbank.ro\/lexikon\/wp-json\/wp\/v2\/media?parent=16994"}],"wp:term":[{"taxonomy":"product_brand","embeddable":true,"href":"https:\/\/uj.adatbank.ro\/lexikon\/wp-json\/wp\/v2\/product_brand?post=16994"},{"taxonomy":"product_cat","embeddable":true,"href":"https:\/\/uj.adatbank.ro\/lexikon\/wp-json\/wp\/v2\/product_cat?post=16994"},{"taxonomy":"product_tag","embeddable":true,"href":"https:\/\/uj.adatbank.ro\/lexikon\/wp-json\/wp\/v2\/product_tag?post=16994"}],"curies":[{"name":"wp","href":"https:\/\/api.w.org\/{rel}","templated":true}]}}