{"id":1700,"date":"2025-06-28T11:50:23","date_gmt":"2025-06-28T09:50:23","guid":{"rendered":"https:\/\/uj.adatbank.ro\/lexikon\/termek\/alard-ferenc-paniti-panyiti-alardi-ferenc\/"},"modified":"2025-06-28T11:50:23","modified_gmt":"2025-06-28T09:50:23","slug":"alard-ferenc-paniti-panyiti-alardi-ferenc","status":"publish","type":"product","link":"https:\/\/uj.adatbank.ro\/lexikon\/termek\/alard-ferenc-paniti-panyiti-alardi-ferenc\/","title":{"rendered":"AL\u00c1RD Ferenc, paniti, panyiti Al\u00e1rdi Ferenc"},"content":{"rendered":"<p>? \u2020\u00a0? : sz\u00e9kely f\u0151ember, marossz\u00e9ki nemes. \u2013 Az agyagfalvi sz\u00e9kely nemzetgy\u0171l\u00e9sben Aranyossz\u00e9k k\u00f6vete (1506). Szapolyai J\u00e1nos erd\u00e9lyi vajda, megparancsolta Maros sz\u00e9k kapit\u00e1ny\u00e1nak, kir\u00e1ly- \u00e9s sz\u00e9k-bir\u00e1j\u00e1nak, hogy nemes Fr\u00e1tai M\u00e1ty\u00e1s de\u00e1kot iktass\u00e1k vissza a Kakasd helys\u00e9g hat\u00e1r\u00e1ban fekv\u0151 B\u00facs\u00fapada nev\u0171 f\u00f6lddarab birtok\u00e1ba, mert okm\u00e1nnyal igazolta, hogy ahhoz a felpereseknek semmi joguk sincs (H\u00e1tszeg, 1515. okt. 9.). Majd elmarasztalta abban a perben is, amelyet Fr\u00e1tai M\u00e1ty\u00e1s ellen ind\u00edtott patvarkod\u00e1s c\u00edm\u00e9n, miut\u00e1n a 6 m\u00e1rk\u00e1t r\u00e9szben a b\u00edr\u00f3nak, r\u00e9szban az alperes r\u00e9sz\u00e9re lefizetett, ezt h\u00e9derf\u00e1ji Barlab\u00e1si L\u00e9n\u00e1rt erd\u00e9lyi alvajda \u00e9s sz\u00e9kelyek alisp\u00e1nja bizony\u00edtotta (H\u00e9derf\u00e1j\u00e1n, 1524. jan. 13.). Megszerezte a marosszentkir\u00e1lyi p\u00e1los rendh\u00e1zat, de gondatlans\u00e1g miatt le\u00e9gett. <br \/><strong>Irod.:<\/strong> Kempelen; P\u00e1lmay; Sz\u00e9kelys\u00e9g; SzOkl 1,2.<\/br><\/p>\n","protected":false},"excerpt":{"rendered":"<p>? \u2020\u00a0? : sz\u00e9kely f\u0151ember, marossz\u00e9ki nemes. \u2013 Az agyagfalvi sz\u00e9kely nemzetgy\u0171l\u00e9sben Aranyossz\u00e9k k\u00f6vete (1506). Szapolyai J\u00e1nos erd\u00e9lyi vajda, megparancsolta Maros sz\u00e9k kapit\u00e1ny\u00e1nak, kir\u00e1ly- \u00e9s sz\u00e9k-bir\u00e1j\u00e1nak, hogy nemes Fr\u00e1tai M\u00e1ty\u00e1s de\u00e1kot iktass\u00e1k vissza a Kakasd helys\u00e9g hat\u00e1r\u00e1ban fekv\u0151 B\u00facs\u00fapada nev\u0171 f\u00f6lddarab birtok\u00e1ba, mert okm\u00e1nnyal igazolta, hogy ahhoz a felpereseknek semmi joguk sincs (H\u00e1tszeg, 1515. okt. [&hellip;]<\/p>\n","protected":false},"featured_media":0,"comment_status":"open","ping_status":"closed","template":"","meta":[],"product_brand":[],"product_cat":[137],"product_tag":[],"class_list":{"0":"post-1700","1":"product","2":"type-product","3":"status-publish","5":"product_cat-maros-megyei-eletrajzi-lexikon","7":"first","8":"instock","9":"shipping-taxable","10":"product-type-simple"},"_links":{"self":[{"href":"https:\/\/uj.adatbank.ro\/lexikon\/wp-json\/wp\/v2\/product\/1700","targetHints":{"allow":["GET"]}}],"collection":[{"href":"https:\/\/uj.adatbank.ro\/lexikon\/wp-json\/wp\/v2\/product"}],"about":[{"href":"https:\/\/uj.adatbank.ro\/lexikon\/wp-json\/wp\/v2\/types\/product"}],"replies":[{"embeddable":true,"href":"https:\/\/uj.adatbank.ro\/lexikon\/wp-json\/wp\/v2\/comments?post=1700"}],"wp:attachment":[{"href":"https:\/\/uj.adatbank.ro\/lexikon\/wp-json\/wp\/v2\/media?parent=1700"}],"wp:term":[{"taxonomy":"product_brand","embeddable":true,"href":"https:\/\/uj.adatbank.ro\/lexikon\/wp-json\/wp\/v2\/product_brand?post=1700"},{"taxonomy":"product_cat","embeddable":true,"href":"https:\/\/uj.adatbank.ro\/lexikon\/wp-json\/wp\/v2\/product_cat?post=1700"},{"taxonomy":"product_tag","embeddable":true,"href":"https:\/\/uj.adatbank.ro\/lexikon\/wp-json\/wp\/v2\/product_tag?post=1700"}],"curies":[{"name":"wp","href":"https:\/\/api.w.org\/{rel}","templated":true}]}}

ALÁRD Ferenc, paniti, panyiti Alárdi Ferenc

<p>? † ? : székely főember, marosszéki nemes. – Az agyagfalvi székely nemzetgyűlésben Aranyosszék követe (1506). Szapolyai János erdélyi vajda, megparancsolta Maros szék kapitányának, király- és szék-birájának, hogy nemes Frátai Mátyás deákot iktassák vissza a Kakasd helység határában fekvő Búcsúpada nevű földdarab birtokába, mert okmánnyal igazolta, hogy ahhoz a felpereseknek semmi joguk sincs (Hátszeg, 1515. okt. 9.). Majd elmarasztalta abban a perben is, amelyet Frátai Mátyás ellen indított patvarkodás címén, miután a 6 márkát részben a bírónak, részban az alperes részére lefizetett, ezt héderfáji Barlabási Lénárt erdélyi alvajda és székelyek alispánja bizonyította (Héderfáján, 1524. jan. 13.). Megszerezte a marosszentkirályi pálos rendházat, de gondatlanság miatt leégett. <br /><strong>Irod.:</strong> Kempelen; Pálmay; Székelység; SzOkl 1,2.</br></p>

<p>? † ? : székely főember, marosszéki nemes. – Az agyagfalvi székely nemzetgyűlésben Aranyosszék követe (1506). Szapolyai János erdélyi vajda, megparancsolta Maros szék kapitányának, király- és szék-birájának, hogy nemes Frátai Mátyás deákot iktassák vissza a Kakasd helység határában fekvő Búcsúpada nevű földdarab birtokába, mert okmánnyal igazolta, hogy ahhoz a felpereseknek semmi joguk sincs (Hátszeg, 1515. okt. [&hellip;]</p>
