{"id":17001,"date":"2025-07-15T23:37:45","date_gmt":"2025-07-15T21:37:45","guid":{"rendered":"https:\/\/uj.adatbank.ro\/lexikon\/termek\/olosz-egon\/"},"modified":"2025-07-15T23:37:45","modified_gmt":"2025-07-15T21:37:45","slug":"olosz-egon","status":"publish","type":"product","link":"https:\/\/uj.adatbank.ro\/lexikon\/termek\/olosz-egon\/","title":{"rendered":"OLOSZ Egon"},"content":{"rendered":"<p>Kisjen\u0151, 1920. febr. 5., \u2020 Mv., 1995. dec. 18.: orvos, belgy\u00f3gy\u00e1sz. \u2013 O. Lajos k\u00f6lt\u0151 fia. Feles\u00e9ge Hegyi Margit Kl\u00e1ra orvos (1924. \u2013 Mv., 1998. m\u00e1j. 1.). K\u00f6z\u00e9piskol\u00e1it Kv.-on \u00e9s Aradon v\u00e9gezte (1938), orvosi oklevelet Kv.-on szerzett (1944). Gyakornokk\u00e9nt kezdte p\u00e1ly\u00e1j\u00e1t Mv.-en a Miskolczy Dezs\u0151 vezette Ideg- \u00e9s Elmegy\u00f3gy\u00e1szati Klinik\u00e1n, onnan \u00e1thelyezt\u00e9k az Orvost\u00f6rt\u00e9neti Tansz\u00e9kre (1946. nov.\u2013), k\u00e9rte hogy gyakornok lehessen a Belgy\u00f3gy\u00e1szati Klinik\u00e1n is (1947\u2013), ahol tan\u00e1rseg\u00e9d (1950\u2013), adjunktus; doktor\u00e1lt (1972) \u00e9s kinevezt\u00e9k el\u0151ad\u00f3tan\u00e1rnak; prof. (1978\u2013) \u00e9s a II.-es Belgy\u00f3gy\u00e1szati Klinika vezet\u0151je (1982\u201390), n\u00e9h\u00e1ny \u00e9ven \u00e1t d\u00e9k\u00e1nhelyettes\u00a0(1976\u201384) \u00e9s tudom\u00e1nyos titk\u00e1r, nyugd\u00edjazt\u00e1k (1990). Az Eur\u00f3pai Sz\u00edvgy\u00f3gy\u00e1szati T\u00e1rsas\u00e1g tagja. Az Orvosi Szemle szerkeszt\u0151bizotts\u00e1gi titk\u00e1ra. Kutat\u00e1si ter\u00fcletei: a vesebetegs\u00e9gek, sz\u00edv- \u00e9s \u00e9rbetegs\u00e9gek k\u00f3rtana \u00e9s kezel\u00e9se. Tan\u00edtott sportorvostant, dietik\u00e1t, endokrinol\u00f3gi\u00e1t. A klinikai t\u00fcnettanba bevezette a halmazelm\u00e9letet \u00e9s a val\u00f3sz\u00edn\u0171s\u00e9gsz\u00e1m\u00edt\u00e1s m\u00f3dszereit, ezzel Mv.-en belgy\u00f3gy\u00e1szati t\u00fcnettani iskol\u00e1t alap\u00edtott. Tanulm\u00e1nyait k\u00f6z\u00f6lte az Orvosi Szemle, Medicina Intern\u0103, Revue Roumaine de Medicine Interne, ismeretterjeszt\u0151 cikkei az \u00daj \u00c9letben. \u2013 <strong>F. m.:<\/strong> Semiologie medical\u0103 (Tg.M., 1970); Curs de semiologie medical\u0103. Tg.-M., 1976), Belgy\u00f3gy\u00e1szati t\u00fcnettan 1\u20132. k\u00f6t.\u00a0(Mv., 1978\u20131981). <br \/><strong>Irod.:<\/strong> \u00c1br\u00e1m Zolt\u00e1n: K\u00f6sz\u00f6nj\u00fck, \u00d6csi b\u00e1csi\u00a0! (N\u00fa., 1990. nov. 15.); EMKK; Genersich; Hevesi J\u00f3zsef\u00a0: Fiam, Egon (In memoriam O. E.) (N\u00fa., M\u00fazsa, 230. sz., 1996. febr. 2.); Dr. O. E. egyetemi tan\u00e1r, 1920\u20131995 [Nekrol\u00f3g] (N\u00fa., 1995. dec. 20.); P\u00e9ter; P\u00e9ter Mih\u00e1ly: A MOGYE Orvost\u00f6rt\u00e9neti tansz\u00e9k\u00e9nek t\u00f6rt\u00e9net\u00e9r\u0151l = Spielmann J\u00f3zsef orvost\u00f6rt\u00e9n\u00e9sz eml\u00e9kk\u00f6nyve; RMIL; RMKK; T\u0151k\u00e9s<\/br><\/p>\n","protected":false},"excerpt":{"rendered":"<p>Kisjen\u0151, 1920. febr. 5., \u2020 Mv., 1995. dec. 18.: orvos, belgy\u00f3gy\u00e1sz. \u2013 O. Lajos k\u00f6lt\u0151 fia. Feles\u00e9ge Hegyi Margit Kl\u00e1ra orvos (1924. \u2013 Mv., 1998. m\u00e1j. 1.). K\u00f6z\u00e9piskol\u00e1it Kv.-on \u00e9s Aradon v\u00e9gezte (1938), orvosi oklevelet Kv.-on szerzett (1944). Gyakornokk\u00e9nt kezdte p\u00e1ly\u00e1j\u00e1t Mv.-en a Miskolczy Dezs\u0151 vezette Ideg- \u00e9s Elmegy\u00f3gy\u00e1szati Klinik\u00e1n, onnan \u00e1thelyezt\u00e9k az Orvost\u00f6rt\u00e9neti Tansz\u00e9kre [&hellip;]<\/p>\n","protected":false},"featured_media":0,"comment_status":"open","ping_status":"closed","template":"","meta":[],"product_brand":[],"product_cat":[137],"product_tag":[],"class_list":{"0":"post-17001","1":"product","2":"type-product","3":"status-publish","5":"product_cat-maros-megyei-eletrajzi-lexikon","7":"first","8":"instock","9":"shipping-taxable","10":"product-type-simple"},"_links":{"self":[{"href":"https:\/\/uj.adatbank.ro\/lexikon\/wp-json\/wp\/v2\/product\/17001","targetHints":{"allow":["GET"]}}],"collection":[{"href":"https:\/\/uj.adatbank.ro\/lexikon\/wp-json\/wp\/v2\/product"}],"about":[{"href":"https:\/\/uj.adatbank.ro\/lexikon\/wp-json\/wp\/v2\/types\/product"}],"replies":[{"embeddable":true,"href":"https:\/\/uj.adatbank.ro\/lexikon\/wp-json\/wp\/v2\/comments?post=17001"}],"wp:attachment":[{"href":"https:\/\/uj.adatbank.ro\/lexikon\/wp-json\/wp\/v2\/media?parent=17001"}],"wp:term":[{"taxonomy":"product_brand","embeddable":true,"href":"https:\/\/uj.adatbank.ro\/lexikon\/wp-json\/wp\/v2\/product_brand?post=17001"},{"taxonomy":"product_cat","embeddable":true,"href":"https:\/\/uj.adatbank.ro\/lexikon\/wp-json\/wp\/v2\/product_cat?post=17001"},{"taxonomy":"product_tag","embeddable":true,"href":"https:\/\/uj.adatbank.ro\/lexikon\/wp-json\/wp\/v2\/product_tag?post=17001"}],"curies":[{"name":"wp","href":"https:\/\/api.w.org\/{rel}","templated":true}]}}

<p>Kisjenő, 1920. febr. 5., † Mv., 1995. dec. 18.: orvos, belgyógyász. – O. Lajos költő fia. Felesége Hegyi Margit Klára orvos (1924. – Mv., 1998. máj. 1.). Középiskoláit Kv.-on és Aradon végezte (1938), orvosi oklevelet Kv.-on szerzett (1944). Gyakornokként kezdte pályáját Mv.-en a Miskolczy Dezső vezette Ideg- és Elmegyógyászati Klinikán, onnan áthelyezték az Orvostörténeti Tanszékre (1946. nov.–), kérte hogy gyakornok lehessen a Belgyógyászati Klinikán is (1947–), ahol tanársegéd (1950–), adjunktus; doktorált (1972) és kinevezték előadótanárnak; prof. (1978–) és a II.-es Belgyógyászati Klinika vezetője (1982–90), néhány éven át dékánhelyettes (1976–84) és tudományos titkár, nyugdíjazták (1990). Az Európai Szívgyógyászati Társaság tagja. Az Orvosi Szemle szerkesztőbizottsági titkára. Kutatási területei: a vesebetegségek, szív- és érbetegségek kórtana és kezelése. Tanított sportorvostant, dietikát, endokrinológiát. A klinikai tünettanba bevezette a halmazelméletet és a valószínűségszámítás módszereit, ezzel Mv.-en belgyógyászati tünettani iskolát alapított. Tanulmányait közölte az Orvosi Szemle, Medicina Internă, Revue Roumaine de Medicine Interne, ismeretterjesztő cikkei az Új Életben. – <strong>F. m.:</strong> Semiologie medicală (Tg.M., 1970); Curs de semiologie medicală. Tg.-M., 1976), Belgyógyászati tünettan 1–2. köt. (Mv., 1978–1981). <br /><strong>Irod.:</strong> Ábrám Zoltán: Köszönjük, Öcsi bácsi ! (Nú., 1990. nov. 15.); EMKK; Genersich; Hevesi József : Fiam, Egon (In memoriam O. E.) (Nú., Múzsa, 230. sz., 1996. febr. 2.); Dr. O. E. egyetemi tanár, 1920–1995 [Nekrológ] (Nú., 1995. dec. 20.); Péter; Péter Mihály: A MOGYE Orvostörténeti tanszékének történetéről = Spielmann József orvostörténész emlékkönyve; RMIL; RMKK; Tőkés</br></p>

<p>Kisjenő, 1920. febr. 5., † Mv., 1995. dec. 18.: orvos, belgyógyász. – O. Lajos költő fia. Felesége Hegyi Margit Klára orvos (1924. – Mv., 1998. máj. 1.). Középiskoláit Kv.-on és Aradon végezte (1938), orvosi oklevelet Kv.-on szerzett (1944). Gyakornokként kezdte pályáját Mv.-en a Miskolczy Dezső vezette Ideg- és Elmegyógyászati Klinikán, onnan áthelyezték az Orvostörténeti Tanszékre [&hellip;]</p>
