{"id":17006,"date":"2025-07-15T23:37:56","date_gmt":"2025-07-15T21:37:56","guid":{"rendered":"https:\/\/uj.adatbank.ro\/lexikon\/termek\/oltean-alexandru\/"},"modified":"2025-07-15T23:37:56","modified_gmt":"2025-07-15T21:37:56","slug":"oltean-alexandru","status":"publish","type":"product","link":"https:\/\/uj.adatbank.ro\/lexikon\/termek\/oltean-alexandru\/","title":{"rendered":"OLTEAN, Alexandru"},"content":{"rendered":"<p>Mez\u0151cs\u00e1v\u00e1s, 1820., \u2020 1849. febr. 12..: n\u00e9pvez\u00e9r. -Az 1848-as forradalom idej\u00e9n tribun volt Tek\u00e9ben \u00e9s Ball\u00e1ban. Elfogt\u00e1k \u00e9s hal\u00e1lra \u00edt\u00e9lt\u00e9k, k\u00f6t\u00e9l \u00e1ltali hal\u00e1llal v\u00e9gezt\u00e9k ki. <br \/><strong>Irod.:<\/strong> Popa, Traian: Tg.M.; Transilvania 1848\u201349<\/br><\/p>\n","protected":false},"excerpt":{"rendered":"<p>Mez\u0151cs\u00e1v\u00e1s, 1820., \u2020 1849. febr. 12..: n\u00e9pvez\u00e9r. -Az 1848-as forradalom idej\u00e9n tribun volt Tek\u00e9ben \u00e9s Ball\u00e1ban. Elfogt\u00e1k \u00e9s hal\u00e1lra \u00edt\u00e9lt\u00e9k, k\u00f6t\u00e9l \u00e1ltali hal\u00e1llal v\u00e9gezt\u00e9k ki. Irod.: Popa, Traian: Tg.M.; Transilvania 1848\u201349<\/p>\n","protected":false},"featured_media":0,"comment_status":"open","ping_status":"closed","template":"","meta":[],"product_brand":[],"product_cat":[137],"product_tag":[],"class_list":{"0":"post-17006","1":"product","2":"type-product","3":"status-publish","5":"product_cat-maros-megyei-eletrajzi-lexikon","7":"first","8":"instock","9":"shipping-taxable","10":"product-type-simple"},"_links":{"self":[{"href":"https:\/\/uj.adatbank.ro\/lexikon\/wp-json\/wp\/v2\/product\/17006","targetHints":{"allow":["GET"]}}],"collection":[{"href":"https:\/\/uj.adatbank.ro\/lexikon\/wp-json\/wp\/v2\/product"}],"about":[{"href":"https:\/\/uj.adatbank.ro\/lexikon\/wp-json\/wp\/v2\/types\/product"}],"replies":[{"embeddable":true,"href":"https:\/\/uj.adatbank.ro\/lexikon\/wp-json\/wp\/v2\/comments?post=17006"}],"wp:attachment":[{"href":"https:\/\/uj.adatbank.ro\/lexikon\/wp-json\/wp\/v2\/media?parent=17006"}],"wp:term":[{"taxonomy":"product_brand","embeddable":true,"href":"https:\/\/uj.adatbank.ro\/lexikon\/wp-json\/wp\/v2\/product_brand?post=17006"},{"taxonomy":"product_cat","embeddable":true,"href":"https:\/\/uj.adatbank.ro\/lexikon\/wp-json\/wp\/v2\/product_cat?post=17006"},{"taxonomy":"product_tag","embeddable":true,"href":"https:\/\/uj.adatbank.ro\/lexikon\/wp-json\/wp\/v2\/product_tag?post=17006"}],"curies":[{"name":"wp","href":"https:\/\/api.w.org\/{rel}","templated":true}]}}