{"id":17007,"date":"2025-07-15T23:37:57","date_gmt":"2025-07-15T21:37:57","guid":{"rendered":"https:\/\/uj.adatbank.ro\/lexikon\/termek\/oltean-alexandru-2\/"},"modified":"2025-07-15T23:37:57","modified_gmt":"2025-07-15T21:37:57","slug":"oltean-alexandru-2","status":"publish","type":"product","link":"https:\/\/uj.adatbank.ro\/lexikon\/termek\/oltean-alexandru-2\/","title":{"rendered":"OLTEAN, Alexandru"},"content":{"rendered":"<p>Meggyesfalva, 1876., \u2020\u00a0? : g. keleti lelk\u00e9sz. \u2013 Tanulm\u00e1nyait Mv.-en \u00e9s Nagyszebenben v\u00e9gezte, papp\u00e1 szentelt\u00e9k (1899). Meggyesfalv\u00e1n volt lelk\u00e9sz, ahol a k\u00f6zs\u00e9g kultur\u00e1lis \u00e9let\u00e9ben is szerepet v\u00e1llalt, a kultur\u00e1lis \u00e9s vall\u00e1sos egyes\u00fcletek t\u00e1mogat\u00f3ja volt. Szolg\u00e1lata idej\u00e9n \u00e9p\u00fclt az ortodox k\u0151templom, k\u00f6zadakoz\u00e1sb\u00f3l \u00e9s \u00e1llami seg\u00edts\u00e9ggel (1937\u20131942; a Meggyesfalvi negyedben, Dezrobirii u. 42 sz.), az Arhanghelii Mihail \u015fi Gavril v\u00e9d\u0151szenteknek aj\u00e1nlott templom. <br \/><strong>Irod.:<\/strong> Man: Tg.M., 3.; Sz\u00e9kelyf\u00f6ld \u00ed.k<\/br><\/p>\n","protected":false},"excerpt":{"rendered":"<p>Meggyesfalva, 1876., \u2020\u00a0? : g. keleti lelk\u00e9sz. \u2013 Tanulm\u00e1nyait Mv.-en \u00e9s Nagyszebenben v\u00e9gezte, papp\u00e1 szentelt\u00e9k (1899). Meggyesfalv\u00e1n volt lelk\u00e9sz, ahol a k\u00f6zs\u00e9g kultur\u00e1lis \u00e9let\u00e9ben is szerepet v\u00e1llalt, a kultur\u00e1lis \u00e9s vall\u00e1sos egyes\u00fcletek t\u00e1mogat\u00f3ja volt. Szolg\u00e1lata idej\u00e9n \u00e9p\u00fclt az ortodox k\u0151templom, k\u00f6zadakoz\u00e1sb\u00f3l \u00e9s \u00e1llami seg\u00edts\u00e9ggel (1937\u20131942; a Meggyesfalvi negyedben, Dezrobirii u. 42 sz.), az Arhanghelii Mihail [&hellip;]<\/p>\n","protected":false},"featured_media":0,"comment_status":"open","ping_status":"closed","template":"","meta":[],"product_brand":[],"product_cat":[137],"product_tag":[],"class_list":{"0":"post-17007","1":"product","2":"type-product","3":"status-publish","5":"product_cat-maros-megyei-eletrajzi-lexikon","7":"first","8":"instock","9":"shipping-taxable","10":"product-type-simple"},"_links":{"self":[{"href":"https:\/\/uj.adatbank.ro\/lexikon\/wp-json\/wp\/v2\/product\/17007","targetHints":{"allow":["GET"]}}],"collection":[{"href":"https:\/\/uj.adatbank.ro\/lexikon\/wp-json\/wp\/v2\/product"}],"about":[{"href":"https:\/\/uj.adatbank.ro\/lexikon\/wp-json\/wp\/v2\/types\/product"}],"replies":[{"embeddable":true,"href":"https:\/\/uj.adatbank.ro\/lexikon\/wp-json\/wp\/v2\/comments?post=17007"}],"wp:attachment":[{"href":"https:\/\/uj.adatbank.ro\/lexikon\/wp-json\/wp\/v2\/media?parent=17007"}],"wp:term":[{"taxonomy":"product_brand","embeddable":true,"href":"https:\/\/uj.adatbank.ro\/lexikon\/wp-json\/wp\/v2\/product_brand?post=17007"},{"taxonomy":"product_cat","embeddable":true,"href":"https:\/\/uj.adatbank.ro\/lexikon\/wp-json\/wp\/v2\/product_cat?post=17007"},{"taxonomy":"product_tag","embeddable":true,"href":"https:\/\/uj.adatbank.ro\/lexikon\/wp-json\/wp\/v2\/product_tag?post=17007"}],"curies":[{"name":"wp","href":"https:\/\/api.w.org\/{rel}","templated":true}]}}