{"id":1701,"date":"2025-06-28T11:50:25","date_gmt":"2025-06-28T09:50:25","guid":{"rendered":"https:\/\/uj.adatbank.ro\/lexikon\/termek\/alard-ferenc-paniti-panyiti-alardi-ferenc-2\/"},"modified":"2025-06-28T11:50:25","modified_gmt":"2025-06-28T09:50:25","slug":"alard-ferenc-paniti-panyiti-alardi-ferenc-2","status":"publish","type":"product","link":"https:\/\/uj.adatbank.ro\/lexikon\/termek\/alard-ferenc-paniti-panyiti-alardi-ferenc-2\/","title":{"rendered":"AL\u00c1RD Ferenc, paniti, panyiti Al\u00e1rdi Ferenc"},"content":{"rendered":"<p>? \u2020\u00a0? : sz\u00e9kely f\u0151ember, marossz\u00e9ki nemes. \u2013 A. Mikl\u00f3s \u00e9s Bog\u00e1thi Anna fia. \u2013 Fi\u00fak: G\u00e1sp\u00e1r. \u2013 Remeteszegen, egy oklev\u00e9l szerint, Baki P\u00e1l birtok\u00e1t vette \u00e1t (1573. nov. 3.): a kolostort, a hozz\u00e1 tartoz\u00f3 Remeteszeggel, T\u00f3falv\u00e1val, az egerszegi, szentkir\u00e1lyi, bergenyei, harc\u00f3i, b\u00e1rdosi, szentgy\u00f6rgyi \u00e9s csejdi r\u00e9szj\u00f3sz\u00e1gokkal, a paniti r\u00e9szj\u00f3sz\u00e1ggal, cser\u00e9be adta t\u00f6bb Feh\u00e9r vm.-i r\u00e9szj\u00f3sz\u00e1g\u00e1t. Kerel\u0151szentp\u00e1l birtokosa, ott \u00e9p\u00edttetett. T\u00e1mogatta Bekes G\u00e1sp\u00e1rt, aki tr\u00f3nk\u00f6vetel\u0151k\u00e9nt l\u00e9pett fel B\u00e1thori Istv\u00e1nnal szemben, Bekes veres\u00e9gett szenvedett a kerel\u0151szentp\u00e1li csat\u00e1ban (1575. j\u00fan 8.). Ez\u00e9rt kegyvesztett lett, kast\u00e9ly\u00e1t lerombolt\u00e1k \u00e9s j\u00f3sz\u00e1gai, azok k\u00f6zt Szentp\u00e1l, Kerel\u0151, Ugra \u00e9s Ol\u00e1hdell\u0151 a B\u00e1thori Krist\u00f3f kez\u00e9be ker\u00fclt. B\u00e1thory Istv\u00e1n sz\u00e1m\u0171zette, birtok\u00e1t elkobozta t\u0151le \u00e9s Sz\u00f6v\u00e9rdi G\u00e1sp\u00e1r J\u00e1nosnak adom\u00e1nyozta. K\u00e9s\u0151bb kegyelmet kapott. B\u00e1thory Zsigmond neki \u00e9s fi\u00e1nak visszaadta a szentp\u00e1li v\u00e1rat, Kerel\u0151t, Ugr\u00e1t \u00e9s a szentmargitai praediumot (1590. m\u00e1j. 10), majd Panitra kapott (1609) birtokadom\u00e1nyt. <br \/><strong>Irod.:<\/strong> Bicsok\u2013Orb\u00e1n; Id\u0151t\u00e1r 1.; Kempelen; Keresztes Gyula: Kast\u00e9lyaink 4. A kerel\u0151szentp\u00e1li kast\u00e9ly (N\u00fa., 1992. m\u00e1rc. 21.); Mez\u0151panit; Nagy Iv\u00e1n; Ol\u00e1dell\u0151; P\u00e1lmay; Petri; Remeteszeg; SzOkl, 4; Sz\u00e9pr\u00e9ti: R\u00e9gi \u00e9s \u00faj vil\u00e1g; Turul (15. sz., 1897)<\/br><\/p>\n","protected":false},"excerpt":{"rendered":"<p>? \u2020\u00a0? : sz\u00e9kely f\u0151ember, marossz\u00e9ki nemes. \u2013 A. Mikl\u00f3s \u00e9s Bog\u00e1thi Anna fia. \u2013 Fi\u00fak: G\u00e1sp\u00e1r. \u2013 Remeteszegen, egy oklev\u00e9l szerint, Baki P\u00e1l birtok\u00e1t vette \u00e1t (1573. nov. 3.): a kolostort, a hozz\u00e1 tartoz\u00f3 Remeteszeggel, T\u00f3falv\u00e1val, az egerszegi, szentkir\u00e1lyi, bergenyei, harc\u00f3i, b\u00e1rdosi, szentgy\u00f6rgyi \u00e9s csejdi r\u00e9szj\u00f3sz\u00e1gokkal, a paniti r\u00e9szj\u00f3sz\u00e1ggal, cser\u00e9be adta t\u00f6bb Feh\u00e9r vm.-i [&hellip;]<\/p>\n","protected":false},"featured_media":0,"comment_status":"open","ping_status":"closed","template":"","meta":[],"product_brand":[],"product_cat":[137],"product_tag":[],"class_list":{"0":"post-1701","1":"product","2":"type-product","3":"status-publish","5":"product_cat-maros-megyei-eletrajzi-lexikon","7":"first","8":"instock","9":"shipping-taxable","10":"product-type-simple"},"_links":{"self":[{"href":"https:\/\/uj.adatbank.ro\/lexikon\/wp-json\/wp\/v2\/product\/1701","targetHints":{"allow":["GET"]}}],"collection":[{"href":"https:\/\/uj.adatbank.ro\/lexikon\/wp-json\/wp\/v2\/product"}],"about":[{"href":"https:\/\/uj.adatbank.ro\/lexikon\/wp-json\/wp\/v2\/types\/product"}],"replies":[{"embeddable":true,"href":"https:\/\/uj.adatbank.ro\/lexikon\/wp-json\/wp\/v2\/comments?post=1701"}],"wp:attachment":[{"href":"https:\/\/uj.adatbank.ro\/lexikon\/wp-json\/wp\/v2\/media?parent=1701"}],"wp:term":[{"taxonomy":"product_brand","embeddable":true,"href":"https:\/\/uj.adatbank.ro\/lexikon\/wp-json\/wp\/v2\/product_brand?post=1701"},{"taxonomy":"product_cat","embeddable":true,"href":"https:\/\/uj.adatbank.ro\/lexikon\/wp-json\/wp\/v2\/product_cat?post=1701"},{"taxonomy":"product_tag","embeddable":true,"href":"https:\/\/uj.adatbank.ro\/lexikon\/wp-json\/wp\/v2\/product_tag?post=1701"}],"curies":[{"name":"wp","href":"https:\/\/api.w.org\/{rel}","templated":true}]}}

ALÁRD Ferenc, paniti, panyiti Alárdi Ferenc

<p>? † ? : székely főember, marosszéki nemes. – A. Miklós és Bogáthi Anna fia. – Fiúk: Gáspár. – Remeteszegen, egy oklevél szerint, Baki Pál birtokát vette át (1573. nov. 3.): a kolostort, a hozzá tartozó Remeteszeggel, Tófalvával, az egerszegi, szentkirályi, bergenyei, harcói, bárdosi, szentgyörgyi és csejdi részjószágokkal, a paniti részjószággal, cserébe adta több Fehér vm.-i részjószágát. Kerelőszentpál birtokosa, ott építtetett. Támogatta Bekes Gáspárt, aki trónkövetelőként lépett fel Báthori Istvánnal szemben, Bekes vereségett szenvedett a kerelőszentpáli csatában (1575. jún 8.). Ezért kegyvesztett lett, kastélyát lerombolták és jószágai, azok közt Szentpál, Kerelő, Ugra és Oláhdellő a Báthori Kristóf kezébe került. Báthory István száműzette, birtokát elkobozta tőle és Szövérdi Gáspár Jánosnak adományozta. Később kegyelmet kapott. Báthory Zsigmond neki és fiának visszaadta a szentpáli várat, Kerelőt, Ugrát és a szentmargitai praediumot (1590. máj. 10), majd Panitra kapott (1609) birtokadományt. <br /><strong>Irod.:</strong> Bicsok–Orbán; Időtár 1.; Kempelen; Keresztes Gyula: Kastélyaink 4. A kerelőszentpáli kastély (Nú., 1992. márc. 21.); Mezőpanit; Nagy Iván; Oládellő; Pálmay; Petri; Remeteszeg; SzOkl, 4; Szépréti: Régi és új világ; Turul (15. sz., 1897)</br></p>

<p>? † ? : székely főember, marosszéki nemes. – A. Miklós és Bogáthi Anna fia. – Fiúk: Gáspár. – Remeteszegen, egy oklevél szerint, Baki Pál birtokát vette át (1573. nov. 3.): a kolostort, a hozzá tartozó Remeteszeggel, Tófalvával, az egerszegi, szentkirályi, bergenyei, harcói, bárdosi, szentgyörgyi és csejdi részjószágokkal, a paniti részjószággal, cserébe adta több Fehér vm.-i [&hellip;]</p>
