{"id":17012,"date":"2025-07-15T23:38:06","date_gmt":"2025-07-15T21:38:06","guid":{"rendered":"https:\/\/uj.adatbank.ro\/lexikon\/termek\/oltean-gavrila\/"},"modified":"2025-07-15T23:38:06","modified_gmt":"2025-07-15T21:38:06","slug":"oltean-gavrila","status":"publish","type":"product","link":"https:\/\/uj.adatbank.ro\/lexikon\/termek\/oltean-gavrila\/","title":{"rendered":"OLTEAN, Gavrila"},"content":{"rendered":"<p>? \u2020\u00a0?: f\u00f6ldbirtokos Sz\u00e1str\u00e9genben, fegyverkeresked\u0151, liber\u00e1lis politikus. \u2013 Mv.-en a New York k\u00e1v\u00e9h\u00e1zban \u00f6sszeverekedett Emil Dandeaval (1929), akit azzal v\u00e1dolt hogy t\u00f6bbsz\u00f6r becsapta \u0151t.. A liber\u00e1lis p\u00e1rt szakad\u00e1sakor pisztollyal fenyegette meg az \u00f3liber\u00e1lisokat, Dandeat \u00e9s Bogdan Duicat gazembernek nevezte (1930), n\u00e9h\u00e1ny nappal k\u00e9s\u0151bb r\u00f6piratban leplezte le \u0151ket B\u00edr\u00f3s\u00e1g el\u00e9 ker\u00fclt becs\u00fclets\u00e9rt\u00e9s c\u00edm\u00e9n 500 lejre b\u00fcntett\u00e9k. <br \/><strong>Irod.:<\/strong> Id\u0151t\u00e1r 3<\/br><\/p>\n","protected":false},"excerpt":{"rendered":"<p>? \u2020\u00a0?: f\u00f6ldbirtokos Sz\u00e1str\u00e9genben, fegyverkeresked\u0151, liber\u00e1lis politikus. \u2013 Mv.-en a New York k\u00e1v\u00e9h\u00e1zban \u00f6sszeverekedett Emil Dandeaval (1929), akit azzal v\u00e1dolt hogy t\u00f6bbsz\u00f6r becsapta \u0151t.. A liber\u00e1lis p\u00e1rt szakad\u00e1sakor pisztollyal fenyegette meg az \u00f3liber\u00e1lisokat, Dandeat \u00e9s Bogdan Duicat gazembernek nevezte (1930), n\u00e9h\u00e1ny nappal k\u00e9s\u0151bb r\u00f6piratban leplezte le \u0151ket B\u00edr\u00f3s\u00e1g el\u00e9 ker\u00fclt becs\u00fclets\u00e9rt\u00e9s c\u00edm\u00e9n 500 lejre b\u00fcntett\u00e9k. [&hellip;]<\/p>\n","protected":false},"featured_media":0,"comment_status":"open","ping_status":"closed","template":"","meta":[],"product_brand":[],"product_cat":[137],"product_tag":[],"class_list":{"0":"post-17012","1":"product","2":"type-product","3":"status-publish","5":"product_cat-maros-megyei-eletrajzi-lexikon","7":"first","8":"instock","9":"shipping-taxable","10":"product-type-simple"},"_links":{"self":[{"href":"https:\/\/uj.adatbank.ro\/lexikon\/wp-json\/wp\/v2\/product\/17012","targetHints":{"allow":["GET"]}}],"collection":[{"href":"https:\/\/uj.adatbank.ro\/lexikon\/wp-json\/wp\/v2\/product"}],"about":[{"href":"https:\/\/uj.adatbank.ro\/lexikon\/wp-json\/wp\/v2\/types\/product"}],"replies":[{"embeddable":true,"href":"https:\/\/uj.adatbank.ro\/lexikon\/wp-json\/wp\/v2\/comments?post=17012"}],"wp:attachment":[{"href":"https:\/\/uj.adatbank.ro\/lexikon\/wp-json\/wp\/v2\/media?parent=17012"}],"wp:term":[{"taxonomy":"product_brand","embeddable":true,"href":"https:\/\/uj.adatbank.ro\/lexikon\/wp-json\/wp\/v2\/product_brand?post=17012"},{"taxonomy":"product_cat","embeddable":true,"href":"https:\/\/uj.adatbank.ro\/lexikon\/wp-json\/wp\/v2\/product_cat?post=17012"},{"taxonomy":"product_tag","embeddable":true,"href":"https:\/\/uj.adatbank.ro\/lexikon\/wp-json\/wp\/v2\/product_tag?post=17012"}],"curies":[{"name":"wp","href":"https:\/\/api.w.org\/{rel}","templated":true}]}}

<p>? † ?: földbirtokos Szástrégenben, fegyverkereskedő, liberális politikus. – Mv.-en a New York kávéházban összeverekedett Emil Dandeaval (1929), akit azzal vádolt hogy többször becsapta őt.. A liberális párt szakadásakor pisztollyal fenyegette meg az óliberálisokat, Dandeat és Bogdan Duicat gazembernek nevezte (1930), néhány nappal később röpiratban leplezte le őket Bíróság elé került becsületsértés címén 500 lejre büntették. <br /><strong>Irod.:</strong> Időtár 3</br></p>

<p>? † ?: földbirtokos Szástrégenben, fegyverkereskedő, liberális politikus. – Mv.-en a New York kávéházban összeverekedett Emil Dandeaval (1929), akit azzal vádolt hogy többször becsapta őt.. A liberális párt szakadásakor pisztollyal fenyegette meg az óliberálisokat, Dandeat és Bogdan Duicat gazembernek nevezte (1930), néhány nappal később röpiratban leplezte le őket Bíróság elé került becsületsértés címén 500 lejre büntették. [&hellip;]</p>
