{"id":17015,"date":"2025-07-15T23:38:14","date_gmt":"2025-07-15T21:38:14","guid":{"rendered":"https:\/\/uj.adatbank.ro\/lexikon\/termek\/oltean-ioan\/"},"modified":"2025-07-15T23:38:14","modified_gmt":"2025-07-15T21:38:14","slug":"oltean-ioan","status":"publish","type":"product","link":"https:\/\/uj.adatbank.ro\/lexikon\/termek\/oltean-ioan\/","title":{"rendered":"OLTEAN, Ioan"},"content":{"rendered":"<p>Als\u00f3b\u00f6lk\u00e9ny, ? \u2020 ?: tan\u00edt\u00f3. \u2013 Bal\u00e1zsfalv\u00e1n v\u00e9gzett tan\u00edt\u00f3k\u00e9pz\u0151t. Marosszentgy\u00f6rgy\u00f6n a g. kat. iskol\u00e1ban tan\u00edtott (1883\u20131903). Szolg\u00e1lata ideje alatt \u00faj iskola \u00e9p\u00fcletet emeltek (1893). A falu polg\u00e1rmester Kolcs\u00e1r J\u00e1nos volt. <br \/><strong>Irod.:<\/strong> S\u00e2ngeorgiu de Mure\u015f \u2013 \u015ecoala<\/br><\/p>\n","protected":false},"excerpt":{"rendered":"<p>Als\u00f3b\u00f6lk\u00e9ny, ? \u2020 ?: tan\u00edt\u00f3. \u2013 Bal\u00e1zsfalv\u00e1n v\u00e9gzett tan\u00edt\u00f3k\u00e9pz\u0151t. Marosszentgy\u00f6rgy\u00f6n a g. kat. iskol\u00e1ban tan\u00edtott (1883\u20131903). Szolg\u00e1lata ideje alatt \u00faj iskola \u00e9p\u00fcletet emeltek (1893). A falu polg\u00e1rmester Kolcs\u00e1r J\u00e1nos volt. Irod.: S\u00e2ngeorgiu de Mure\u015f \u2013 \u015ecoala<\/p>\n","protected":false},"featured_media":0,"comment_status":"open","ping_status":"closed","template":"","meta":[],"product_brand":[],"product_cat":[137],"product_tag":[],"class_list":{"0":"post-17015","1":"product","2":"type-product","3":"status-publish","5":"product_cat-maros-megyei-eletrajzi-lexikon","7":"first","8":"instock","9":"shipping-taxable","10":"product-type-simple"},"_links":{"self":[{"href":"https:\/\/uj.adatbank.ro\/lexikon\/wp-json\/wp\/v2\/product\/17015","targetHints":{"allow":["GET"]}}],"collection":[{"href":"https:\/\/uj.adatbank.ro\/lexikon\/wp-json\/wp\/v2\/product"}],"about":[{"href":"https:\/\/uj.adatbank.ro\/lexikon\/wp-json\/wp\/v2\/types\/product"}],"replies":[{"embeddable":true,"href":"https:\/\/uj.adatbank.ro\/lexikon\/wp-json\/wp\/v2\/comments?post=17015"}],"wp:attachment":[{"href":"https:\/\/uj.adatbank.ro\/lexikon\/wp-json\/wp\/v2\/media?parent=17015"}],"wp:term":[{"taxonomy":"product_brand","embeddable":true,"href":"https:\/\/uj.adatbank.ro\/lexikon\/wp-json\/wp\/v2\/product_brand?post=17015"},{"taxonomy":"product_cat","embeddable":true,"href":"https:\/\/uj.adatbank.ro\/lexikon\/wp-json\/wp\/v2\/product_cat?post=17015"},{"taxonomy":"product_tag","embeddable":true,"href":"https:\/\/uj.adatbank.ro\/lexikon\/wp-json\/wp\/v2\/product_tag?post=17015"}],"curies":[{"name":"wp","href":"https:\/\/api.w.org\/{rel}","templated":true}]}}