{"id":17016,"date":"2025-07-15T23:38:15","date_gmt":"2025-07-15T21:38:15","guid":{"rendered":"https:\/\/uj.adatbank.ro\/lexikon\/termek\/oltean-ioan-2\/"},"modified":"2025-07-15T23:38:15","modified_gmt":"2025-07-15T21:38:15","slug":"oltean-ioan-2","status":"publish","type":"product","link":"https:\/\/uj.adatbank.ro\/lexikon\/termek\/oltean-ioan-2\/","title":{"rendered":"OLTEAN, Ioan"},"content":{"rendered":"<p>Kolozspata, 1875. jan. 19., \u2020\u00a0Marosludas, 1949. m\u00e1rc. 22.: \u00fcgyv\u00e9d, alpolg\u00e1rmester. \u2013 Bal\u00e1zsfalv\u00e1n a fels\u0151fok\u00fa g. kat. gimnban \u00e9retts\u00e9gizett, majd teol\u00f3gi\u00e1t v\u00e9gzett, jogi diplom\u00e1t szerzett a kv.-i FEJTE-n (1898\u20131901). Kv.-on volt \u00fcgyv\u00e9djel\u00f6lt, az \u00fcgyv\u00e9di vizsg\u00e1t Mv.-en a Kir. T\u00e1bl\u00e1n\u00e1l tette le (1906). Ludason nyitott \u00fcgyv\u00e9di irod\u00e1t. Az ASTRA tagja (1905), egyh\u00e1zi \u00e9s iskolai int\u00e9zm\u00e9nyeket t\u00e1mogatott. R\u00e9szt vett a gyulafeh\u00e9rv\u00e1ri nagygy\u0171l\u00e9sen (1918. dec. 1.). A Nagyrom\u00e1n Nemzeti Tan\u00e1cs, a Rom\u00e1n Nemzeti P\u00e1rt, majd a N\u00e9pp\u00e1rt tagja, a Torda megyei vezet\u0151s\u00e9gbe v\u00e1lasztott\u00e1k. Nemzeti Parasztp\u00e1rti megyei tan\u00e1csos (1930\u201334; 1937\u201338). A kv.-i Ecoul Hitelint\u00e9zet ludasi fi\u00f3kj\u00e1nak igazgat\u00f3ja (1906), az Aquila f\u00f6ldm\u0171ves biztos\u00edt\u00e1si bank alap\u00edt\u00f3tagja (1915). Vezet\u0151s\u00e9gi tag: a Banka Comer\u0163ului Turda SA; Banca Arie\u015feana Torda, \u015eoimul Hitelint\u00e9zet Maros\u00fajv\u00e1r, AGRU. Tagja a Tordai \u00dcgyv\u00e9di Kamar\u00e1nak. A Rom\u00e1n Korona rend kit\u00fcntetettje lovagi fokozattal (1926). Mv. alpolg\u00e1rmestere a szovjet k\u00f6zigazgat\u00e1s idej\u00e9n (1944. szept. v. nov. 14\u2013). <br \/><strong>Irod.:<\/strong> Id\u0151t\u00e1r 3; Mv. t\u00f6rt. 2.:V\u00e1s\u00e1rhelyi H\u00edrlap, 21. sz., 2007. okt.1.; Todea 2013<\/br><\/p>\n","protected":false},"excerpt":{"rendered":"<p>Kolozspata, 1875. jan. 19., \u2020\u00a0Marosludas, 1949. m\u00e1rc. 22.: \u00fcgyv\u00e9d, alpolg\u00e1rmester. \u2013 Bal\u00e1zsfalv\u00e1n a fels\u0151fok\u00fa g. kat. gimnban \u00e9retts\u00e9gizett, majd teol\u00f3gi\u00e1t v\u00e9gzett, jogi diplom\u00e1t szerzett a kv.-i FEJTE-n (1898\u20131901). Kv.-on volt \u00fcgyv\u00e9djel\u00f6lt, az \u00fcgyv\u00e9di vizsg\u00e1t Mv.-en a Kir. T\u00e1bl\u00e1n\u00e1l tette le (1906). Ludason nyitott \u00fcgyv\u00e9di irod\u00e1t. Az ASTRA tagja (1905), egyh\u00e1zi \u00e9s iskolai int\u00e9zm\u00e9nyeket t\u00e1mogatott. R\u00e9szt [&hellip;]<\/p>\n","protected":false},"featured_media":0,"comment_status":"open","ping_status":"closed","template":"","meta":[],"product_brand":[],"product_cat":[137],"product_tag":[],"class_list":{"0":"post-17016","1":"product","2":"type-product","3":"status-publish","5":"product_cat-maros-megyei-eletrajzi-lexikon","7":"first","8":"instock","9":"shipping-taxable","10":"product-type-simple"},"_links":{"self":[{"href":"https:\/\/uj.adatbank.ro\/lexikon\/wp-json\/wp\/v2\/product\/17016","targetHints":{"allow":["GET"]}}],"collection":[{"href":"https:\/\/uj.adatbank.ro\/lexikon\/wp-json\/wp\/v2\/product"}],"about":[{"href":"https:\/\/uj.adatbank.ro\/lexikon\/wp-json\/wp\/v2\/types\/product"}],"replies":[{"embeddable":true,"href":"https:\/\/uj.adatbank.ro\/lexikon\/wp-json\/wp\/v2\/comments?post=17016"}],"wp:attachment":[{"href":"https:\/\/uj.adatbank.ro\/lexikon\/wp-json\/wp\/v2\/media?parent=17016"}],"wp:term":[{"taxonomy":"product_brand","embeddable":true,"href":"https:\/\/uj.adatbank.ro\/lexikon\/wp-json\/wp\/v2\/product_brand?post=17016"},{"taxonomy":"product_cat","embeddable":true,"href":"https:\/\/uj.adatbank.ro\/lexikon\/wp-json\/wp\/v2\/product_cat?post=17016"},{"taxonomy":"product_tag","embeddable":true,"href":"https:\/\/uj.adatbank.ro\/lexikon\/wp-json\/wp\/v2\/product_tag?post=17016"}],"curies":[{"name":"wp","href":"https:\/\/api.w.org\/{rel}","templated":true}]}}

<p>Kolozspata, 1875. jan. 19., † Marosludas, 1949. márc. 22.: ügyvéd, alpolgármester. – Balázsfalván a felsőfokú g. kat. gimnban érettségizett, majd teológiát végzett, jogi diplomát szerzett a kv.-i FEJTE-n (1898–1901). Kv.-on volt ügyvédjelölt, az ügyvédi vizsgát Mv.-en a Kir. Táblánál tette le (1906). Ludason nyitott ügyvédi irodát. Az ASTRA tagja (1905), egyházi és iskolai intézményeket támogatott. Részt vett a gyulafehérvári nagygyűlésen (1918. dec. 1.). A Nagyromán Nemzeti Tanács, a Román Nemzeti Párt, majd a Néppárt tagja, a Torda megyei vezetőségbe választották. Nemzeti Parasztpárti megyei tanácsos (1930–34; 1937–38). A kv.-i Ecoul Hitelintézet ludasi fiókjának igazgatója (1906), az Aquila földműves biztosítási bank alapítótagja (1915). Vezetőségi tag: a Banka Comerţului Turda SA; Banca Arieşeana Torda, Şoimul Hitelintézet Marosújvár, AGRU. Tagja a Tordai Ügyvédi Kamarának. A Román Korona rend kitüntetettje lovagi fokozattal (1926). Mv. alpolgármestere a szovjet közigazgatás idején (1944. szept. v. nov. 14–). <br /><strong>Irod.:</strong> Időtár 3; Mv. tört. 2.:Vásárhelyi Hírlap, 21. sz., 2007. okt.1.; Todea 2013</br></p>

<p>Kolozspata, 1875. jan. 19., † Marosludas, 1949. márc. 22.: ügyvéd, alpolgármester. – Balázsfalván a felsőfokú g. kat. gimnban érettségizett, majd teológiát végzett, jogi diplomát szerzett a kv.-i FEJTE-n (1898–1901). Kv.-on volt ügyvédjelölt, az ügyvédi vizsgát Mv.-en a Kir. Táblánál tette le (1906). Ludason nyitott ügyvédi irodát. Az ASTRA tagja (1905), egyházi és iskolai intézményeket támogatott. Részt [&hellip;]</p>
