{"id":17019,"date":"2025-07-15T23:38:21","date_gmt":"2025-07-15T21:38:21","guid":{"rendered":"https:\/\/uj.adatbank.ro\/lexikon\/termek\/oltean-ioan-theodor-%c2%a7-valodi-neve-paul-pretor\/"},"modified":"2025-07-15T23:38:21","modified_gmt":"2025-07-15T21:38:21","slug":"oltean-ioan-theodor-%c2%a7-valodi-neve-paul-pretor","status":"publish","type":"product","link":"https:\/\/uj.adatbank.ro\/lexikon\/termek\/oltean-ioan-theodor-%c2%a7-valodi-neve-paul-pretor\/","title":{"rendered":"OLTEAN, Ioan Theodor, \u00a7 val\u00f3di neve: Paul Pretor"},"content":{"rendered":"<p>Marosgezse, 1942. febr.19., \u2020\u00a0Marosludas, 1998. m\u00e1j. 21.: tan\u00e1r, k\u00f6lt\u0151, polg\u00e1rmester. \u2013 Elemi iskol\u00e1t a sz\u00fcl\u0151faluban (1949\u201356), l\u00edc.-ot Ludason (1960), BBTE, t\u00f6rt\u00e9nelem szak\u00e1t Kv.-on (1960\u201365) v\u00e9gzte. Pedag\u00f3gusi p\u00e1ly\u00e1j\u00e1t Mez\u0151s\u00e1lyiban (1965\u201366) kezdte, azut\u00e1n Ludason az Elm\u00e9leti L\u00edc.-ban t\u00f6rt\u00e9nelemtan\u00e1r (ma Ipari Iskolak\u00f6zpont) \u00e9s tan\u00edtott 32 \u00e9vig, hal\u00e1l\u00e1ig (1966\u201391). V\u00e9gleges\u00edt\u0151 vizsg\u00e1t (1969), II. fokozat\u00fa vizsg\u00e1t (1974), doktor\u00e1tust (1988) szerzett. Doktor\u00e1tusi disszert\u00e1ci\u00f3j\u00e1nak c\u00edme: Revolu\u0163ia de la 1848 \u00een C\u00e2mpia Transilvaniei (1988). Gazdag \u00fajs\u00e1g\u00edr\u00f3i tev\u00e9kenys\u00e9get fejtett ki a Vatra, Apulum X, Steaua rosie \u00e9s m\u00e1s lapokban. Koordon\u00e1lta azt a kollekt\u00edv\u00e1t, amely elk\u00e9sz\u00edtette Ludas v\u00e1ros monogr\u00e1fi\u00e1j\u00e1t (1977). A ludasi N\u00e9pi Egyetem igazgat\u00f3ja. Marosgezs\u00e9n \u00e9s Ludason archeol\u00f3giai \u00e1sat\u00e1sokat v\u00e9gzett \u00e9s tr\u00e1k-geto-d\u00e1k k\u00f6z\u00f6ss\u00e9gek maradv\u00e1nyait t\u00e1rta fel, amelyekr\u0151l a Repertoriul archeologic al judetului Mures c. k\u00f6tetben Valeriu Lazar, m\u00fazeumigazgat\u00f3, sz\u00e1molt be. Tagja volt a Rom\u00e1niai T\u00f6rt\u00e9nelemtudom\u00e1nyok T\u00e1rsas\u00e1g\u00e1nak. Az 1989-es forradalom idej\u00e9n eln\u00f6ke a ludasi Nemzeti Megment\u00e9si Frontnak, majd a v\u00e1ros polg\u00e1rmestere (1991\u20131992). Megval\u00f3s\u00edt\u00e1sai: a Viitorul v\u00e1rosnegyedben \u00faj h\u0151k\u00f6zpontot adtak \u00e1t; utc\u00e1kat aszfaltoztak; \u00faj t\u00f6mbh\u00e1zak \u00e9p\u00fcltek; leleplezt\u00e9k M. Eminescu \u00e9s G. Co\u015fbuc szobrait. K\u00f6lt\u0151k\u00e9nt a Vatra, Rev. Literar\u0103, Luceaf\u0103rul, Ramuri c. lapokban k\u00f6z\u00f6lt verseket.T\u00f6rt\u00e9nelmi tanulm\u00e1nyokat szakfoly\u00f3iratokban k\u00f6z\u00f6lt: Magazin istoric, Secolul XX. \u00e9s m\u00e1sokban. Post mortem a v\u00e1ros d\u00edszpolg\u00e1ra c. adom\u00e1nyozt\u00e1k neki (1998. j\u00fan. 29.), a marosgezsei \u00c1lt. Iskola felvette a nev\u00e9t (2002). \u2013 <strong>F. m.:<\/strong> Tineri debutan\u0163i (1978); P\u0103durea sub cuvinte Paul Pretor n\u00e9ven (1992); <strong>t\u00e1rssz.:<\/strong> Monografia ora\u015fului Ludu\u015f (Tg. M.; 2008). R\u00e9szt v\u00e1llalt a \u201eLudus \u2013600\u201d\u00fcnneps\u00e9gek szervez\u00e9s\u00e9b\u0151l. <br \/><strong>Irod.:<\/strong> Dasc\u0103li Mure\u015feni, 1.; Ludu\u015f<\/br><\/p>\n","protected":false},"excerpt":{"rendered":"<p>Marosgezse, 1942. febr.19., \u2020\u00a0Marosludas, 1998. m\u00e1j. 21.: tan\u00e1r, k\u00f6lt\u0151, polg\u00e1rmester. \u2013 Elemi iskol\u00e1t a sz\u00fcl\u0151faluban (1949\u201356), l\u00edc.-ot Ludason (1960), BBTE, t\u00f6rt\u00e9nelem szak\u00e1t Kv.-on (1960\u201365) v\u00e9gzte. Pedag\u00f3gusi p\u00e1ly\u00e1j\u00e1t Mez\u0151s\u00e1lyiban (1965\u201366) kezdte, azut\u00e1n Ludason az Elm\u00e9leti L\u00edc.-ban t\u00f6rt\u00e9nelemtan\u00e1r (ma Ipari Iskolak\u00f6zpont) \u00e9s tan\u00edtott 32 \u00e9vig, hal\u00e1l\u00e1ig (1966\u201391). V\u00e9gleges\u00edt\u0151 vizsg\u00e1t (1969), II. fokozat\u00fa vizsg\u00e1t (1974), doktor\u00e1tust (1988) szerzett. [&hellip;]<\/p>\n","protected":false},"featured_media":0,"comment_status":"open","ping_status":"closed","template":"","meta":[],"product_brand":[],"product_cat":[137],"product_tag":[],"class_list":{"0":"post-17019","1":"product","2":"type-product","3":"status-publish","5":"product_cat-maros-megyei-eletrajzi-lexikon","7":"first","8":"instock","9":"shipping-taxable","10":"product-type-simple"},"_links":{"self":[{"href":"https:\/\/uj.adatbank.ro\/lexikon\/wp-json\/wp\/v2\/product\/17019","targetHints":{"allow":["GET"]}}],"collection":[{"href":"https:\/\/uj.adatbank.ro\/lexikon\/wp-json\/wp\/v2\/product"}],"about":[{"href":"https:\/\/uj.adatbank.ro\/lexikon\/wp-json\/wp\/v2\/types\/product"}],"replies":[{"embeddable":true,"href":"https:\/\/uj.adatbank.ro\/lexikon\/wp-json\/wp\/v2\/comments?post=17019"}],"wp:attachment":[{"href":"https:\/\/uj.adatbank.ro\/lexikon\/wp-json\/wp\/v2\/media?parent=17019"}],"wp:term":[{"taxonomy":"product_brand","embeddable":true,"href":"https:\/\/uj.adatbank.ro\/lexikon\/wp-json\/wp\/v2\/product_brand?post=17019"},{"taxonomy":"product_cat","embeddable":true,"href":"https:\/\/uj.adatbank.ro\/lexikon\/wp-json\/wp\/v2\/product_cat?post=17019"},{"taxonomy":"product_tag","embeddable":true,"href":"https:\/\/uj.adatbank.ro\/lexikon\/wp-json\/wp\/v2\/product_tag?post=17019"}],"curies":[{"name":"wp","href":"https:\/\/api.w.org\/{rel}","templated":true}]}}

OLTEAN, Ioan Theodor, § valódi neve: Paul Pretor

<p>Marosgezse, 1942. febr.19., † Marosludas, 1998. máj. 21.: tanár, költő, polgármester. – Elemi iskolát a szülőfaluban (1949–56), líc.-ot Ludason (1960), BBTE, történelem szakát Kv.-on (1960–65) végzte. Pedagógusi pályáját Mezősályiban (1965–66) kezdte, azután Ludason az Elméleti Líc.-ban történelemtanár (ma Ipari Iskolaközpont) és tanított 32 évig, haláláig (1966–91). Véglegesítő vizsgát (1969), II. fokozatú vizsgát (1974), doktorátust (1988) szerzett. Doktorátusi disszertációjának címe: Revoluţia de la 1848 în Câmpia Transilvaniei (1988). Gazdag újságírói tevékenységet fejtett ki a Vatra, Apulum X, Steaua rosie és más lapokban. Koordonálta azt a kollektívát, amely elkészítette Ludas város monográfiáját (1977). A ludasi Népi Egyetem igazgatója. Marosgezsén és Ludason archeológiai ásatásokat végzett és trák-geto-dák közösségek maradványait tárta fel, amelyekről a Repertoriul archeologic al judetului Mures c. kötetben Valeriu Lazar, múzeumigazgató, számolt be. Tagja volt a Romániai Történelemtudományok Társaságának. Az 1989-es forradalom idején elnöke a ludasi Nemzeti Megmentési Frontnak, majd a város polgármestere (1991–1992). Megvalósításai: a Viitorul városnegyedben új hőközpontot adtak át; utcákat aszfaltoztak; új tömbházak épültek; leleplezték M. Eminescu és G. Coşbuc szobrait. Költőként a Vatra, Rev. Literară, Luceafărul, Ramuri c. lapokban közölt verseket.Történelmi tanulmányokat szakfolyóiratokban közölt: Magazin istoric, Secolul XX. és másokban. Post mortem a város díszpolgára c. adományozták neki (1998. jún. 29.), a marosgezsei Ált. Iskola felvette a nevét (2002). – <strong>F. m.:</strong> Tineri debutanţi (1978); Pădurea sub cuvinte Paul Pretor néven (1992); <strong>társsz.:</strong> Monografia oraşului Luduş (Tg. M.; 2008). Részt vállalt a „Ludus –600”ünnepségek szervezéséből. <br /><strong>Irod.:</strong> Dascăli Mureşeni, 1.; Luduş</br></p>

<p>Marosgezse, 1942. febr.19., † Marosludas, 1998. máj. 21.: tanár, költő, polgármester. – Elemi iskolát a szülőfaluban (1949–56), líc.-ot Ludason (1960), BBTE, történelem szakát Kv.-on (1960–65) végzte. Pedagógusi pályáját Mezősályiban (1965–66) kezdte, azután Ludason az Elméleti Líc.-ban történelemtanár (ma Ipari Iskolaközpont) és tanított 32 évig, haláláig (1966–91). Véglegesítő vizsgát (1969), II. fokozatú vizsgát (1974), doktorátust (1988) szerzett. [&hellip;]</p>
