{"id":1703,"date":"2025-06-28T11:50:31","date_gmt":"2025-06-28T09:50:31","guid":{"rendered":"https:\/\/uj.adatbank.ro\/lexikon\/termek\/alard-laszlo-meggyesfalvi-alardi-laszlo-paniti\/"},"modified":"2025-06-28T11:50:31","modified_gmt":"2025-06-28T09:50:31","slug":"alard-laszlo-meggyesfalvi-alardi-laszlo-paniti","status":"publish","type":"product","link":"https:\/\/uj.adatbank.ro\/lexikon\/termek\/alard-laszlo-meggyesfalvi-alardi-laszlo-paniti\/","title":{"rendered":"AL\u00c1RD L\u00e1szl\u00f3, meggyesfalvi, Al\u00e1rdi L\u00e1szl\u00f3, paniti"},"content":{"rendered":"<p>? \u2020\u00a0Kv., 1468. jan. 19.: marossz\u00e9ki f\u0151ember, b\u00edr\u00f3 (1464). \u2013 Szentgy\u00f6rgyi \u00e9s Bazini J\u00e1nos erd\u00e9lyi vajda \u00e9s sz\u00e9kelyek isp\u00e1nja megparancsolta a kolozsmonostori conventnek, hogy Medgyesfalvi Al\u00e1rd L\u00e1szl\u00f3t iktassa be Bog\u00e1thi Andr\u00e1s t\u00f6bb Torda-, K\u00fck\u00fcll\u0151- \u00e9s Fej\u00e9r v\u00e1rmegyei helys\u00e9gekbeli r\u00e9sz-j\u00f3sz\u00e1gaiba, melyeket ez vele n\u00e9mely Torda \u00e9s K\u00fck\u00fcll\u0151 v\u00e1rmegyei r\u00e9szj\u00f3sz\u00e1gai\u00e9rt elcser\u00e9lt (Torda,1464). A kolozsmonostori convent bizonyitja, hogy r\u00e9szt vett a M\u00e1ty\u00e1s elleni erd\u00e9lyi f\u0151urak l\u00e1zad\u00e1s\u00e1ban (1467). A M\u00e1ty\u00e1s kir\u00e1ly ellen fell\u00e1zadtak forradalmi okm\u00e1ny\u00e1t al\u00e1\u00edrta, ez\u00e9rt M\u00e1ty\u00e1s kir\u00e1ly elfogatta \u00e9s Kv.-on fej\u00e9t v\u00e9tette (1468). Meggyesfalv\u00e1t ekkor Angyalosi J\u00e1nosnak adom\u00e1nyozta. <br \/><strong>Irod.:<\/strong> Id\u0151t\u00e1r 1; N\u00f3gr\u00e1dy \u00c1rp\u00e1d: A l\u00e1zad\u00e1s \u00e1ra (EM 67 k \u2013 2005 3\u20134 f\u00fazet); Orb\u00e1n Bal\u00e1zs; SzOkl 1.; \u015eincan 2006<\/br><\/p>\n","protected":false},"excerpt":{"rendered":"<p>? \u2020\u00a0Kv., 1468. jan. 19.: marossz\u00e9ki f\u0151ember, b\u00edr\u00f3 (1464). \u2013 Szentgy\u00f6rgyi \u00e9s Bazini J\u00e1nos erd\u00e9lyi vajda \u00e9s sz\u00e9kelyek isp\u00e1nja megparancsolta a kolozsmonostori conventnek, hogy Medgyesfalvi Al\u00e1rd L\u00e1szl\u00f3t iktassa be Bog\u00e1thi Andr\u00e1s t\u00f6bb Torda-, K\u00fck\u00fcll\u0151- \u00e9s Fej\u00e9r v\u00e1rmegyei helys\u00e9gekbeli r\u00e9sz-j\u00f3sz\u00e1gaiba, melyeket ez vele n\u00e9mely Torda \u00e9s K\u00fck\u00fcll\u0151 v\u00e1rmegyei r\u00e9szj\u00f3sz\u00e1gai\u00e9rt elcser\u00e9lt (Torda,1464). A kolozsmonostori convent bizonyitja, hogy [&hellip;]<\/p>\n","protected":false},"featured_media":0,"comment_status":"open","ping_status":"closed","template":"","meta":[],"product_brand":[],"product_cat":[137],"product_tag":[],"class_list":{"0":"post-1703","1":"product","2":"type-product","3":"status-publish","5":"product_cat-maros-megyei-eletrajzi-lexikon","7":"first","8":"instock","9":"shipping-taxable","10":"product-type-simple"},"_links":{"self":[{"href":"https:\/\/uj.adatbank.ro\/lexikon\/wp-json\/wp\/v2\/product\/1703","targetHints":{"allow":["GET"]}}],"collection":[{"href":"https:\/\/uj.adatbank.ro\/lexikon\/wp-json\/wp\/v2\/product"}],"about":[{"href":"https:\/\/uj.adatbank.ro\/lexikon\/wp-json\/wp\/v2\/types\/product"}],"replies":[{"embeddable":true,"href":"https:\/\/uj.adatbank.ro\/lexikon\/wp-json\/wp\/v2\/comments?post=1703"}],"wp:attachment":[{"href":"https:\/\/uj.adatbank.ro\/lexikon\/wp-json\/wp\/v2\/media?parent=1703"}],"wp:term":[{"taxonomy":"product_brand","embeddable":true,"href":"https:\/\/uj.adatbank.ro\/lexikon\/wp-json\/wp\/v2\/product_brand?post=1703"},{"taxonomy":"product_cat","embeddable":true,"href":"https:\/\/uj.adatbank.ro\/lexikon\/wp-json\/wp\/v2\/product_cat?post=1703"},{"taxonomy":"product_tag","embeddable":true,"href":"https:\/\/uj.adatbank.ro\/lexikon\/wp-json\/wp\/v2\/product_tag?post=1703"}],"curies":[{"name":"wp","href":"https:\/\/api.w.org\/{rel}","templated":true}]}}

ALÁRD László, meggyesfalvi, Alárdi László, paniti

<p>? † Kv., 1468. jan. 19.: marosszéki főember, bíró (1464). – Szentgyörgyi és Bazini János erdélyi vajda és székelyek ispánja megparancsolta a kolozsmonostori conventnek, hogy Medgyesfalvi Alárd Lászlót iktassa be Bogáthi András több Torda-, Küküllő- és Fejér vármegyei helységekbeli rész-jószágaiba, melyeket ez vele némely Torda és Küküllő vármegyei részjószágaiért elcserélt (Torda,1464). A kolozsmonostori convent bizonyitja, hogy részt vett a Mátyás elleni erdélyi főurak lázadásában (1467). A Mátyás király ellen fellázadtak forradalmi okmányát aláírta, ezért Mátyás király elfogatta és Kv.-on fejét vétette (1468). Meggyesfalvát ekkor Angyalosi Jánosnak adományozta. <br /><strong>Irod.:</strong> Időtár 1; Nógrády Árpád: A lázadás ára (EM 67 k – 2005 3–4 fúzet); Orbán Balázs; SzOkl 1.; Şincan 2006</br></p>

<p>? † Kv., 1468. jan. 19.: marosszéki főember, bíró (1464). – Szentgyörgyi és Bazini János erdélyi vajda és székelyek ispánja megparancsolta a kolozsmonostori conventnek, hogy Medgyesfalvi Alárd Lászlót iktassa be Bogáthi András több Torda-, Küküllő- és Fejér vármegyei helységekbeli rész-jószágaiba, melyeket ez vele némely Torda és Küküllő vármegyei részjószágaiért elcserélt (Torda,1464). A kolozsmonostori convent bizonyitja, hogy [&hellip;]</p>
