{"id":17030,"date":"2025-07-15T23:38:43","date_gmt":"2025-07-15T21:38:43","guid":{"rendered":"https:\/\/uj.adatbank.ro\/lexikon\/termek\/olteanu-demetriu\/"},"modified":"2025-07-15T23:38:43","modified_gmt":"2025-07-15T21:38:43","slug":"olteanu-demetriu","status":"publish","type":"product","link":"https:\/\/uj.adatbank.ro\/lexikon\/termek\/olteanu-demetriu\/","title":{"rendered":"OLTEANU, Demetriu"},"content":{"rendered":"<p>? \u2020\u00a0?: g.kat. pap. \u2013 Monosfalv\u00e1n (1863\u20131905) szolg\u00e1lata ideje alatt \u00e9p\u00fclt k\u00f6zadakoz\u00e1sb\u00f3l \u00e9s a faelad\u00e1sb\u00f3l sz\u00e1rmaz\u00f3 j\u00f6vedelmekb\u0151l a ma is haszn\u00e1lt ort. templom (1882). Tervez\u0151je \u00e9s kivitel\u0151z\u0151je G\u00f6llner Edu\u00e1rd \u00e9s Keintzel Iulius r\u00e9geni \u00e9p\u00edt\u00e9szek, ikonoszt\u00e1sz\u00e1t Frederich Kristian k\u00e9sz\u00edtette. <br \/><strong>Irod.:<\/strong> Reghin, Protopopiat<\/br><\/p>\n","protected":false},"excerpt":{"rendered":"<p>? \u2020\u00a0?: g.kat. pap. \u2013 Monosfalv\u00e1n (1863\u20131905) szolg\u00e1lata ideje alatt \u00e9p\u00fclt k\u00f6zadakoz\u00e1sb\u00f3l \u00e9s a faelad\u00e1sb\u00f3l sz\u00e1rmaz\u00f3 j\u00f6vedelmekb\u0151l a ma is haszn\u00e1lt ort. templom (1882). Tervez\u0151je \u00e9s kivitel\u0151z\u0151je G\u00f6llner Edu\u00e1rd \u00e9s Keintzel Iulius r\u00e9geni \u00e9p\u00edt\u00e9szek, ikonoszt\u00e1sz\u00e1t Frederich Kristian k\u00e9sz\u00edtette. Irod.: Reghin, Protopopiat<\/p>\n","protected":false},"featured_media":0,"comment_status":"open","ping_status":"closed","template":"","meta":[],"product_brand":[],"product_cat":[137],"product_tag":[],"class_list":{"0":"post-17030","1":"product","2":"type-product","3":"status-publish","5":"product_cat-maros-megyei-eletrajzi-lexikon","7":"first","8":"instock","9":"shipping-taxable","10":"product-type-simple"},"_links":{"self":[{"href":"https:\/\/uj.adatbank.ro\/lexikon\/wp-json\/wp\/v2\/product\/17030","targetHints":{"allow":["GET"]}}],"collection":[{"href":"https:\/\/uj.adatbank.ro\/lexikon\/wp-json\/wp\/v2\/product"}],"about":[{"href":"https:\/\/uj.adatbank.ro\/lexikon\/wp-json\/wp\/v2\/types\/product"}],"replies":[{"embeddable":true,"href":"https:\/\/uj.adatbank.ro\/lexikon\/wp-json\/wp\/v2\/comments?post=17030"}],"wp:attachment":[{"href":"https:\/\/uj.adatbank.ro\/lexikon\/wp-json\/wp\/v2\/media?parent=17030"}],"wp:term":[{"taxonomy":"product_brand","embeddable":true,"href":"https:\/\/uj.adatbank.ro\/lexikon\/wp-json\/wp\/v2\/product_brand?post=17030"},{"taxonomy":"product_cat","embeddable":true,"href":"https:\/\/uj.adatbank.ro\/lexikon\/wp-json\/wp\/v2\/product_cat?post=17030"},{"taxonomy":"product_tag","embeddable":true,"href":"https:\/\/uj.adatbank.ro\/lexikon\/wp-json\/wp\/v2\/product_tag?post=17030"}],"curies":[{"name":"wp","href":"https:\/\/api.w.org\/{rel}","templated":true}]}}