{"id":17036,"date":"2025-07-15T23:38:55","date_gmt":"2025-07-15T21:38:55","guid":{"rendered":"https:\/\/uj.adatbank.ro\/lexikon\/termek\/olteanu-ioan-%c2%a7\/"},"modified":"2025-07-15T23:38:55","modified_gmt":"2025-07-15T21:38:55","slug":"olteanu-ioan-%c2%a7","status":"publish","type":"product","link":"https:\/\/uj.adatbank.ro\/lexikon\/termek\/olteanu-ioan-%c2%a7\/","title":{"rendered":"OLTEANU, Ioan, \u00a7"},"content":{"rendered":"<p>? \u2020 Mv., 1996\u00a0: m\u00e9rn\u00f6k, igazgat\u00f3. \u2013 M\u00e9rn\u00f6k, a mv.-i Electromaros igazgat\u00f3ja. (1971\u20131996). Sokat tett a mv.-i sport\u00e9rt. Serd\u00fcl\u0151 kor\u00e1t\u00f3l kos\u00e1rlabd\u00e1zott, r\u00f6plabd\u00e1zott. Mint igazgat\u00f3 \u00e1tszervezte a Ciocanul sportegyes\u00fcletet, megalap\u00edtotta az Elektromaros sportklub, ahol egy adott id\u0151szakban 18 szakoszt\u00e1ly m\u0171k\u00f6d\u00f6tt, sz\u00e1mos orsz\u00e1gos szinten tev\u00e9kenyked\u0151 csapattal. k\u00f6zt\u00fck az A-oszt\u00e1lyos n\u00f4i \u00e9s f\u00e9rfi tek\u00e9z\u00f4kkel is. A teke tulajdonk\u00e9ppen a klub legeredm\u00e9nyesebb szakoszt\u00e1lyai k\u00f6z\u00e9 tartozott, kiv\u00e1l\u00f3 belf\u00f6ldi \u00e9s k\u00fclf\u00f6ldi eredm\u00e9nyekkel b\u00fcszk\u00e9lkedhetett.T\u00e1mogatta a v\u00e1ros k\u00e9zilabda csapat\u00e1t, amely az 1983\u201384 es bajnoks\u00e1g m\u00e1sodik oszt\u00e1ly\u00e1ban r\u00e9szt vett \u00e9s j\u00f3l szerepelt. <br \/><strong>Irod.:<\/strong> Kl\u00f3sz 2010; N\u00fa (2001. szept. 3)<\/br><\/p>\n","protected":false},"excerpt":{"rendered":"<p>? \u2020 Mv., 1996\u00a0: m\u00e9rn\u00f6k, igazgat\u00f3. \u2013 M\u00e9rn\u00f6k, a mv.-i Electromaros igazgat\u00f3ja. (1971\u20131996). Sokat tett a mv.-i sport\u00e9rt. Serd\u00fcl\u0151 kor\u00e1t\u00f3l kos\u00e1rlabd\u00e1zott, r\u00f6plabd\u00e1zott. Mint igazgat\u00f3 \u00e1tszervezte a Ciocanul sportegyes\u00fcletet, megalap\u00edtotta az Elektromaros sportklub, ahol egy adott id\u0151szakban 18 szakoszt\u00e1ly m\u0171k\u00f6d\u00f6tt, sz\u00e1mos orsz\u00e1gos szinten tev\u00e9kenyked\u0151 csapattal. k\u00f6zt\u00fck az A-oszt\u00e1lyos n\u00f4i \u00e9s f\u00e9rfi tek\u00e9z\u00f4kkel is. A teke tulajdonk\u00e9ppen [&hellip;]<\/p>\n","protected":false},"featured_media":0,"comment_status":"open","ping_status":"closed","template":"","meta":[],"product_brand":[],"product_cat":[137],"product_tag":[],"class_list":{"0":"post-17036","1":"product","2":"type-product","3":"status-publish","5":"product_cat-maros-megyei-eletrajzi-lexikon","7":"first","8":"instock","9":"shipping-taxable","10":"product-type-simple"},"_links":{"self":[{"href":"https:\/\/uj.adatbank.ro\/lexikon\/wp-json\/wp\/v2\/product\/17036","targetHints":{"allow":["GET"]}}],"collection":[{"href":"https:\/\/uj.adatbank.ro\/lexikon\/wp-json\/wp\/v2\/product"}],"about":[{"href":"https:\/\/uj.adatbank.ro\/lexikon\/wp-json\/wp\/v2\/types\/product"}],"replies":[{"embeddable":true,"href":"https:\/\/uj.adatbank.ro\/lexikon\/wp-json\/wp\/v2\/comments?post=17036"}],"wp:attachment":[{"href":"https:\/\/uj.adatbank.ro\/lexikon\/wp-json\/wp\/v2\/media?parent=17036"}],"wp:term":[{"taxonomy":"product_brand","embeddable":true,"href":"https:\/\/uj.adatbank.ro\/lexikon\/wp-json\/wp\/v2\/product_brand?post=17036"},{"taxonomy":"product_cat","embeddable":true,"href":"https:\/\/uj.adatbank.ro\/lexikon\/wp-json\/wp\/v2\/product_cat?post=17036"},{"taxonomy":"product_tag","embeddable":true,"href":"https:\/\/uj.adatbank.ro\/lexikon\/wp-json\/wp\/v2\/product_tag?post=17036"}],"curies":[{"name":"wp","href":"https:\/\/api.w.org\/{rel}","templated":true}]}}

<p>? † Mv., 1996 : mérnök, igazgató. – Mérnök, a mv.-i Electromaros igazgatója. (1971–1996). Sokat tett a mv.-i sportért. Serdülő korától kosárlabdázott, röplabdázott. Mint igazgató átszervezte a Ciocanul sportegyesületet, megalapította az Elektromaros sportklub, ahol egy adott időszakban 18 szakosztály működött, számos országos szinten tevékenykedő csapattal. köztük az A-osztályos nôi és férfi tekézôkkel is. A teke tulajdonképpen a klub legeredményesebb szakosztályai közé tartozott, kiváló belföldi és külföldi eredményekkel büszkélkedhetett.Támogatta a város kézilabda csapatát, amely az 1983–84 es bajnokság második osztályában részt vett és jól szerepelt. <br /><strong>Irod.:</strong> Klósz 2010; Nú (2001. szept. 3)</br></p>

<p>? † Mv., 1996 : mérnök, igazgató. – Mérnök, a mv.-i Electromaros igazgatója. (1971–1996). Sokat tett a mv.-i sportért. Serdülő korától kosárlabdázott, röplabdázott. Mint igazgató átszervezte a Ciocanul sportegyesületet, megalapította az Elektromaros sportklub, ahol egy adott időszakban 18 szakosztály működött, számos országos szinten tevékenykedő csapattal. köztük az A-osztályos nôi és férfi tekézôkkel is. A teke tulajdonképpen [&hellip;]</p>
