{"id":17046,"date":"2025-07-15T23:39:13","date_gmt":"2025-07-15T21:39:13","guid":{"rendered":"https:\/\/uj.adatbank.ro\/lexikon\/termek\/oltyan-laszlo-%c2%a7-farago-laszlo\/"},"modified":"2025-07-15T23:39:13","modified_gmt":"2025-07-15T21:39:13","slug":"oltyan-laszlo-%c2%a7-farago-laszlo","status":"publish","type":"product","link":"https:\/\/uj.adatbank.ro\/lexikon\/termek\/oltyan-laszlo-%c2%a7-farago-laszlo\/","title":{"rendered":"OLTY\u00c1N L\u00e1szl\u00f3, \u00a7 Farag\u00f3 L\u00e1szl\u00f3"},"content":{"rendered":"<p>Mv., 1935. aug. 19., \u2020 Mv., 1990. nov. 16.: \u00edr\u00f3, \u00fajs\u00e1g\u00edr\u00f3, szerkeszt\u0151. \u2013 Sz\u00fcl\u0151v\u00e1ros\u00e1ban a Faipari K\u00f6z\u00e9piskol\u00e1ban v\u00e9gzett (1952), majd esti tagozaton \u00e9retts\u00e9gizett a Bolyai Farkas k\u00f6z\u00e9piskol\u00e1ban (1966). Szersz\u00e1mlakatos a Kalap\u00e1cs Sz\u00f6vetkezetn\u00e9l (1952\u201355), katona (1955\u201357), a helyi napilap, a V. Z.. bels\u0151 munkat\u00e1rsa (1958\u201359), a buk.-i Ifj\u00fa\u00admunk\u00e1s riportere (1959\u2013); \u00fajra szersz\u00e1mlakatos (1959. dec. 1.\u201362. okt.4.) majd ism\u00e9t a V. Z. szerk. (1962\u201388). M\u00e1r ismert \u00edr\u00f3 amikor a megyei p\u00e1rtlapt\u00f3l elt\u00e1vol\u00edtott\u00e1k (1988. febr.), a kil\u00e9p\u00e9s ut\u00e1n a Metalotechnika \u00fczem seg\u00e9dmunk\u00e1sa lett (1988\u201390. febr. 15.). Bekapcsol\u00f3dott az 1989-es rendszerv\u00e1lltoz\u00e1s mv.-i megmozdul\u00e1saiba, az Ideiglenes Nemzeti Egys\u00e9gtan\u00e1cs tagja (1990. m\u00e1rc.). Visszat\u00e9rt a helyi napilaphoz, hal\u00e1l\u00e1ig a N\u00e9p\u00fajs\u00e1g riportere, rovatvezet\u0151je (1990\u2013). Irodalmi ig\u00e9\u00adny\u0171 riportokat, mozgalmas, perg\u0151 cselekm\u00e9ny\u0171 k\u00f6nyveket \u00edrt. A kritika felfigyelt arra, hogy \u00edr\u00e1sainak sorozat\u00e1ban a riport m\u0171faj\u00e1b\u00f3l indulva jut el reg\u00e9nyeinek t\u00e1rsadalmi t\u00e9mak\u00f6r\u00e9ig s az egyszer\u0171, \u0151szinte k\u00f6zl\u00e9s olvasm\u00e1nyoss\u00e1g\u00e1ig. K\u00f6z\u00f6lt: El\u0151re; Steaua Ro\u015fie, V. Z., Brass\u00f3i Lapok; Igaz Sz\u00f3; Utunk, A C\u00c9H (1991), Erd\u00e9lyi Figyel\u0151 (1990). Az \u00dajs\u00e1g\u00edr\u00f3sz\u00f6vets\u00e9g (1966\u201390), a Rom\u00e1niai \u00cdr\u00f3sz\u00f6vets\u00e9g Mv.-i Fi\u00f3kj\u00e1nak tagja (1975\u201390). Mv.-i \u00cdr\u00f3i Egyes\u00fclet d\u00edja a Sok v\u00edz lefolyt a Maroson c. k\u00f6tet\u00e9\u00e9rt (1978). Mag\u00e1nyos asszonyok c. r\u00e1di\u00f3j\u00e1t\u00e9k\u00e1t el\u0151adta a mv.-i r\u00e1di\u00f3st\u00fadi\u00f3 (1984. szept.). S\u00edreml\u00e9ke B\u00e1lint K\u00e1roly szobr\u00e1szm\u0171v\u00e1sz alkot\u00e1sa (1993). Mv.-en a N\u00fa. sz\u00e9kh\u00e1z\u00e1ban, a D\u00f3zsa Gy\u00f6rgy u. 9.sz. alatt, a Pro Novum Kultur\u00e1lis Egyes\u00fclet kezdem\u00e9nyez\u00e9s\u00e9re, a N\u00fa. t\u00e1mogat\u00e1s\u00e1val, O. L. \u00edr\u00f3, publicista eml\u00e9k\u00e9re k\u00e9tnyelv\u0171 bronzeml\u00e9kplakettet avattak, Pusk\u00e1s S\u00e1ndor szobr\u00e1szm\u0171v\u00e9sz alkot\u00e1s\u00e1t (2005. szept. 30.). Pro Novum Egyes\u00fclet O.L.-d\u00edj-at alap\u00edtott riporterek sz\u00e1m\u00e1ra (2007).Eml\u00e9kezet\u00e9re a pro Novum Kultur\u00e1lis Egyes\u00fclet, a N\u00fa. Szerkeszt\u0151s\u00e9g, a MURE \u00e9s a Mv.-i \u00cdr\u00f3k Egyes\u00fclete m\u00e1rv\u00e1nyt\u00e1bl\u00e1t helyezett el a N\u00fa. szerkeszt\u0151s\u00e9g\u00e9nek \u00e9p\u00fclet\u00e9re, a volt Erd\u00e9lyr\u00e9szi Hangya Sz\u00f6vetkezet K\u00f6zponti \u00e9p\u00fclet\u00e9re, D\u00f3zsa Gy. u. 9. (2008. j\u00fal.). \u2013 <strong>F. m.:<\/strong> A v\u00e9szharang elhallgat (kisreg.; Buk., 1970); Csak egy szob\u00e1t&#8230;\u00a0(kisreg.; Buk., 1973); Sok v\u00edz lefolyt a Maroson: \u00d6narck\u00e9pek (riportok; Kv., 1978); \u00c9r\u00e9s idej\u00e9n (reg.; Kv., 1981); Felment\u00e9s\u00a0(reg.; Kv., 1986); Erd\u00e9lyi elmebaj (dokumentumreg.; Sepsiszentgy\u00f6rgy, 1992); F\u00e9lbemaradt besz\u00e9l\u00adget\u00e9s (reg.; Kv., 1992); \u00d6z\u00f6nv\u00edz ut\u00e1n\u00a0(reg.; Mv., 2006); Fapapucsos messi\u00e1sok (reg.; Mv., 2009); Pihen\u0151 a hegyen (reg.; Kv., 2012); t\u00e1rssz., <strong>antol\u00f3g.:<\/strong> 1990. m\u00e1rc. 19\u201320.; Feh\u00e9r k\u00f6nyv\u00a0: Az 1990. m\u00e1rcius 19. \u00e9s 20-i esem\u00e9nyek Mv.-en (Bp., 1991); Volt j\u00f6v\u0151kbe n\u00e9zve: V\u00e1logat\u00e1s a M\u00fazsa irodalmi anyag\u00e1b\u00f3l (Mv., 2001); reg\u00e9nyk\u00e9ziratai: Pihen\u0151 a hegyen; A s\u00e1tor; Sz\u00fcret idej\u00e9n; A h\u00e1z gazd\u00e1t cser\u00e9l; Felment\u00e9s. <br \/><strong>Irod.:<\/strong> Brass\u00f3i Lapok (1979. dec. 22.); B\u00facs\u00fa O. L.-t\u00f3l (N\u00fa., 1990. nov. 21.); Contemporanul (1960. dec. 23.); El\u0151re (1954. jan. 17.; 1960. dec. 25.; 1970. jan. 10.; 1979. m\u00e1rc. 28.); Erd\u00e9lyi Napl\u00f3 (41. sz., 2005. okt. 11.); Fodor S\u00e1ndor: \u201eId\u0151jelek\u201d Mv.-en: O. L. eml\u00e9kt\u00e1bl\u00e1ja (N\u00fa., Sz\u00ednes Vil\u00e1g, 2008. j\u00fal. 26.); A H\u00e9t (1970. szept. 7.); Ifj\u00famunk\u00e1s (1981. nov. 8.); Igaz Sz\u00f3 (3. sz., 1953; 6. sz., 1955.; 11. sz., 1973; 7. sz., 1974.; 4. sz., 1979; 8.sz., 1984; 9. sz., 1987); Igazs\u00e1g (1981. szept. 9.); In memoriam O. L. (N\u00fa., M\u00fazsa, 121. sz., 1993. nov. 4.); Katona Szab\u00f3 2001; Kelet-Nyugat (1991. m\u00e1rc. 7.); KKACs; Korunk (4.sz., 1974.); KM\u00cd 2.; Kr\u00f3nika (2005. szept. 30 \u2013 okt. 2.; 2005. okt. 3.); Kusz\u00e1lik; L\u00e1t\u00f3 (1. sz., 1990); Megyei T\u00fck\u00f6r (1973. szept. 11.); M\u00e9sz\u00e1ros J\u00f3zsef:&#8230; n\u00e9ma sz\u00edvrobban\u00e1s (N\u00fa., 1990. nov. 23.); M\u00e9sz\u00e1ros J\u00f3zsef: \u201e&#8230; hogy feket\u00e9n, s\u00f6t\u00e9ten maradjon\u201d (N\u00fa., M\u00fazsa, 91. sz., 1993. \u00e1pr. 8.); MIIB; Munk\u00e1s\u00e9let (1979. m\u00e1rc. 30.); N\u00fa. (1993. \u00e1pr. 8.); Mv.-Bal\u00e1s; Nagy Mikl\u00f3s Kund: \u201eM\u00e1sr\u00f3l nem is tudn\u00e9k \u00edrni csak arr\u00f3l, ami k\u00f6r\u00fcl\u00f6ttem t\u00f6rt\u00e9nik\u201d (V. Z., 1985. szept. 7.); O. L.[Nekrol\u00f3g] (N\u00fa., 1990. nov. 17.; 1990. nov. 20.); O.L. eml\u00e9kezete: Sz\u00fclet\u00e9s\u00e9nek 75., hal\u00e1l\u00e1nak 20. \u00e9vfordul\u00f3j\u00e1ra (N\u00fa., M\u00fazsa, 945. sz., 2010. aug. 21.); RMIL; Steaua Ro\u015fie (1975. aug. 2.); T\u00f3falvi Zolt\u00e1n: Aki megtagadta Ceau\u015fescu nev\u00e9nek le\u00edr\u00e1s\u00e1t (Sz\u00e9kelyf\u00f6ld, 1. sz., 2011. jan.); \u00daM\u00c9L; \u00daMIL; Utunk (1961. jan. 6.; 1979. m\u00e1j. 18.; 1982. szept. 3.); V. Z. (1970. \u00e1pr. 5.; 1971. szept. 12.; 1973. dec. 23.; 1975. aug. 2.; 1979. jan. 6.; 1979. j\u00fal. 21.)<\/br><\/p>\n","protected":false},"excerpt":{"rendered":"<p>Mv., 1935. aug. 19., \u2020 Mv., 1990. nov. 16.: \u00edr\u00f3, \u00fajs\u00e1g\u00edr\u00f3, szerkeszt\u0151. \u2013 Sz\u00fcl\u0151v\u00e1ros\u00e1ban a Faipari K\u00f6z\u00e9piskol\u00e1ban v\u00e9gzett (1952), majd esti tagozaton \u00e9retts\u00e9gizett a Bolyai Farkas k\u00f6z\u00e9piskol\u00e1ban (1966). Szersz\u00e1mlakatos a Kalap\u00e1cs Sz\u00f6vetkezetn\u00e9l (1952\u201355), katona (1955\u201357), a helyi napilap, a V. Z.. bels\u0151 munkat\u00e1rsa (1958\u201359), a buk.-i Ifj\u00fa\u00admunk\u00e1s riportere (1959\u2013); \u00fajra szersz\u00e1mlakatos (1959. dec. 1.\u201362. okt.4.) [&hellip;]<\/p>\n","protected":false},"featured_media":0,"comment_status":"open","ping_status":"closed","template":"","meta":[],"product_brand":[],"product_cat":[137],"product_tag":[],"class_list":{"0":"post-17046","1":"product","2":"type-product","3":"status-publish","5":"product_cat-maros-megyei-eletrajzi-lexikon","7":"first","8":"instock","9":"shipping-taxable","10":"product-type-simple"},"_links":{"self":[{"href":"https:\/\/uj.adatbank.ro\/lexikon\/wp-json\/wp\/v2\/product\/17046","targetHints":{"allow":["GET"]}}],"collection":[{"href":"https:\/\/uj.adatbank.ro\/lexikon\/wp-json\/wp\/v2\/product"}],"about":[{"href":"https:\/\/uj.adatbank.ro\/lexikon\/wp-json\/wp\/v2\/types\/product"}],"replies":[{"embeddable":true,"href":"https:\/\/uj.adatbank.ro\/lexikon\/wp-json\/wp\/v2\/comments?post=17046"}],"wp:attachment":[{"href":"https:\/\/uj.adatbank.ro\/lexikon\/wp-json\/wp\/v2\/media?parent=17046"}],"wp:term":[{"taxonomy":"product_brand","embeddable":true,"href":"https:\/\/uj.adatbank.ro\/lexikon\/wp-json\/wp\/v2\/product_brand?post=17046"},{"taxonomy":"product_cat","embeddable":true,"href":"https:\/\/uj.adatbank.ro\/lexikon\/wp-json\/wp\/v2\/product_cat?post=17046"},{"taxonomy":"product_tag","embeddable":true,"href":"https:\/\/uj.adatbank.ro\/lexikon\/wp-json\/wp\/v2\/product_tag?post=17046"}],"curies":[{"name":"wp","href":"https:\/\/api.w.org\/{rel}","templated":true}]}}

OLTYÁN László, § Faragó László

<p>Mv., 1935. aug. 19., † Mv., 1990. nov. 16.: író, újságíró, szerkesztő. – Szülővárosában a Faipari Középiskolában végzett (1952), majd esti tagozaton érettségizett a Bolyai Farkas középiskolában (1966). Szerszámlakatos a Kalapács Szövetkezetnél (1952–55), katona (1955–57), a helyi napilap, a V. Z.. belső munkatársa (1958–59), a buk.-i Ifjú­munkás riportere (1959–); újra szerszámlakatos (1959. dec. 1.–62. okt.4.) majd ismét a V. Z. szerk. (1962–88). Már ismert író amikor a megyei pártlaptól eltávolították (1988. febr.), a kilépés után a Metalotechnika üzem segédmunkása lett (1988–90. febr. 15.). Bekapcsolódott az 1989-es rendszerválltozás mv.-i megmozdulásaiba, az Ideiglenes Nemzeti Egységtanács tagja (1990. márc.). Visszatért a helyi napilaphoz, haláláig a Népújság riportere, rovatvezetője (1990–). Irodalmi igé­nyű riportokat, mozgalmas, pergő cselekményű könyveket írt. A kritika felfigyelt arra, hogy írásainak sorozatában a riport műfajából indulva jut el regényeinek társadalmi témaköréig s az egyszerű, őszinte közlés olvasmányosságáig. Közölt: Előre; Steaua Roşie, V. Z., Brassói Lapok; Igaz Szó; Utunk, A CÉH (1991), Erdélyi Figyelő (1990). Az Újságírószövetség (1966–90), a Romániai Írószövetség Mv.-i Fiókjának tagja (1975–90). Mv.-i Írói Egyesület díja a Sok víz lefolyt a Maroson c. kötetéért (1978). Magányos asszonyok c. rádiójátékát előadta a mv.-i rádióstúdió (1984. szept.). Síremléke Bálint Károly szobrászművász alkotása (1993). Mv.-en a Nú. székházában, a Dózsa György u. 9.sz. alatt, a Pro Novum Kulturális Egyesület kezdeményezésére, a Nú. támogatásával, O. L. író, publicista emlékére kétnyelvű bronzemlékplakettet avattak, Puskás Sándor szobrászművész alkotását (2005. szept. 30.). Pro Novum Egyesület O.L.-díj-at alapított riporterek számára (2007).Emlékezetére a pro Novum Kulturális Egyesület, a Nú. Szerkesztőség, a MURE és a Mv.-i Írók Egyesülete márványtáblát helyezett el a Nú. szerkesztőségének épületére, a volt Erdélyrészi Hangya Szövetkezet Központi épületére, Dózsa Gy. u. 9. (2008. júl.). – <strong>F. m.:</strong> A vészharang elhallgat (kisreg.; Buk., 1970); Csak egy szobát&#8230; (kisreg.; Buk., 1973); Sok víz lefolyt a Maroson: Önarcképek (riportok; Kv., 1978); Érés idején (reg.; Kv., 1981); Felmentés (reg.; Kv., 1986); Erdélyi elmebaj (dokumentumreg.; Sepsiszentgyörgy, 1992); Félbemaradt beszél­getés (reg.; Kv., 1992); Özönvíz után (reg.; Mv., 2006); Fapapucsos messiások (reg.; Mv., 2009); Pihenő a hegyen (reg.; Kv., 2012); társsz., <strong>antológ.:</strong> 1990. márc. 19–20.; Fehér könyv : Az 1990. március 19. és 20-i események Mv.-en (Bp., 1991); Volt jövőkbe nézve: Válogatás a Múzsa irodalmi anyagából (Mv., 2001); regénykéziratai: Pihenő a hegyen; A sátor; Szüret idején; A ház gazdát cserél; Felmentés. <br /><strong>Irod.:</strong> Brassói Lapok (1979. dec. 22.); Búcsú O. L.-tól (Nú., 1990. nov. 21.); Contemporanul (1960. dec. 23.); Előre (1954. jan. 17.; 1960. dec. 25.; 1970. jan. 10.; 1979. márc. 28.); Erdélyi Napló (41. sz., 2005. okt. 11.); Fodor Sándor: „Időjelek” Mv.-en: O. L. emléktáblája (Nú., Színes Világ, 2008. júl. 26.); A Hét (1970. szept. 7.); Ifjúmunkás (1981. nov. 8.); Igaz Szó (3. sz., 1953; 6. sz., 1955.; 11. sz., 1973; 7. sz., 1974.; 4. sz., 1979; 8.sz., 1984; 9. sz., 1987); Igazság (1981. szept. 9.); In memoriam O. L. (Nú., Múzsa, 121. sz., 1993. nov. 4.); Katona Szabó 2001; Kelet-Nyugat (1991. márc. 7.); KKACs; Korunk (4.sz., 1974.); KMÍ 2.; Krónika (2005. szept. 30 – okt. 2.; 2005. okt. 3.); Kuszálik; Látó (1. sz., 1990); Megyei Tükör (1973. szept. 11.); Mészáros József:&#8230; néma szívrobbanás (Nú., 1990. nov. 23.); Mészáros József: „&#8230; hogy feketén, sötéten maradjon” (Nú., Múzsa, 91. sz., 1993. ápr. 8.); MIIB; Munkásélet (1979. márc. 30.); Nú. (1993. ápr. 8.); Mv.-Balás; Nagy Miklós Kund: „Másról nem is tudnék írni csak arról, ami körülöttem történik” (V. Z., 1985. szept. 7.); O. L.[Nekrológ] (Nú., 1990. nov. 17.; 1990. nov. 20.); O.L. emlékezete: Születésének 75., halálának 20. évfordulójára (Nú., Múzsa, 945. sz., 2010. aug. 21.); RMIL; Steaua Roşie (1975. aug. 2.); Tófalvi Zoltán: Aki megtagadta Ceauşescu nevének leírását (Székelyföld, 1. sz., 2011. jan.); ÚMÉL; ÚMIL; Utunk (1961. jan. 6.; 1979. máj. 18.; 1982. szept. 3.); V. Z. (1970. ápr. 5.; 1971. szept. 12.; 1973. dec. 23.; 1975. aug. 2.; 1979. jan. 6.; 1979. júl. 21.)</br></p>

<p>Mv., 1935. aug. 19., † Mv., 1990. nov. 16.: író, újságíró, szerkesztő. – Szülővárosában a Faipari Középiskolában végzett (1952), majd esti tagozaton érettségizett a Bolyai Farkas középiskolában (1966). Szerszámlakatos a Kalapács Szövetkezetnél (1952–55), katona (1955–57), a helyi napilap, a V. Z.. belső munkatársa (1958–59), a buk.-i Ifjú­munkás riportere (1959–); újra szerszámlakatos (1959. dec. 1.–62. okt.4.) [&hellip;]</p>
