{"id":1705,"date":"2025-06-28T11:50:33","date_gmt":"2025-06-28T09:50:33","guid":{"rendered":"https:\/\/uj.adatbank.ro\/lexikon\/termek\/alard-peter-paniti-alardi-peter\/"},"modified":"2025-06-28T11:50:33","modified_gmt":"2025-06-28T09:50:33","slug":"alard-peter-paniti-alardi-peter","status":"publish","type":"product","link":"https:\/\/uj.adatbank.ro\/lexikon\/termek\/alard-peter-paniti-alardi-peter\/","title":{"rendered":"AL\u00c1RD P\u00e9ter, paniti, Al\u00e1rdi P\u00e9ter,"},"content":{"rendered":"<p>? \u2020\u00a0? : birtokos. \u2013 Medgyesfalvi birtokos, k\u00e9t le\u00e1nya birtokot cser\u00e9lt Sz\u00e9kelyv\u00e1s\u00e1rhely v\u00e1ros\u00e1val (1487. febr. 23.). <br \/><strong>Irod.:<\/strong> Id\u0151t\u00e1r 1.<\/br><\/p>\n","protected":false},"excerpt":{"rendered":"<p>? \u2020\u00a0? : birtokos. \u2013 Medgyesfalvi birtokos, k\u00e9t le\u00e1nya birtokot cser\u00e9lt Sz\u00e9kelyv\u00e1s\u00e1rhely v\u00e1ros\u00e1val (1487. febr. 23.). Irod.: Id\u0151t\u00e1r 1.<\/p>\n","protected":false},"featured_media":0,"comment_status":"open","ping_status":"closed","template":"","meta":[],"product_brand":[],"product_cat":[137],"product_tag":[],"class_list":{"0":"post-1705","1":"product","2":"type-product","3":"status-publish","5":"product_cat-maros-megyei-eletrajzi-lexikon","7":"first","8":"instock","9":"shipping-taxable","10":"product-type-simple"},"_links":{"self":[{"href":"https:\/\/uj.adatbank.ro\/lexikon\/wp-json\/wp\/v2\/product\/1705","targetHints":{"allow":["GET"]}}],"collection":[{"href":"https:\/\/uj.adatbank.ro\/lexikon\/wp-json\/wp\/v2\/product"}],"about":[{"href":"https:\/\/uj.adatbank.ro\/lexikon\/wp-json\/wp\/v2\/types\/product"}],"replies":[{"embeddable":true,"href":"https:\/\/uj.adatbank.ro\/lexikon\/wp-json\/wp\/v2\/comments?post=1705"}],"wp:attachment":[{"href":"https:\/\/uj.adatbank.ro\/lexikon\/wp-json\/wp\/v2\/media?parent=1705"}],"wp:term":[{"taxonomy":"product_brand","embeddable":true,"href":"https:\/\/uj.adatbank.ro\/lexikon\/wp-json\/wp\/v2\/product_brand?post=1705"},{"taxonomy":"product_cat","embeddable":true,"href":"https:\/\/uj.adatbank.ro\/lexikon\/wp-json\/wp\/v2\/product_cat?post=1705"},{"taxonomy":"product_tag","embeddable":true,"href":"https:\/\/uj.adatbank.ro\/lexikon\/wp-json\/wp\/v2\/product_tag?post=1705"}],"curies":[{"name":"wp","href":"https:\/\/api.w.org\/{rel}","templated":true}]}}