{"id":17051,"date":"2025-07-15T23:39:24","date_gmt":"2025-07-15T21:39:24","guid":{"rendered":"https:\/\/uj.adatbank.ro\/lexikon\/termek\/ongor-janos-nadasdi\/"},"modified":"2025-07-15T23:39:24","modified_gmt":"2025-07-15T21:39:24","slug":"ongor-janos-nadasdi","status":"publish","type":"product","link":"https:\/\/uj.adatbank.ro\/lexikon\/termek\/ongor-janos-nadasdi\/","title":{"rendered":"ONGOR J\u00e1nos, n\u00e1dasdi"},"content":{"rendered":"<p>? \u2020\u00a0?: udvari vit\u00e9z. \u2013 M\u00e1ty\u00e1s kir. Hunyad megyei rokona birtok\u00e1ba ker\u00fclt a marosv\u00e9csi v\u00e1r (1467\u2013). P\u00f3k\u00e1ban is volt birtoka (1473-ban). Testv\u00e9r\u00fcl fogadta a n\u00f3gr\u00e1di k\u00f6znemest, Szobi Mih\u00e1lyt,. mivel gyermektelen\u00fcl halt meg, Szobi t\u0151le \u00f6r\u00f6k\u00f6lte a v\u00e9csi v\u00e1rat (1507). \u2013 Irod: Keresztes 1995; Maros megye; P\u00f3ka; Sz\u00e9pr\u00e9ti: R\u00e9gi \u00e9s \u00faj vil\u00e1g<\/br><\/p>\n","protected":false},"excerpt":{"rendered":"<p>? \u2020\u00a0?: udvari vit\u00e9z. \u2013 M\u00e1ty\u00e1s kir. Hunyad megyei rokona birtok\u00e1ba ker\u00fclt a marosv\u00e9csi v\u00e1r (1467\u2013). P\u00f3k\u00e1ban is volt birtoka (1473-ban). Testv\u00e9r\u00fcl fogadta a n\u00f3gr\u00e1di k\u00f6znemest, Szobi Mih\u00e1lyt,. mivel gyermektelen\u00fcl halt meg, Szobi t\u0151le \u00f6r\u00f6k\u00f6lte a v\u00e9csi v\u00e1rat (1507). \u2013 Irod: Keresztes 1995; Maros megye; P\u00f3ka; Sz\u00e9pr\u00e9ti: R\u00e9gi \u00e9s \u00faj vil\u00e1g<\/p>\n","protected":false},"featured_media":0,"comment_status":"open","ping_status":"closed","template":"","meta":[],"product_brand":[],"product_cat":[137],"product_tag":[],"class_list":{"0":"post-17051","1":"product","2":"type-product","3":"status-publish","5":"product_cat-maros-megyei-eletrajzi-lexikon","7":"first","8":"instock","9":"shipping-taxable","10":"product-type-simple"},"_links":{"self":[{"href":"https:\/\/uj.adatbank.ro\/lexikon\/wp-json\/wp\/v2\/product\/17051","targetHints":{"allow":["GET"]}}],"collection":[{"href":"https:\/\/uj.adatbank.ro\/lexikon\/wp-json\/wp\/v2\/product"}],"about":[{"href":"https:\/\/uj.adatbank.ro\/lexikon\/wp-json\/wp\/v2\/types\/product"}],"replies":[{"embeddable":true,"href":"https:\/\/uj.adatbank.ro\/lexikon\/wp-json\/wp\/v2\/comments?post=17051"}],"wp:attachment":[{"href":"https:\/\/uj.adatbank.ro\/lexikon\/wp-json\/wp\/v2\/media?parent=17051"}],"wp:term":[{"taxonomy":"product_brand","embeddable":true,"href":"https:\/\/uj.adatbank.ro\/lexikon\/wp-json\/wp\/v2\/product_brand?post=17051"},{"taxonomy":"product_cat","embeddable":true,"href":"https:\/\/uj.adatbank.ro\/lexikon\/wp-json\/wp\/v2\/product_cat?post=17051"},{"taxonomy":"product_tag","embeddable":true,"href":"https:\/\/uj.adatbank.ro\/lexikon\/wp-json\/wp\/v2\/product_tag?post=17051"}],"curies":[{"name":"wp","href":"https:\/\/api.w.org\/{rel}","templated":true}]}}