{"id":17059,"date":"2025-07-15T23:39:41","date_gmt":"2025-07-15T21:39:41","guid":{"rendered":"https:\/\/uj.adatbank.ro\/lexikon\/termek\/opra-janos-peselneki\/"},"modified":"2025-07-15T23:39:41","modified_gmt":"2025-07-15T21:39:41","slug":"opra-janos-peselneki","status":"publish","type":"product","link":"https:\/\/uj.adatbank.ro\/lexikon\/termek\/opra-janos-peselneki\/","title":{"rendered":"OPRA J\u00e1nos, peselneki"},"content":{"rendered":"<p>1794. jan. 24., \u2020\u00a0Mez\u0151szengyel, 1861. m\u00e1rc. 15.: r. k. pap. \u2013 Tord\u00e1n k\u00e1pl\u00e1n. Pl\u00e9b\u00e1nos Mez\u0151szengyelen (1822\u2013).<br \/><strong>Irod.:<\/strong> Ferenczi S\u00e1ndor 2009<\/br><\/p>\n","protected":false},"excerpt":{"rendered":"<p>1794. jan. 24., \u2020\u00a0Mez\u0151szengyel, 1861. m\u00e1rc. 15.: r. k. pap. \u2013 Tord\u00e1n k\u00e1pl\u00e1n. Pl\u00e9b\u00e1nos Mez\u0151szengyelen (1822\u2013).Irod.: Ferenczi S\u00e1ndor 2009<\/p>\n","protected":false},"featured_media":0,"comment_status":"open","ping_status":"closed","template":"","meta":[],"product_brand":[],"product_cat":[137],"product_tag":[],"class_list":{"0":"post-17059","1":"product","2":"type-product","3":"status-publish","5":"product_cat-maros-megyei-eletrajzi-lexikon","7":"first","8":"instock","9":"shipping-taxable","10":"product-type-simple"},"_links":{"self":[{"href":"https:\/\/uj.adatbank.ro\/lexikon\/wp-json\/wp\/v2\/product\/17059","targetHints":{"allow":["GET"]}}],"collection":[{"href":"https:\/\/uj.adatbank.ro\/lexikon\/wp-json\/wp\/v2\/product"}],"about":[{"href":"https:\/\/uj.adatbank.ro\/lexikon\/wp-json\/wp\/v2\/types\/product"}],"replies":[{"embeddable":true,"href":"https:\/\/uj.adatbank.ro\/lexikon\/wp-json\/wp\/v2\/comments?post=17059"}],"wp:attachment":[{"href":"https:\/\/uj.adatbank.ro\/lexikon\/wp-json\/wp\/v2\/media?parent=17059"}],"wp:term":[{"taxonomy":"product_brand","embeddable":true,"href":"https:\/\/uj.adatbank.ro\/lexikon\/wp-json\/wp\/v2\/product_brand?post=17059"},{"taxonomy":"product_cat","embeddable":true,"href":"https:\/\/uj.adatbank.ro\/lexikon\/wp-json\/wp\/v2\/product_cat?post=17059"},{"taxonomy":"product_tag","embeddable":true,"href":"https:\/\/uj.adatbank.ro\/lexikon\/wp-json\/wp\/v2\/product_tag?post=17059"}],"curies":[{"name":"wp","href":"https:\/\/api.w.org\/{rel}","templated":true}]}}