{"id":17065,"date":"2025-07-15T23:39:52","date_gmt":"2025-07-15T21:39:52","guid":{"rendered":"https:\/\/uj.adatbank.ro\/lexikon\/termek\/oprea-vasile\/"},"modified":"2025-07-15T23:39:52","modified_gmt":"2025-07-15T21:39:52","slug":"oprea-vasile","status":"publish","type":"product","link":"https:\/\/uj.adatbank.ro\/lexikon\/termek\/oprea-vasile\/","title":{"rendered":"OPREA, Vasile"},"content":{"rendered":"<p>? \u2020 ?: k\u00f6nyvel\u0151. \u2013 A Mv.-i Kereskedelmi \u00e9s Ipar Kamara f\u0151k\u00f6nyvel\u0151je. R\u00e9szt vett a Szovjet Parancsnoks\u00e1gnak \u00e1tadott (1944), \u00e9s annak v\u00e1rosunkb\u00f3l val\u00f3 t\u00e1voz\u00e1sakor visszaadott ingatlan \u00e9s ing\u00f3 javainak fellelt\u00e1roz\u00e1s\u00e1ban \u00e9s \u00e1tv\u00e9tel\u00e9ben (1945. okt. 28.). A k\u00f6zalkalmazottak szakszervezet\u00e9nek k\u00e9pvisel\u0151jek\u00e9nt a KIK- nek Schnedarek J\u00e1nos k\u00e9pz\u0151m\u0171v\u00e9sszel fali\u00fajs\u00e1got csin\u00e1ltatott, amelyen az int\u00e9zm\u00e9ny ipari \u00e9s kereskedelmi esem\u00e9nyeit, k\u00f6zlem\u00e9nyeit n\u00e9pszer\u0171s\u00edtette (1947. dec.10.). <br \/><strong>Irod.:<\/strong> Nan: Camera de comer\u0163<\/br><\/p>\n","protected":false},"excerpt":{"rendered":"<p>? \u2020 ?: k\u00f6nyvel\u0151. \u2013 A Mv.-i Kereskedelmi \u00e9s Ipar Kamara f\u0151k\u00f6nyvel\u0151je. R\u00e9szt vett a Szovjet Parancsnoks\u00e1gnak \u00e1tadott (1944), \u00e9s annak v\u00e1rosunkb\u00f3l val\u00f3 t\u00e1voz\u00e1sakor visszaadott ingatlan \u00e9s ing\u00f3 javainak fellelt\u00e1roz\u00e1s\u00e1ban \u00e9s \u00e1tv\u00e9tel\u00e9ben (1945. okt. 28.). A k\u00f6zalkalmazottak szakszervezet\u00e9nek k\u00e9pvisel\u0151jek\u00e9nt a KIK- nek Schnedarek J\u00e1nos k\u00e9pz\u0151m\u0171v\u00e9sszel fali\u00fajs\u00e1got csin\u00e1ltatott, amelyen az int\u00e9zm\u00e9ny ipari \u00e9s kereskedelmi esem\u00e9nyeit, k\u00f6zlem\u00e9nyeit [&hellip;]<\/p>\n","protected":false},"featured_media":0,"comment_status":"open","ping_status":"closed","template":"","meta":[],"product_brand":[],"product_cat":[137],"product_tag":[],"class_list":{"0":"post-17065","1":"product","2":"type-product","3":"status-publish","5":"product_cat-maros-megyei-eletrajzi-lexikon","7":"first","8":"instock","9":"shipping-taxable","10":"product-type-simple"},"_links":{"self":[{"href":"https:\/\/uj.adatbank.ro\/lexikon\/wp-json\/wp\/v2\/product\/17065","targetHints":{"allow":["GET"]}}],"collection":[{"href":"https:\/\/uj.adatbank.ro\/lexikon\/wp-json\/wp\/v2\/product"}],"about":[{"href":"https:\/\/uj.adatbank.ro\/lexikon\/wp-json\/wp\/v2\/types\/product"}],"replies":[{"embeddable":true,"href":"https:\/\/uj.adatbank.ro\/lexikon\/wp-json\/wp\/v2\/comments?post=17065"}],"wp:attachment":[{"href":"https:\/\/uj.adatbank.ro\/lexikon\/wp-json\/wp\/v2\/media?parent=17065"}],"wp:term":[{"taxonomy":"product_brand","embeddable":true,"href":"https:\/\/uj.adatbank.ro\/lexikon\/wp-json\/wp\/v2\/product_brand?post=17065"},{"taxonomy":"product_cat","embeddable":true,"href":"https:\/\/uj.adatbank.ro\/lexikon\/wp-json\/wp\/v2\/product_cat?post=17065"},{"taxonomy":"product_tag","embeddable":true,"href":"https:\/\/uj.adatbank.ro\/lexikon\/wp-json\/wp\/v2\/product_tag?post=17065"}],"curies":[{"name":"wp","href":"https:\/\/api.w.org\/{rel}","templated":true}]}}

<p>? † ?: könyvelő. – A Mv.-i Kereskedelmi és Ipar Kamara főkönyvelője. Részt vett a Szovjet Parancsnokságnak átadott (1944), és annak városunkból való távozásakor visszaadott ingatlan és ingó javainak felleltározásában és átvételében (1945. okt. 28.). A közalkalmazottak szakszervezetének képviselőjeként a KIK- nek Schnedarek János képzőművésszel faliújságot csináltatott, amelyen az intézmény ipari és kereskedelmi eseményeit, közleményeit népszerűsítette (1947. dec.10.). <br /><strong>Irod.:</strong> Nan: Camera de comerţ</br></p>

<p>? † ?: könyvelő. – A Mv.-i Kereskedelmi és Ipar Kamara főkönyvelője. Részt vett a Szovjet Parancsnokságnak átadott (1944), és annak városunkból való távozásakor visszaadott ingatlan és ingó javainak felleltározásában és átvételében (1945. okt. 28.). A közalkalmazottak szakszervezetének képviselőjeként a KIK- nek Schnedarek János képzőművésszel faliújságot csináltatott, amelyen az intézmény ipari és kereskedelmi eseményeit, közleményeit [&hellip;]</p>
