{"id":17069,"date":"2025-07-15T23:40:02","date_gmt":"2025-07-15T21:40:02","guid":{"rendered":"https:\/\/uj.adatbank.ro\/lexikon\/termek\/oprean-nicolae\/"},"modified":"2025-07-15T23:40:02","modified_gmt":"2025-07-15T21:40:02","slug":"oprean-nicolae","status":"publish","type":"product","link":"https:\/\/uj.adatbank.ro\/lexikon\/termek\/oprean-nicolae\/","title":{"rendered":"OPREAN, Nicolae"},"content":{"rendered":"<p>? \u2020\u00a0?: nagykeresked\u0151, v\u00e1llalkoz\u00f3, v\u00e1rosi tan\u00e1csos. \u2013 Feles\u00e9ge: Beu Ana. Gyermekeik: O. Ionel, Marioara, Octavian, Nicolae (1809.\u00a0? \u2013 Mv., 1931. j\u00fan. 12.). \u2013 K\u00f6z\u00e9lelmez\u00e9si biztos volt Mv.- \u00e9s Maros-Torda ter\u00fclet\u00e9n (1919), tagja a megyei k\u00f6zigazgat\u00e1si bizotts\u00e1gnak (1919). Telkekket v\u00e1s\u00e1rolt a v\u00e1rost\u00f3l a belv\u00e1rosban, amit k\u00e9s\u0151bb a T\u00e1bla megsemmis\u00edtett. A Rom\u00e1n Nemzeti p\u00e1rt eln\u00f6ke (1920). A v\u00e1rosi p\u00e9nz\u00fcgyi \u00e9s gazdas\u00e1gi bizotts\u00e1g tagja (1920\u201326). Bankigazgat\u00f3, az akkor alakul\u00f3 liber\u00e1lis p\u00e1rt helyi szervezet\u00e9nek vezet\u0151s\u00e1gi tagja (1920). Korm\u00e1nykit\u00fcntet\u00e9sben r\u00e9szes\u00fclt (1930). <br \/><strong>Irod.:<\/strong> Gy\u00e1szjelent\u0151; Id\u0151t\u00e1r 3; Pan\u0103<\/br><\/p>\n","protected":false},"excerpt":{"rendered":"<p>? \u2020\u00a0?: nagykeresked\u0151, v\u00e1llalkoz\u00f3, v\u00e1rosi tan\u00e1csos. \u2013 Feles\u00e9ge: Beu Ana. Gyermekeik: O. Ionel, Marioara, Octavian, Nicolae (1809.\u00a0? \u2013 Mv., 1931. j\u00fan. 12.). \u2013 K\u00f6z\u00e9lelmez\u00e9si biztos volt Mv.- \u00e9s Maros-Torda ter\u00fclet\u00e9n (1919), tagja a megyei k\u00f6zigazgat\u00e1si bizotts\u00e1gnak (1919). Telkekket v\u00e1s\u00e1rolt a v\u00e1rost\u00f3l a belv\u00e1rosban, amit k\u00e9s\u0151bb a T\u00e1bla megsemmis\u00edtett. A Rom\u00e1n Nemzeti p\u00e1rt eln\u00f6ke (1920). A [&hellip;]<\/p>\n","protected":false},"featured_media":0,"comment_status":"open","ping_status":"closed","template":"","meta":[],"product_brand":[],"product_cat":[137],"product_tag":[],"class_list":{"0":"post-17069","1":"product","2":"type-product","3":"status-publish","5":"product_cat-maros-megyei-eletrajzi-lexikon","7":"first","8":"instock","9":"shipping-taxable","10":"product-type-simple"},"_links":{"self":[{"href":"https:\/\/uj.adatbank.ro\/lexikon\/wp-json\/wp\/v2\/product\/17069","targetHints":{"allow":["GET"]}}],"collection":[{"href":"https:\/\/uj.adatbank.ro\/lexikon\/wp-json\/wp\/v2\/product"}],"about":[{"href":"https:\/\/uj.adatbank.ro\/lexikon\/wp-json\/wp\/v2\/types\/product"}],"replies":[{"embeddable":true,"href":"https:\/\/uj.adatbank.ro\/lexikon\/wp-json\/wp\/v2\/comments?post=17069"}],"wp:attachment":[{"href":"https:\/\/uj.adatbank.ro\/lexikon\/wp-json\/wp\/v2\/media?parent=17069"}],"wp:term":[{"taxonomy":"product_brand","embeddable":true,"href":"https:\/\/uj.adatbank.ro\/lexikon\/wp-json\/wp\/v2\/product_brand?post=17069"},{"taxonomy":"product_cat","embeddable":true,"href":"https:\/\/uj.adatbank.ro\/lexikon\/wp-json\/wp\/v2\/product_cat?post=17069"},{"taxonomy":"product_tag","embeddable":true,"href":"https:\/\/uj.adatbank.ro\/lexikon\/wp-json\/wp\/v2\/product_tag?post=17069"}],"curies":[{"name":"wp","href":"https:\/\/api.w.org\/{rel}","templated":true}]}}

<p>? † ?: nagykereskedő, vállalkozó, városi tanácsos. – Felesége: Beu Ana. Gyermekeik: O. Ionel, Marioara, Octavian, Nicolae (1809. ? – Mv., 1931. jún. 12.). – Közélelmezési biztos volt Mv.- és Maros-Torda területén (1919), tagja a megyei közigazgatási bizottságnak (1919). Telkekket vásárolt a várostól a belvárosban, amit később a Tábla megsemmisített. A Román Nemzeti párt elnöke (1920). A városi pénzügyi és gazdasági bizottság tagja (1920–26). Bankigazgató, az akkor alakuló liberális párt helyi szervezetének vezetősági tagja (1920). Kormánykitüntetésben részesült (1930). <br /><strong>Irod.:</strong> Gyászjelentő; Időtár 3; Pană</br></p>

<p>? † ?: nagykereskedő, vállalkozó, városi tanácsos. – Felesége: Beu Ana. Gyermekeik: O. Ionel, Marioara, Octavian, Nicolae (1809. ? – Mv., 1931. jún. 12.). – Közélelmezési biztos volt Mv.- és Maros-Torda területén (1919), tagja a megyei közigazgatási bizottságnak (1919). Telkekket vásárolt a várostól a belvárosban, amit később a Tábla megsemmisített. A Román Nemzeti párt elnöke (1920). A [&hellip;]</p>
