{"id":17070,"date":"2025-07-15T23:40:04","date_gmt":"2025-07-15T21:40:04","guid":{"rendered":"https:\/\/uj.adatbank.ro\/lexikon\/termek\/opreanu-ion\/"},"modified":"2025-07-15T23:40:04","modified_gmt":"2025-07-15T21:40:04","slug":"opreanu-ion","status":"publish","type":"product","link":"https:\/\/uj.adatbank.ro\/lexikon\/termek\/opreanu-ion\/","title":{"rendered":"OPREANU, Ion"},"content":{"rendered":"<p>Mv., 1907. dec. 30., \u2020 Buk., 1979. m\u00e1rc. 10.\u00a0: orvos, egyetemi tan\u00e1r. \u2013 Mv.-en \u00e9retts\u00e9gizett a Papiu Ilarian L\u00edc.-ban (1926), Dr. doc. a buk-i egyetemen, a Br\u00e2ncoveanu K\u00f3rh\u00e1zban dolgozott, igazgaz\u00f3ja a Balneol\u00f3giai \u00e9s Fizioter\u00e1piai Int\u00e9zetnek. \u2013 <strong>F. m.:<\/strong> Az eg\u00e9szs\u00e9g meg\u0151rz\u00e9se term\u00e9szetes eszk\u00f6z\u00f6kkel (Buk., 1955.). <br \/><strong>Irod.:<\/strong> Berlescu Elene: Enciclopedia de balneo-climatologie a Rom\u00e2niei ed. 2.; Genersich; Liceul Al. Papiu Ilarian<\/br><\/p>\n","protected":false},"excerpt":{"rendered":"<p>Mv., 1907. dec. 30., \u2020 Buk., 1979. m\u00e1rc. 10.\u00a0: orvos, egyetemi tan\u00e1r. \u2013 Mv.-en \u00e9retts\u00e9gizett a Papiu Ilarian L\u00edc.-ban (1926), Dr. doc. a buk-i egyetemen, a Br\u00e2ncoveanu K\u00f3rh\u00e1zban dolgozott, igazgaz\u00f3ja a Balneol\u00f3giai \u00e9s Fizioter\u00e1piai Int\u00e9zetnek. \u2013 F. m.: Az eg\u00e9szs\u00e9g meg\u0151rz\u00e9se term\u00e9szetes eszk\u00f6z\u00f6kkel (Buk., 1955.). Irod.: Berlescu Elene: Enciclopedia de balneo-climatologie a Rom\u00e2niei ed. 2.; [&hellip;]<\/p>\n","protected":false},"featured_media":0,"comment_status":"open","ping_status":"closed","template":"","meta":[],"product_brand":[],"product_cat":[137],"product_tag":[],"class_list":{"0":"post-17070","1":"product","2":"type-product","3":"status-publish","5":"product_cat-maros-megyei-eletrajzi-lexikon","7":"first","8":"instock","9":"shipping-taxable","10":"product-type-simple"},"_links":{"self":[{"href":"https:\/\/uj.adatbank.ro\/lexikon\/wp-json\/wp\/v2\/product\/17070","targetHints":{"allow":["GET"]}}],"collection":[{"href":"https:\/\/uj.adatbank.ro\/lexikon\/wp-json\/wp\/v2\/product"}],"about":[{"href":"https:\/\/uj.adatbank.ro\/lexikon\/wp-json\/wp\/v2\/types\/product"}],"replies":[{"embeddable":true,"href":"https:\/\/uj.adatbank.ro\/lexikon\/wp-json\/wp\/v2\/comments?post=17070"}],"wp:attachment":[{"href":"https:\/\/uj.adatbank.ro\/lexikon\/wp-json\/wp\/v2\/media?parent=17070"}],"wp:term":[{"taxonomy":"product_brand","embeddable":true,"href":"https:\/\/uj.adatbank.ro\/lexikon\/wp-json\/wp\/v2\/product_brand?post=17070"},{"taxonomy":"product_cat","embeddable":true,"href":"https:\/\/uj.adatbank.ro\/lexikon\/wp-json\/wp\/v2\/product_cat?post=17070"},{"taxonomy":"product_tag","embeddable":true,"href":"https:\/\/uj.adatbank.ro\/lexikon\/wp-json\/wp\/v2\/product_tag?post=17070"}],"curies":[{"name":"wp","href":"https:\/\/api.w.org\/{rel}","templated":true}]}}