{"id":17072,"date":"2025-07-15T23:40:08","date_gmt":"2025-07-15T21:40:08","guid":{"rendered":"https:\/\/uj.adatbank.ro\/lexikon\/termek\/opris-gheorghe-%c2%a7\/"},"modified":"2025-07-15T23:40:08","modified_gmt":"2025-07-15T21:40:08","slug":"opris-gheorghe-%c2%a7","status":"publish","type":"product","link":"https:\/\/uj.adatbank.ro\/lexikon\/termek\/opris-gheorghe-%c2%a7\/","title":{"rendered":"OPRI\u015e, Gheorghe, \u00a7"},"content":{"rendered":"<p>Marosszentgy\u00f6rgy, 1912. febr. 17., \u2020\u00a0Marosszentgy\u00f6rgy, 2008. j\u00fan. 19.: polg\u00e1rmester, amat\u0151r fest\u0151, m\u0171kedvel\u0151. \u2013 Elemi iskol\u00e1t \u00e9s gimn\u00e1ziumot a sz\u00fcl\u0151faluban, Mv.-en m\u0171v\u00e9szeti \u00e9s mesteriskol\u00e1t v\u00e9gzett (1929\u201340). Tisztvisel\u0151 volt a mv.-i polg\u00e1rmesteri hivatalban (1930\u201340; 1945\u201348). A m. hadsereg katon\u00e1jak\u00e9nt r\u00e9szt vett a II.vh. harcaiban a keleti fronton. Marosszentgy\u00f6rgy\u00f6n tagja volt a g\u00e1z \u00e9s villany\u00e1ram bevezet\u00e9s\u00e9re alakult bizotts\u00e1gnak (1946\u201347). Alap\u00edt\u00f3tagja a marosszentgy\u00f6rgyi kult\u00farotthonnak (1938). Igazgat\u00f3ja a Megyei Kult\u00farbizotts\u00e1gnak (1948\u201349); Mv. alpolg\u00e1rmestere (1949\u201350); a marosszentgy\u00f6rgyi Kult\u00farotthon igazgat\u00f3ja (1945\u201350); Maros rajon Kult\u00faroszt\u00e1ly\u00e1nak f\u0151n\u00f6ke (1950\u201355); a marosszentgy\u00f6rgyi Mez\u0151gazdas\u00e1gi Sz\u00f6vetkezet eln\u00f6ke (1955\u201364; 1968\u201374), a falu polg\u00e1rmestere (1964\u201368), a falu helyi tan\u00e1cs\u00e1nak k\u00e9pvisel\u0151je (1945\u201389). Nyugd\u00edjaz\u00e1sa ut\u00e1n fogott hozz\u00e1 festeni, szakmai ir\u00e1ny\u00edt\u00e1s, k\u00e9pz\u00e9s n\u00e9lk\u00fcl. 25 egy\u00e9ni t\u00e1rlatot rendezett, a naiv fest\u00f4k r\u00e9sz\u00e9re rendezett 16 csoportos t\u00e1rlaton vett r\u00e9szt. T\u00edz orsz\u00e1gos I-III. d\u00edjat vehetett \u00e1t Buk.-ben, Kv.-on, Botosani-ban \u00e9s Mv.-en (l977- 2000).Tagja a Marosmegyei K\u00e9pz\u0151m\u0171v\u00e9szek Sz\u00f6vets\u00e9g\u00e9nek (1977\u2013) T\u00f6bb nemzetk\u00f6zi ki\u00e1ll\u00edt\u00e1son is r\u00e9szt vett, ahol d\u00edjakat nyert. Gyermekkora \u00f3ta \u00e9rdekelte a t\u00f6rt\u00e9nelem, k\u00fcl\u00f6n\u00f6sen sz\u00fcl\u0151f\u00f6ldje t\u00f6rt\u00e9nete. Fest\u0151k\u00e9nt megalkotta Marosszentgy\u00f6rgy kr\u00f3nik\u00e1j\u00e1t. Munk\u00e1ra mozgos\u00edtotta a falu rom\u00e1n lak\u00f3it a ref. templom \u00e9s a r. k. par\u00f3chia \u00e9p\u00edt\u00e9sekor. A M\u00fakedvel\u0151 K\u00e9pz\u0151m\u0171v\u00e9szek Egyes\u00fclete meg\u00fcnnepelte \u00e9let\u00e9nek 90., alkot\u00f3i p\u00e1ly\u00e1j\u00e1nak 25. \u00e9vfordul\u00f3j\u00e1t (2002. febr.)- <strong>F. m.:<\/strong> <strong>t\u00e1rssz.:<\/strong> Die naive Kunst Rum\u00e4niens and einige Reiseerlebnisse \/ Herbert Wiesner (Tg. M., 2002); <strong>F. ki\u00e1ll.:<\/strong> Marosszentgy\u00f6rgy (1977, 1979, 1981, 1984, 1985); Mv. (1987, 1988, 1996. nov. 1\u201315, 2007. febr. 14 Cronica pictat\u0103 az Etnogr\u00e1fiai M\u00fazeumban); kollektiv: Mv., Buk., Boto\u015fani, Pite\u015fti, Szatm\u00e1rn\u00e9meti, Kv. (1977\u201396). \u00c9rdemdiplom\u00e1t \u00e9s 3. helyez\u00e9st nyert a buk.-i Nemzetk\u00f6zi Naiv M\u0171v\u00e9szeti Szalonon (2003). <br \/><strong>Irod.:<\/strong> APM; Bob de rou\u0103 (8\/ 1999\u20132000); Borda, Dorin \u2013 Romeo, Soare: Galaxia valorilor (Tg. M., 2007); C.l. (1998. nov. 19.; 2002. febr. 15.; 2004. m\u00e1rc. 19); J\u00e1ray Fekete Katalin: Jubil\u00e1l\u00f3 naiv fest\u0151 (N\u00fa., 2002., febr. 19); K\u00f6rtesi Zsuzs\u00e1nna: Regulamentele ora\u015fului liber regesc T\u00eergu-Mure\u015f referitoare la prostitu\u0163ie = Eml\u00e9kk. Szab\u00f3 Mikl\u00f3s; Opri\u015f; Opri\u015f 2001; Opri\u015f 2018; S\u00e2ngeorgiu de Mure\u015f; Todea 2013<\/br><\/p>\n","protected":false},"excerpt":{"rendered":"<p>Marosszentgy\u00f6rgy, 1912. febr. 17., \u2020\u00a0Marosszentgy\u00f6rgy, 2008. j\u00fan. 19.: polg\u00e1rmester, amat\u0151r fest\u0151, m\u0171kedvel\u0151. \u2013 Elemi iskol\u00e1t \u00e9s gimn\u00e1ziumot a sz\u00fcl\u0151faluban, Mv.-en m\u0171v\u00e9szeti \u00e9s mesteriskol\u00e1t v\u00e9gzett (1929\u201340). Tisztvisel\u0151 volt a mv.-i polg\u00e1rmesteri hivatalban (1930\u201340; 1945\u201348). A m. hadsereg katon\u00e1jak\u00e9nt r\u00e9szt vett a II.vh. harcaiban a keleti fronton. Marosszentgy\u00f6rgy\u00f6n tagja volt a g\u00e1z \u00e9s villany\u00e1ram bevezet\u00e9s\u00e9re alakult bizotts\u00e1gnak [&hellip;]<\/p>\n","protected":false},"featured_media":0,"comment_status":"open","ping_status":"closed","template":"","meta":[],"product_brand":[],"product_cat":[137],"product_tag":[],"class_list":{"0":"post-17072","1":"product","2":"type-product","3":"status-publish","5":"product_cat-maros-megyei-eletrajzi-lexikon","7":"first","8":"instock","9":"shipping-taxable","10":"product-type-simple"},"_links":{"self":[{"href":"https:\/\/uj.adatbank.ro\/lexikon\/wp-json\/wp\/v2\/product\/17072","targetHints":{"allow":["GET"]}}],"collection":[{"href":"https:\/\/uj.adatbank.ro\/lexikon\/wp-json\/wp\/v2\/product"}],"about":[{"href":"https:\/\/uj.adatbank.ro\/lexikon\/wp-json\/wp\/v2\/types\/product"}],"replies":[{"embeddable":true,"href":"https:\/\/uj.adatbank.ro\/lexikon\/wp-json\/wp\/v2\/comments?post=17072"}],"wp:attachment":[{"href":"https:\/\/uj.adatbank.ro\/lexikon\/wp-json\/wp\/v2\/media?parent=17072"}],"wp:term":[{"taxonomy":"product_brand","embeddable":true,"href":"https:\/\/uj.adatbank.ro\/lexikon\/wp-json\/wp\/v2\/product_brand?post=17072"},{"taxonomy":"product_cat","embeddable":true,"href":"https:\/\/uj.adatbank.ro\/lexikon\/wp-json\/wp\/v2\/product_cat?post=17072"},{"taxonomy":"product_tag","embeddable":true,"href":"https:\/\/uj.adatbank.ro\/lexikon\/wp-json\/wp\/v2\/product_tag?post=17072"}],"curies":[{"name":"wp","href":"https:\/\/api.w.org\/{rel}","templated":true}]}}

OPRIŞ, Gheorghe, §

<p>Marosszentgyörgy, 1912. febr. 17., † Marosszentgyörgy, 2008. jún. 19.: polgármester, amatőr festő, műkedvelő. – Elemi iskolát és gimnáziumot a szülőfaluban, Mv.-en művészeti és mesteriskolát végzett (1929–40). Tisztviselő volt a mv.-i polgármesteri hivatalban (1930–40; 1945–48). A m. hadsereg katonájaként részt vett a II.vh. harcaiban a keleti fronton. Marosszentgyörgyön tagja volt a gáz és villanyáram bevezetésére alakult bizottságnak (1946–47). Alapítótagja a marosszentgyörgyi kultúrotthonnak (1938). Igazgatója a Megyei Kultúrbizottságnak (1948–49); Mv. alpolgármestere (1949–50); a marosszentgyörgyi Kultúrotthon igazgatója (1945–50); Maros rajon Kultúrosztályának főnöke (1950–55); a marosszentgyörgyi Mezőgazdasági Szövetkezet elnöke (1955–64; 1968–74), a falu polgármestere (1964–68), a falu helyi tanácsának képviselője (1945–89). Nyugdíjazása után fogott hozzá festeni, szakmai irányítás, képzés nélkül. 25 egyéni tárlatot rendezett, a naiv festôk részére rendezett 16 csoportos tárlaton vett részt. Tíz országos I-III. díjat vehetett át Buk.-ben, Kv.-on, Botosani-ban és Mv.-en (l977- 2000).Tagja a Marosmegyei Képzőművészek Szövetségének (1977–) Több nemzetközi kiállításon is részt vett, ahol díjakat nyert. Gyermekkora óta érdekelte a történelem, különösen szülőföldje története. Festőként megalkotta Marosszentgyörgy krónikáját. Munkára mozgosította a falu román lakóit a ref. templom és a r. k. paróchia építésekor. A Múkedvelő Képzőművészek Egyesülete megünnepelte életének 90., alkotói pályájának 25. évfordulóját (2002. febr.)- <strong>F. m.:</strong> <strong>társsz.:</strong> Die naive Kunst Rumäniens and einige Reiseerlebnisse / Herbert Wiesner (Tg. M., 2002); <strong>F. kiáll.:</strong> Marosszentgyörgy (1977, 1979, 1981, 1984, 1985); Mv. (1987, 1988, 1996. nov. 1–15, 2007. febr. 14 Cronica pictată az Etnográfiai Múzeumban); kollektiv: Mv., Buk., Botoşani, Piteşti, Szatmárnémeti, Kv. (1977–96). Érdemdiplomát és 3. helyezést nyert a buk.-i Nemzetközi Naiv Művészeti Szalonon (2003). <br /><strong>Irod.:</strong> APM; Bob de rouă (8/ 1999–2000); Borda, Dorin – Romeo, Soare: Galaxia valorilor (Tg. M., 2007); C.l. (1998. nov. 19.; 2002. febr. 15.; 2004. márc. 19); Járay Fekete Katalin: Jubiláló naiv festő (Nú., 2002., febr. 19); Körtesi Zsuzsánna: Regulamentele oraşului liber regesc Tîrgu-Mureş referitoare la prostituţie = Emlékk. Szabó Miklós; Opriş; Opriş 2001; Opriş 2018; Sângeorgiu de Mureş; Todea 2013</br></p>

<p>Marosszentgyörgy, 1912. febr. 17., † Marosszentgyörgy, 2008. jún. 19.: polgármester, amatőr festő, műkedvelő. – Elemi iskolát és gimnáziumot a szülőfaluban, Mv.-en művészeti és mesteriskolát végzett (1929–40). Tisztviselő volt a mv.-i polgármesteri hivatalban (1930–40; 1945–48). A m. hadsereg katonájaként részt vett a II.vh. harcaiban a keleti fronton. Marosszentgyörgyön tagja volt a gáz és villanyáram bevezetésére alakult bizottságnak [&hellip;]</p>
